--
-- Host: 192.168.10.10    Database: luxury
-- ------------------------------------------------------


--
-- Table structure for table `wp_actionscheduler_actions`
--

CREATE TABLE `wp_actionscheduler_actions` (
  `action_id` bigint(20) unsigned NOT NULL AUTO_INCREMENT,
  `hook` varchar(191) COLLATE utf8mb4_unicode_ci NOT NULL,
  `status` varchar(20) COLLATE utf8mb4_unicode_ci NOT NULL,
  `scheduled_date_gmt` datetime NOT NULL DEFAULT '0000-00-00 00:00:00',
  `scheduled_date_local` datetime NOT NULL DEFAULT '0000-00-00 00:00:00',
  `args` varchar(191) COLLATE utf8mb4_unicode_ci DEFAULT NULL,
  `schedule` longtext COLLATE utf8mb4_unicode_ci,
  `group_id` bigint(20) unsigned NOT NULL DEFAULT '0',
  `attempts` int(11) NOT NULL DEFAULT '0',
  `last_attempt_gmt` datetime NOT NULL DEFAULT '0000-00-00 00:00:00',
  `last_attempt_local` datetime NOT NULL DEFAULT '0000-00-00 00:00:00',
  `claim_id` bigint(20) unsigned NOT NULL DEFAULT '0',
  `extended_args` varchar(8000) COLLATE utf8mb4_unicode_ci DEFAULT NULL,
  PRIMARY KEY (`action_id`),
  KEY `hook` (`hook`),
  KEY `status` (`status`),
  KEY `scheduled_date_gmt` (`scheduled_date_gmt`),
  KEY `args` (`args`),
  KEY `group_id` (`group_id`),
  KEY `last_attempt_gmt` (`last_attempt_gmt`),
  KEY `claim_id` (`claim_id`)
) ENGINE=MyISAM AUTO_INCREMENT=66151 DEFAULT CHARSET=utf8mb4 COLLATE=utf8mb4_unicode_ci;

--
-- Dumping data for table `wp_actionscheduler_actions`
--

INSERT INTO `wp_actionscheduler_actions` VALUES (65134,'wc-admin_import_orders','failed','2020-05-20 22:23:53','2020-05-20 22:23:53','[65385]','O:30:\"ActionScheduler_SimpleSchedule\":2:{s:22:\"\0*\0scheduled_timestamp\";i:1590013433;s:41:\"\0ActionScheduler_SimpleSchedule\0timestamp\";i:1590013433;}',5,1,'2020-05-20 22:24:38','2020-05-21 01:24:38',0,NULL),(66054,'action_scheduler/migration_hook','complete','2020-11-23 11:07:11','2020-11-23 11:07:11','[]','O:30:\"ActionScheduler_SimpleSchedule\":2:{s:22:\"\0*\0scheduled_timestamp\";i:1606129631;s:41:\"\0ActionScheduler_SimpleSchedule\0timestamp\";i:1606129631;}',1,1,'2020-11-23 11:07:46','2020-11-23 14:07:46',0,NULL),(66055,'action_scheduler/migration_hook','complete','2020-11-23 11:08:46','2020-11-23 11:08:46','[]','O:30:\"ActionScheduler_SimpleSchedule\":2:{s:22:\"\0*\0scheduled_timestamp\";i:1606129726;s:41:\"\0ActionScheduler_SimpleSchedule\0timestamp\";i:1606129726;}',1,1,'2020-11-23 11:08:53','2020-11-23 14:08:53',0,NULL),(66064,'action_scheduler/migration_hook','complete','2020-11-29 09:54:50','2020-11-29 09:54:50','[]','O:30:\"ActionScheduler_SimpleSchedule\":2:{s:22:\"\0*\0scheduled_timestamp\";i:1606643690;s:41:\"\0ActionScheduler_SimpleSchedule\0timestamp\";i:1606643690;}',1,1,'2020-11-29 09:54:57','2020-11-29 12:54:57',0,NULL),(66065,'action_scheduler/migration_hook','complete','2020-11-29 09:55:57','2020-11-29 09:55:57','[]','O:30:\"ActionScheduler_SimpleSchedule\":2:{s:22:\"\0*\0scheduled_timestamp\";i:1606643757;s:41:\"\0ActionScheduler_SimpleSchedule\0timestamp\";i:1606643757;}',1,1,'2020-11-29 09:56:58','2020-11-29 12:56:58',0,NULL),(66066,'wc-admin_delete_user_customers','complete','2020-11-29 10:03:22','2020-11-29 10:03:22','[45]','O:30:\"ActionScheduler_SimpleSchedule\":2:{s:22:\"\0*\0scheduled_timestamp\";i:1606644202;s:41:\"\0ActionScheduler_SimpleSchedule\0timestamp\";i:1606644202;}',5,1,'2020-11-29 10:03:24','2020-11-29 13:03:24',0,NULL),(66067,'wc-admin_delete_user_customers','complete','2020-11-29 10:03:22','2020-11-29 10:03:22','[46]','O:30:\"ActionScheduler_SimpleSchedule\":2:{s:22:\"\0*\0scheduled_timestamp\";i:1606644202;s:41:\"\0ActionScheduler_SimpleSchedule\0timestamp\";i:1606644202;}',5,1,'2020-11-29 10:03:24','2020-11-29 13:03:24',0,NULL),(66068,'wc-admin_delete_user_customers','complete','2020-11-29 10:03:22','2020-11-29 10:03:22','[48]','O:30:\"ActionScheduler_SimpleSchedule\":2:{s:22:\"\0*\0scheduled_timestamp\";i:1606644202;s:41:\"\0ActionScheduler_SimpleSchedule\0timestamp\";i:1606644202;}',5,1,'2020-11-29 10:03:24','2020-11-29 13:03:24',0,NULL),(66078,'wc-admin_import_orders','complete','2020-12-02 12:12:58','2020-12-02 12:12:58','[88843]','O:30:\"ActionScheduler_SimpleSchedule\":2:{s:22:\"\0*\0scheduled_timestamp\";i:1606911178;s:41:\"\0ActionScheduler_SimpleSchedule\0timestamp\";i:1606911178;}',5,1,'2020-12-02 12:13:12','2020-12-02 15:13:12',0,NULL),(66079,'wc-admin_import_orders','complete','2020-12-02 12:12:58','2020-12-02 12:12:58','[88839]','O:30:\"ActionScheduler_SimpleSchedule\":2:{s:22:\"\0*\0scheduled_timestamp\";i:1606911178;s:41:\"\0ActionScheduler_SimpleSchedule\0timestamp\";i:1606911178;}',5,1,'2020-12-02 12:13:12','2020-12-02 15:13:12',0,NULL),(66080,'wc-admin_import_orders','complete','2020-12-02 12:12:58','2020-12-02 12:12:58','[88838]','O:30:\"ActionScheduler_SimpleSchedule\":2:{s:22:\"\0*\0scheduled_timestamp\";i:1606911178;s:41:\"\0ActionScheduler_SimpleSchedule\0timestamp\";i:1606911178;}',5,1,'2020-12-02 12:13:12','2020-12-02 15:13:12',0,NULL),(66081,'wc-admin_import_orders','complete','2020-12-02 12:12:58','2020-12-02 12:12:58','[88834]','O:30:\"ActionScheduler_SimpleSchedule\":2:{s:22:\"\0*\0scheduled_timestamp\";i:1606911178;s:41:\"\0ActionScheduler_SimpleSchedule\0timestamp\";i:1606911178;}',5,1,'2020-12-02 12:13:12','2020-12-02 15:13:12',0,NULL),(66082,'wc-admin_import_orders','complete','2020-12-02 12:12:58','2020-12-02 12:12:58','[88832]','O:30:\"ActionScheduler_SimpleSchedule\":2:{s:22:\"\0*\0scheduled_timestamp\";i:1606911178;s:41:\"\0ActionScheduler_SimpleSchedule\0timestamp\";i:1606911178;}',5,1,'2020-12-02 12:13:12','2020-12-02 15:13:12',0,NULL),(66083,'wc-admin_import_orders','complete','2020-12-02 12:12:58','2020-12-02 12:12:58','[88816]','O:30:\"ActionScheduler_SimpleSchedule\":2:{s:22:\"\0*\0scheduled_timestamp\";i:1606911178;s:41:\"\0ActionScheduler_SimpleSchedule\0timestamp\";i:1606911178;}',5,1,'2020-12-02 12:13:12','2020-12-02 15:13:12',0,NULL),(66076,'wc-admin_import_orders','complete','2020-12-02 12:12:58','2020-12-02 12:12:58','[88870]','O:30:\"ActionScheduler_SimpleSchedule\":2:{s:22:\"\0*\0scheduled_timestamp\";i:1606911178;s:41:\"\0ActionScheduler_SimpleSchedule\0timestamp\";i:1606911178;}',5,1,'2020-12-02 12:13:12','2020-12-02 15:13:12',0,NULL),(66077,'wc-admin_import_orders','complete','2020-12-02 12:12:58','2020-12-02 12:12:58','[88844]','O:30:\"ActionScheduler_SimpleSchedule\":2:{s:22:\"\0*\0scheduled_timestamp\";i:1606911178;s:41:\"\0ActionScheduler_SimpleSchedule\0timestamp\";i:1606911178;}',5,1,'2020-12-02 12:13:12','2020-12-02 15:13:12',0,NULL),(66072,'wc-admin_import_orders','complete','2020-12-02 12:12:57','2020-12-02 12:12:57','[88876]','O:30:\"ActionScheduler_SimpleSchedule\":2:{s:22:\"\0*\0scheduled_timestamp\";i:1606911177;s:41:\"\0ActionScheduler_SimpleSchedule\0timestamp\";i:1606911177;}',5,1,'2020-12-02 12:13:12','2020-12-02 15:13:12',0,NULL),(66073,'wc-admin_import_orders','complete','2020-12-02 12:12:57','2020-12-02 12:12:57','[88874]','O:30:\"ActionScheduler_SimpleSchedule\":2:{s:22:\"\0*\0scheduled_timestamp\";i:1606911177;s:41:\"\0ActionScheduler_SimpleSchedule\0timestamp\";i:1606911177;}',5,1,'2020-12-02 12:13:12','2020-12-02 15:13:12',0,NULL),(66074,'wc-admin_import_orders','complete','2020-12-02 12:12:57','2020-12-02 12:12:57','[88873]','O:30:\"ActionScheduler_SimpleSchedule\":2:{s:22:\"\0*\0scheduled_timestamp\";i:1606911177;s:41:\"\0ActionScheduler_SimpleSchedule\0timestamp\";i:1606911177;}',5,1,'2020-12-02 12:13:12','2020-12-02 15:13:12',0,NULL),(66075,'wc-admin_import_orders','complete','2020-12-02 12:12:57','2020-12-02 12:12:57','[88871]','O:30:\"ActionScheduler_SimpleSchedule\":2:{s:22:\"\0*\0scheduled_timestamp\";i:1606911177;s:41:\"\0ActionScheduler_SimpleSchedule\0timestamp\";i:1606911177;}',5,1,'2020-12-02 12:13:12','2020-12-02 15:13:12',0,NULL),(65633,'woocommerce_cleanup_draft_orders','failed','2020-07-20 21:08:50','2020-07-20 21:08:50','[]','O:32:\"ActionScheduler_IntervalSchedule\":5:{s:22:\"\0*\0scheduled_timestamp\";i:1595279330;s:18:\"\0*\0first_timestamp\";i:1594914973;s:13:\"\0*\0recurrence\";i:86400;s:49:\"\0ActionScheduler_IntervalSchedule\0start_timestamp\";i:1595279330;s:53:\"\0ActionScheduler_IntervalSchedule\0interval_in_seconds\";i:86400;}',0,1,'2020-07-20 02:45:18','2020-07-20 05:45:18',0,NULL),(66071,'wc-admin_import_orders','complete','2020-12-02 12:12:57','2020-12-02 12:12:57','[88877]','O:30:\"ActionScheduler_SimpleSchedule\":2:{s:22:\"\0*\0scheduled_timestamp\";i:1606911177;s:41:\"\0ActionScheduler_SimpleSchedule\0timestamp\";i:1606911177;}',5,1,'2020-12-02 12:13:13','2020-12-02 15:13:13',0,NULL),(66070,'wc-admin_import_orders','complete','2020-12-02 12:12:57','2020-12-02 12:12:57','[88882]','O:30:\"ActionScheduler_SimpleSchedule\":2:{s:22:\"\0*\0scheduled_timestamp\";i:1606911177;s:41:\"\0ActionScheduler_SimpleSchedule\0timestamp\";i:1606911177;}',5,1,'2020-12-02 12:13:13','2020-12-02 15:13:13',0,NULL),(66069,'wc-admin_import_orders','complete','2020-12-02 12:12:57','2020-12-02 12:12:57','[88883]','O:30:\"ActionScheduler_SimpleSchedule\":2:{s:22:\"\0*\0scheduled_timestamp\";i:1606911177;s:41:\"\0ActionScheduler_SimpleSchedule\0timestamp\";i:1606911177;}',5,1,'2020-12-02 12:13:13','2020-12-02 15:13:13',0,NULL),(66056,'action_scheduler/migration_hook','complete','2020-11-23 11:31:33','2020-11-23 11:31:33','[]','O:30:\"ActionScheduler_SimpleSchedule\":2:{s:22:\"\0*\0scheduled_timestamp\";i:1606131093;s:41:\"\0ActionScheduler_SimpleSchedule\0timestamp\";i:1606131093;}',1,1,'2020-11-23 11:31:55','2020-11-23 14:31:55',0,NULL),(66057,'action_scheduler/migration_hook','complete','2020-11-23 11:32:55','2020-11-23 11:32:55','[]','O:30:\"ActionScheduler_SimpleSchedule\":2:{s:22:\"\0*\0scheduled_timestamp\";i:1606131175;s:41:\"\0ActionScheduler_SimpleSchedule\0timestamp\";i:1606131175;}',1,1,'2020-11-23 11:33:02','2020-11-23 14:33:02',0,NULL),(66058,'action_scheduler/migration_hook','complete','2020-11-23 19:01:47','2020-11-23 19:01:47','[]','O:30:\"ActionScheduler_SimpleSchedule\":2:{s:22:\"\0*\0scheduled_timestamp\";i:1606158107;s:41:\"\0ActionScheduler_SimpleSchedule\0timestamp\";i:1606158107;}',1,1,'2020-11-23 19:02:29','2020-11-23 22:02:29',0,NULL),(66059,'action_scheduler/migration_hook','complete','2020-11-23 19:03:35','2020-11-23 19:03:35','[]','O:30:\"ActionScheduler_SimpleSchedule\":2:{s:22:\"\0*\0scheduled_timestamp\";i:1606158215;s:41:\"\0ActionScheduler_SimpleSchedule\0timestamp\";i:1606158215;}',1,1,'2020-11-23 19:04:17','2020-11-23 22:04:17',0,NULL),(66060,'action_scheduler/migration_hook','complete','2020-11-24 10:57:40','2020-11-24 10:57:40','[]','O:30:\"ActionScheduler_SimpleSchedule\":2:{s:22:\"\0*\0scheduled_timestamp\";i:1606215460;s:41:\"\0ActionScheduler_SimpleSchedule\0timestamp\";i:1606215460;}',1,1,'2020-11-24 10:57:48','2020-11-24 13:57:48',0,NULL),(66061,'action_scheduler/migration_hook','complete','2020-11-24 11:01:34','2020-11-24 11:01:34','[]','O:30:\"ActionScheduler_SimpleSchedule\":2:{s:22:\"\0*\0scheduled_timestamp\";i:1606215694;s:41:\"\0ActionScheduler_SimpleSchedule\0timestamp\";i:1606215694;}',1,1,'2020-11-24 11:01:44','2020-11-24 14:01:44',0,NULL),(66062,'action_scheduler/migration_hook','complete','2020-11-24 13:30:45','2020-11-24 13:30:45','[]','O:30:\"ActionScheduler_SimpleSchedule\":2:{s:22:\"\0*\0scheduled_timestamp\";i:1606224645;s:41:\"\0ActionScheduler_SimpleSchedule\0timestamp\";i:1606224645;}',1,1,'2020-11-24 13:30:48','2020-11-24 16:30:48',0,NULL),(66063,'action_scheduler/migration_hook','complete','2020-11-24 14:10:03','2020-11-24 14:10:03','[]','O:30:\"ActionScheduler_SimpleSchedule\":2:{s:22:\"\0*\0scheduled_timestamp\";i:1606227003;s:41:\"\0ActionScheduler_SimpleSchedule\0timestamp\";i:1606227003;}',1,1,'2020-11-24 14:10:49','2020-11-24 17:10:49',0,NULL),(66084,'wc-admin_import_orders','complete','2020-12-02 12:12:58','2020-12-02 12:12:58','[88815]','O:30:\"ActionScheduler_SimpleSchedule\":2:{s:22:\"\0*\0scheduled_timestamp\";i:1606911178;s:41:\"\0ActionScheduler_SimpleSchedule\0timestamp\";i:1606911178;}',5,1,'2020-12-02 12:13:13','2020-12-02 15:13:13',0,NULL),(66085,'wc-admin_import_orders','complete','2020-12-02 12:12:58','2020-12-02 12:12:58','[88803]','O:30:\"ActionScheduler_SimpleSchedule\":2:{s:22:\"\0*\0scheduled_timestamp\";i:1606911178;s:41:\"\0ActionScheduler_SimpleSchedule\0timestamp\";i:1606911178;}',5,1,'2020-12-02 12:13:13','2020-12-02 15:13:13',0,NULL),(66086,'wc-admin_import_orders','complete','2020-12-02 12:12:58','2020-12-02 12:12:58','[88802]','O:30:\"ActionScheduler_SimpleSchedule\":2:{s:22:\"\0*\0scheduled_timestamp\";i:1606911178;s:41:\"\0ActionScheduler_SimpleSchedule\0timestamp\";i:1606911178;}',5,1,'2020-12-02 12:13:13','2020-12-02 15:13:13',0,NULL),(66087,'wc-admin_import_orders','complete','2020-12-02 12:12:58','2020-12-02 12:12:58','[88797]','O:30:\"ActionScheduler_SimpleSchedule\":2:{s:22:\"\0*\0scheduled_timestamp\";i:1606911178;s:41:\"\0ActionScheduler_SimpleSchedule\0timestamp\";i:1606911178;}',5,1,'2020-12-02 12:13:13','2020-12-02 15:13:13',0,NULL),(66088,'wc-admin_import_orders','complete','2020-12-02 12:12:58','2020-12-02 12:12:58','[88796]','O:30:\"ActionScheduler_SimpleSchedule\":2:{s:22:\"\0*\0scheduled_timestamp\";i:1606911178;s:41:\"\0ActionScheduler_SimpleSchedule\0timestamp\";i:1606911178;}',5,1,'2020-12-02 12:13:13','2020-12-02 15:13:13',0,NULL),(66089,'wc-admin_import_orders','complete','2020-12-02 12:13:04','2020-12-02 12:13:04','[88782]','O:30:\"ActionScheduler_SimpleSchedule\":2:{s:22:\"\0*\0scheduled_timestamp\";i:1606911184;s:41:\"\0ActionScheduler_SimpleSchedule\0timestamp\";i:1606911184;}',5,1,'2020-12-02 12:13:13','2020-12-02 15:13:13',0,NULL),(66090,'wc-admin_import_orders','complete','2020-12-02 12:13:04','2020-12-02 12:13:04','[88781]','O:30:\"ActionScheduler_SimpleSchedule\":2:{s:22:\"\0*\0scheduled_timestamp\";i:1606911184;s:41:\"\0ActionScheduler_SimpleSchedule\0timestamp\";i:1606911184;}',5,1,'2020-12-02 12:13:13','2020-12-02 15:13:13',0,NULL),(66091,'wc-admin_import_orders','complete','2020-12-02 12:13:04','2020-12-02 12:13:04','[88745]','O:30:\"ActionScheduler_SimpleSchedule\":2:{s:22:\"\0*\0scheduled_timestamp\";i:1606911184;s:41:\"\0ActionScheduler_SimpleSchedule\0timestamp\";i:1606911184;}',5,1,'2020-12-02 12:13:13','2020-12-02 15:13:13',0,NULL),(66092,'wc-admin_import_orders','complete','2020-12-02 12:13:04','2020-12-02 12:13:04','[88740]','O:30:\"ActionScheduler_SimpleSchedule\":2:{s:22:\"\0*\0scheduled_timestamp\";i:1606911184;s:41:\"\0ActionScheduler_SimpleSchedule\0timestamp\";i:1606911184;}',5,1,'2020-12-02 12:13:13','2020-12-02 15:13:13',0,NULL),(66093,'wc-admin_import_orders','complete','2020-12-02 12:13:04','2020-12-02 12:13:04','[88698]','O:30:\"ActionScheduler_SimpleSchedule\":2:{s:22:\"\0*\0scheduled_timestamp\";i:1606911184;s:41:\"\0ActionScheduler_SimpleSchedule\0timestamp\";i:1606911184;}',5,1,'2020-12-02 12:13:13','2020-12-02 15:13:13',0,NULL),(66094,'wc-admin_import_orders','complete','2020-12-02 12:13:04','2020-12-02 12:13:04','[88697]','O:30:\"ActionScheduler_SimpleSchedule\":2:{s:22:\"\0*\0scheduled_timestamp\";i:1606911184;s:41:\"\0ActionScheduler_SimpleSchedule\0timestamp\";i:1606911184;}',5,1,'2020-12-02 12:13:13','2020-12-02 15:13:13',0,NULL),(66095,'wc-admin_import_orders','complete','2020-12-02 12:13:04','2020-12-02 12:13:04','[88695]','O:30:\"ActionScheduler_SimpleSchedule\":2:{s:22:\"\0*\0scheduled_timestamp\";i:1606911184;s:41:\"\0ActionScheduler_SimpleSchedule\0timestamp\";i:1606911184;}',5,1,'2020-12-02 12:13:13','2020-12-02 15:13:13',0,NULL),(66096,'wc-admin_import_orders','complete','2020-12-02 12:13:04','2020-12-02 12:13:04','[88694]','O:30:\"ActionScheduler_SimpleSchedule\":2:{s:22:\"\0*\0scheduled_timestamp\";i:1606911184;s:41:\"\0ActionScheduler_SimpleSchedule\0timestamp\";i:1606911184;}',5,1,'2020-12-02 12:13:13','2020-12-02 15:13:13',0,NULL),(66097,'wc-admin_import_orders','complete','2020-12-02 12:13:05','2020-12-02 12:13:05','[88692]','O:30:\"ActionScheduler_SimpleSchedule\":2:{s:22:\"\0*\0scheduled_timestamp\";i:1606911185;s:41:\"\0ActionScheduler_SimpleSchedule\0timestamp\";i:1606911185;}',5,1,'2020-12-02 12:13:13','2020-12-02 15:13:13',0,NULL),(66098,'wc-admin_import_orders','complete','2020-12-02 12:13:05','2020-12-02 12:13:05','[88691]','O:30:\"ActionScheduler_SimpleSchedule\":2:{s:22:\"\0*\0scheduled_timestamp\";i:1606911185;s:41:\"\0ActionScheduler_SimpleSchedule\0timestamp\";i:1606911185;}',5,1,'2020-12-02 12:13:13','2020-12-02 15:13:13',0,NULL),(66099,'wc-admin_import_orders','complete','2020-12-02 12:13:05','2020-12-02 12:13:05','[88690]','O:30:\"ActionScheduler_SimpleSchedule\":2:{s:22:\"\0*\0scheduled_timestamp\";i:1606911185;s:41:\"\0ActionScheduler_SimpleSchedule\0timestamp\";i:1606911185;}',5,1,'2020-12-02 12:13:13','2020-12-02 15:13:13',0,NULL),(66100,'wc-admin_import_orders','complete','2020-12-02 12:13:05','2020-12-02 12:13:05','[88688]','O:30:\"ActionScheduler_SimpleSchedule\":2:{s:22:\"\0*\0scheduled_timestamp\";i:1606911185;s:41:\"\0ActionScheduler_SimpleSchedule\0timestamp\";i:1606911185;}',5,1,'2020-12-02 12:13:13','2020-12-02 15:13:13',0,NULL),(66101,'wc-admin_import_orders','complete','2020-12-02 12:13:05','2020-12-02 12:13:05','[88687]','O:30:\"ActionScheduler_SimpleSchedule\":2:{s:22:\"\0*\0scheduled_timestamp\";i:1606911185;s:41:\"\0ActionScheduler_SimpleSchedule\0timestamp\";i:1606911185;}',5,1,'2020-12-02 12:13:14','2020-12-02 15:13:14',0,NULL),(66102,'wc-admin_import_orders','complete','2020-12-02 12:13:05','2020-12-02 12:13:05','[88686]','O:30:\"ActionScheduler_SimpleSchedule\":2:{s:22:\"\0*\0scheduled_timestamp\";i:1606911185;s:41:\"\0ActionScheduler_SimpleSchedule\0timestamp\";i:1606911185;}',5,1,'2020-12-02 12:13:14','2020-12-02 15:13:14',0,NULL),(66103,'wc-admin_import_orders','complete','2020-12-02 12:13:05','2020-12-02 12:13:05','[88685]','O:30:\"ActionScheduler_SimpleSchedule\":2:{s:22:\"\0*\0scheduled_timestamp\";i:1606911185;s:41:\"\0ActionScheduler_SimpleSchedule\0timestamp\";i:1606911185;}',5,1,'2020-12-02 12:13:14','2020-12-02 15:13:14',0,NULL),(66104,'wc-admin_import_orders','complete','2020-12-02 12:13:05','2020-12-02 12:13:05','[66093]','O:30:\"ActionScheduler_SimpleSchedule\":2:{s:22:\"\0*\0scheduled_timestamp\";i:1606911185;s:41:\"\0ActionScheduler_SimpleSchedule\0timestamp\";i:1606911185;}',5,1,'2020-12-02 12:13:14','2020-12-02 15:13:14',0,NULL),(66105,'wc-admin_import_orders','complete','2020-12-02 12:13:05','2020-12-02 12:13:05','[66092]','O:30:\"ActionScheduler_SimpleSchedule\":2:{s:22:\"\0*\0scheduled_timestamp\";i:1606911185;s:41:\"\0ActionScheduler_SimpleSchedule\0timestamp\";i:1606911185;}',5,1,'2020-12-02 12:13:14','2020-12-02 15:13:14',0,NULL),(66106,'wc-admin_import_orders','complete','2020-12-02 12:13:05','2020-12-02 12:13:05','[66091]','O:30:\"ActionScheduler_SimpleSchedule\":2:{s:22:\"\0*\0scheduled_timestamp\";i:1606911185;s:41:\"\0ActionScheduler_SimpleSchedule\0timestamp\";i:1606911185;}',5,1,'2020-12-02 12:13:14','2020-12-02 15:13:14',0,NULL),(66107,'wc-admin_import_orders','complete','2020-12-02 12:13:15','2020-12-02 12:13:15','[91477]','O:30:\"ActionScheduler_SimpleSchedule\":2:{s:22:\"\0*\0scheduled_timestamp\";i:1606911195;s:41:\"\0ActionScheduler_SimpleSchedule\0timestamp\";i:1606911195;}',5,1,'2020-12-02 12:13:20','2020-12-02 15:13:20',0,NULL),(66108,'wc-admin_import_orders','complete','2020-12-02 12:13:51','2020-12-02 12:13:51','[88886]','O:30:\"ActionScheduler_SimpleSchedule\":2:{s:22:\"\0*\0scheduled_timestamp\";i:1606911231;s:41:\"\0ActionScheduler_SimpleSchedule\0timestamp\";i:1606911231;}',5,1,'2020-12-02 12:14:22','2020-12-02 15:14:22',0,NULL),(66109,'wc-admin_import_orders','complete','2020-12-02 12:13:51','2020-12-02 12:13:51','[88833]','O:30:\"ActionScheduler_SimpleSchedule\":2:{s:22:\"\0*\0scheduled_timestamp\";i:1606911231;s:41:\"\0ActionScheduler_SimpleSchedule\0timestamp\";i:1606911231;}',5,1,'2020-12-02 12:14:22','2020-12-02 15:14:22',0,NULL),(66110,'wc-admin_import_orders','complete','2020-12-02 12:13:51','2020-12-02 12:13:51','[88808]','O:30:\"ActionScheduler_SimpleSchedule\":2:{s:22:\"\0*\0scheduled_timestamp\";i:1606911231;s:41:\"\0ActionScheduler_SimpleSchedule\0timestamp\";i:1606911231;}',5,1,'2020-12-02 12:14:22','2020-12-02 15:14:22',0,NULL),(66111,'wc-admin_import_orders','complete','2020-12-02 12:13:51','2020-12-02 12:13:51','[88809]','O:30:\"ActionScheduler_SimpleSchedule\":2:{s:22:\"\0*\0scheduled_timestamp\";i:1606911231;s:41:\"\0ActionScheduler_SimpleSchedule\0timestamp\";i:1606911231;}',5,1,'2020-12-02 12:14:22','2020-12-02 15:14:22',0,NULL),(66112,'wc-admin_import_orders','complete','2020-12-02 12:13:51','2020-12-02 12:13:51','[88791]','O:30:\"ActionScheduler_SimpleSchedule\":2:{s:22:\"\0*\0scheduled_timestamp\";i:1606911231;s:41:\"\0ActionScheduler_SimpleSchedule\0timestamp\";i:1606911231;}',5,1,'2020-12-02 12:14:22','2020-12-02 15:14:22',0,NULL),(66113,'wc-admin_import_orders','complete','2020-12-02 12:13:51','2020-12-02 12:13:51','[88792]','O:30:\"ActionScheduler_SimpleSchedule\":2:{s:22:\"\0*\0scheduled_timestamp\";i:1606911231;s:41:\"\0ActionScheduler_SimpleSchedule\0timestamp\";i:1606911231;}',5,1,'2020-12-02 12:14:22','2020-12-02 15:14:22',0,NULL),(66114,'wc-admin_import_orders','complete','2020-12-02 12:13:51','2020-12-02 12:13:51','[88786]','O:30:\"ActionScheduler_SimpleSchedule\":2:{s:22:\"\0*\0scheduled_timestamp\";i:1606911231;s:41:\"\0ActionScheduler_SimpleSchedule\0timestamp\";i:1606911231;}',5,1,'2020-12-02 12:14:22','2020-12-02 15:14:22',0,NULL),(66115,'wc-admin_import_orders','complete','2020-12-02 12:13:51','2020-12-02 12:13:51','[88787]','O:30:\"ActionScheduler_SimpleSchedule\":2:{s:22:\"\0*\0scheduled_timestamp\";i:1606911231;s:41:\"\0ActionScheduler_SimpleSchedule\0timestamp\";i:1606911231;}',5,1,'2020-12-02 12:14:22','2020-12-02 15:14:22',0,NULL),(66116,'wc-admin_import_orders','complete','2020-12-02 12:13:51','2020-12-02 12:13:51','[88773]','O:30:\"ActionScheduler_SimpleSchedule\":2:{s:22:\"\0*\0scheduled_timestamp\";i:1606911231;s:41:\"\0ActionScheduler_SimpleSchedule\0timestamp\";i:1606911231;}',5,1,'2020-12-02 12:14:22','2020-12-02 15:14:22',0,NULL),(66117,'wc-admin_import_orders','complete','2020-12-02 12:13:52','2020-12-02 12:13:52','[88774]','O:30:\"ActionScheduler_SimpleSchedule\":2:{s:22:\"\0*\0scheduled_timestamp\";i:1606911232;s:41:\"\0ActionScheduler_SimpleSchedule\0timestamp\";i:1606911232;}',5,1,'2020-12-02 12:14:22','2020-12-02 15:14:22',0,NULL),(66118,'wc-admin_import_orders','complete','2020-12-02 12:13:52','2020-12-02 12:13:52','[88768]','O:30:\"ActionScheduler_SimpleSchedule\":2:{s:22:\"\0*\0scheduled_timestamp\";i:1606911232;s:41:\"\0ActionScheduler_SimpleSchedule\0timestamp\";i:1606911232;}',5,1,'2020-12-02 12:14:22','2020-12-02 15:14:22',0,NULL),(66119,'wc-admin_import_orders','complete','2020-12-02 12:13:52','2020-12-02 12:13:52','[88771]','O:30:\"ActionScheduler_SimpleSchedule\":2:{s:22:\"\0*\0scheduled_timestamp\";i:1606911232;s:41:\"\0ActionScheduler_SimpleSchedule\0timestamp\";i:1606911232;}',5,1,'2020-12-02 12:14:22','2020-12-02 15:14:22',0,NULL),(66120,'wc-admin_import_orders','complete','2020-12-02 12:13:52','2020-12-02 12:13:52','[88751]','O:30:\"ActionScheduler_SimpleSchedule\":2:{s:22:\"\0*\0scheduled_timestamp\";i:1606911232;s:41:\"\0ActionScheduler_SimpleSchedule\0timestamp\";i:1606911232;}',5,1,'2020-12-02 12:14:22','2020-12-02 15:14:22',0,NULL),(66121,'wc-admin_import_orders','complete','2020-12-02 12:13:52','2020-12-02 12:13:52','[88758]','O:30:\"ActionScheduler_SimpleSchedule\":2:{s:22:\"\0*\0scheduled_timestamp\";i:1606911232;s:41:\"\0ActionScheduler_SimpleSchedule\0timestamp\";i:1606911232;}',5,1,'2020-12-02 12:14:22','2020-12-02 15:14:22',0,NULL),(66122,'wc-admin_import_orders','complete','2020-12-02 12:13:52','2020-12-02 12:13:52','[88736]','O:30:\"ActionScheduler_SimpleSchedule\":2:{s:22:\"\0*\0scheduled_timestamp\";i:1606911232;s:41:\"\0ActionScheduler_SimpleSchedule\0timestamp\";i:1606911232;}',5,1,'2020-12-02 12:14:22','2020-12-02 15:14:22',0,NULL),(66123,'wc-admin_import_orders','complete','2020-12-02 12:13:52','2020-12-02 12:13:52','[88737]','O:30:\"ActionScheduler_SimpleSchedule\":2:{s:22:\"\0*\0scheduled_timestamp\";i:1606911232;s:41:\"\0ActionScheduler_SimpleSchedule\0timestamp\";i:1606911232;}',5,1,'2020-12-02 12:14:22','2020-12-02 15:14:22',0,NULL),(66124,'wc-admin_import_orders','complete','2020-12-02 12:13:52','2020-12-02 12:13:52','[88733]','O:30:\"ActionScheduler_SimpleSchedule\":2:{s:22:\"\0*\0scheduled_timestamp\";i:1606911232;s:41:\"\0ActionScheduler_SimpleSchedule\0timestamp\";i:1606911232;}',5,1,'2020-12-02 12:14:22','2020-12-02 15:14:22',0,NULL),(66125,'wc-admin_import_orders','complete','2020-12-02 12:13:52','2020-12-02 12:13:52','[88734]','O:30:\"ActionScheduler_SimpleSchedule\":2:{s:22:\"\0*\0scheduled_timestamp\";i:1606911232;s:41:\"\0ActionScheduler_SimpleSchedule\0timestamp\";i:1606911232;}',5,1,'2020-12-02 12:14:22','2020-12-02 15:14:22',0,NULL),(66126,'wc-admin_import_orders','complete','2020-12-02 12:13:52','2020-12-02 12:13:52','[88730]','O:30:\"ActionScheduler_SimpleSchedule\":2:{s:22:\"\0*\0scheduled_timestamp\";i:1606911232;s:41:\"\0ActionScheduler_SimpleSchedule\0timestamp\";i:1606911232;}',5,1,'2020-12-02 12:14:22','2020-12-02 15:14:22',0,NULL),(66127,'wc-admin_import_orders','complete','2020-12-02 12:13:52','2020-12-02 12:13:52','[88749]','O:30:\"ActionScheduler_SimpleSchedule\":2:{s:22:\"\0*\0scheduled_timestamp\";i:1606911232;s:41:\"\0ActionScheduler_SimpleSchedule\0timestamp\";i:1606911232;}',5,1,'2020-12-02 12:14:22','2020-12-02 15:14:22',0,NULL),(66128,'wc-admin_import_orders','complete','2020-12-02 12:13:57','2020-12-02 12:13:57','[88728]','O:30:\"ActionScheduler_SimpleSchedule\":2:{s:22:\"\0*\0scheduled_timestamp\";i:1606911237;s:41:\"\0ActionScheduler_SimpleSchedule\0timestamp\";i:1606911237;}',5,1,'2020-12-02 12:14:22','2020-12-02 15:14:22',0,NULL),(66129,'wc-admin_import_orders','complete','2020-12-02 12:13:57','2020-12-02 12:13:57','[88727]','O:30:\"ActionScheduler_SimpleSchedule\":2:{s:22:\"\0*\0scheduled_timestamp\";i:1606911237;s:41:\"\0ActionScheduler_SimpleSchedule\0timestamp\";i:1606911237;}',5,1,'2020-12-02 12:14:22','2020-12-02 15:14:22',0,NULL),(66130,'wc-admin_import_orders','complete','2020-12-02 12:13:57','2020-12-02 12:13:57','[88724]','O:30:\"ActionScheduler_SimpleSchedule\":2:{s:22:\"\0*\0scheduled_timestamp\";i:1606911237;s:41:\"\0ActionScheduler_SimpleSchedule\0timestamp\";i:1606911237;}',5,1,'2020-12-02 12:14:22','2020-12-02 15:14:22',0,NULL),(66131,'wc-admin_import_orders','complete','2020-12-02 12:13:58','2020-12-02 12:13:58','[88725]','O:30:\"ActionScheduler_SimpleSchedule\":2:{s:22:\"\0*\0scheduled_timestamp\";i:1606911238;s:41:\"\0ActionScheduler_SimpleSchedule\0timestamp\";i:1606911238;}',5,1,'2020-12-02 12:14:22','2020-12-02 15:14:22',0,NULL),(66132,'wc-admin_import_orders','complete','2020-12-02 12:13:58','2020-12-02 12:13:58','[88721]','O:30:\"ActionScheduler_SimpleSchedule\":2:{s:22:\"\0*\0scheduled_timestamp\";i:1606911238;s:41:\"\0ActionScheduler_SimpleSchedule\0timestamp\";i:1606911238;}',5,1,'2020-12-02 12:14:22','2020-12-02 15:14:22',0,NULL),(66133,'wc-admin_import_orders','complete','2020-12-02 12:13:58','2020-12-02 12:13:58','[88722]','O:30:\"ActionScheduler_SimpleSchedule\":2:{s:22:\"\0*\0scheduled_timestamp\";i:1606911238;s:41:\"\0ActionScheduler_SimpleSchedule\0timestamp\";i:1606911238;}',5,1,'2020-12-02 12:14:22','2020-12-02 15:14:22',0,NULL),(66134,'wc-admin_import_orders','complete','2020-12-02 12:13:58','2020-12-02 12:13:58','[88709]','O:30:\"ActionScheduler_SimpleSchedule\":2:{s:22:\"\0*\0scheduled_timestamp\";i:1606911238;s:41:\"\0ActionScheduler_SimpleSchedule\0timestamp\";i:1606911238;}',5,1,'2020-12-02 12:14:22','2020-12-02 15:14:22',0,NULL),(66135,'wc-admin_import_orders','complete','2020-12-02 12:13:58','2020-12-02 12:13:58','[88710]','O:30:\"ActionScheduler_SimpleSchedule\":2:{s:22:\"\0*\0scheduled_timestamp\";i:1606911238;s:41:\"\0ActionScheduler_SimpleSchedule\0timestamp\";i:1606911238;}',5,1,'2020-12-02 12:14:22','2020-12-02 15:14:22',0,NULL),(66136,'wc-admin_import_orders','complete','2020-12-02 12:13:58','2020-12-02 12:13:58','[88701]','O:30:\"ActionScheduler_SimpleSchedule\":2:{s:22:\"\0*\0scheduled_timestamp\";i:1606911238;s:41:\"\0ActionScheduler_SimpleSchedule\0timestamp\";i:1606911238;}',5,1,'2020-12-02 12:14:22','2020-12-02 15:14:22',0,NULL),(66137,'wc-admin_import_orders','complete','2020-12-02 12:13:58','2020-12-02 12:13:58','[88702]','O:30:\"ActionScheduler_SimpleSchedule\":2:{s:22:\"\0*\0scheduled_timestamp\";i:1606911238;s:41:\"\0ActionScheduler_SimpleSchedule\0timestamp\";i:1606911238;}',5,1,'2020-12-02 12:14:22','2020-12-02 15:14:22',0,NULL),(66138,'wc-admin_import_orders','complete','2020-12-02 12:13:58','2020-12-02 12:13:58','[66095]','O:30:\"ActionScheduler_SimpleSchedule\":2:{s:22:\"\0*\0scheduled_timestamp\";i:1606911238;s:41:\"\0ActionScheduler_SimpleSchedule\0timestamp\";i:1606911238;}',5,1,'2020-12-02 12:14:22','2020-12-02 15:14:22',0,NULL),(66139,'wc-admin_import_orders','complete','2020-12-02 12:13:58','2020-12-02 12:13:58','[66096]','O:30:\"ActionScheduler_SimpleSchedule\":2:{s:22:\"\0*\0scheduled_timestamp\";i:1606911238;s:41:\"\0ActionScheduler_SimpleSchedule\0timestamp\";i:1606911238;}',5,1,'2020-12-02 12:14:22','2020-12-02 15:14:22',0,NULL),(66140,'wc-admin_import_orders','complete','2020-12-02 12:13:58','2020-12-02 12:13:58','[65585]','O:30:\"ActionScheduler_SimpleSchedule\":2:{s:22:\"\0*\0scheduled_timestamp\";i:1606911238;s:41:\"\0ActionScheduler_SimpleSchedule\0timestamp\";i:1606911238;}',5,1,'2020-12-02 12:14:22','2020-12-02 15:14:22',0,NULL),(66141,'wc-admin_import_orders','complete','2020-12-02 12:13:58','2020-12-02 12:13:58','[65586]','O:30:\"ActionScheduler_SimpleSchedule\":2:{s:22:\"\0*\0scheduled_timestamp\";i:1606911238;s:41:\"\0ActionScheduler_SimpleSchedule\0timestamp\";i:1606911238;}',5,1,'2020-12-02 12:14:22','2020-12-02 15:14:22',0,NULL),(66142,'wc-admin_import_orders','complete','2020-12-02 12:13:58','2020-12-02 12:13:58','[65582]','O:30:\"ActionScheduler_SimpleSchedule\":2:{s:22:\"\0*\0scheduled_timestamp\";i:1606911238;s:41:\"\0ActionScheduler_SimpleSchedule\0timestamp\";i:1606911238;}',5,1,'2020-12-02 12:14:22','2020-12-02 15:14:22',0,NULL),(66143,'wc-admin_import_orders','complete','2020-12-02 12:13:58','2020-12-02 12:13:58','[65583]','O:30:\"ActionScheduler_SimpleSchedule\":2:{s:22:\"\0*\0scheduled_timestamp\";i:1606911238;s:41:\"\0ActionScheduler_SimpleSchedule\0timestamp\";i:1606911238;}',5,1,'2020-12-02 12:14:22','2020-12-02 15:14:22',0,NULL),(66144,'wc-admin_import_orders','complete','2020-12-02 12:13:58','2020-12-02 12:13:58','[65579]','O:30:\"ActionScheduler_SimpleSchedule\":2:{s:22:\"\0*\0scheduled_timestamp\";i:1606911238;s:41:\"\0ActionScheduler_SimpleSchedule\0timestamp\";i:1606911238;}',5,1,'2020-12-02 12:14:22','2020-12-02 15:14:22',0,NULL),(66145,'wc-admin_import_orders','complete','2020-12-02 12:13:58','2020-12-02 12:13:58','[65580]','O:30:\"ActionScheduler_SimpleSchedule\":2:{s:22:\"\0*\0scheduled_timestamp\";i:1606911238;s:41:\"\0ActionScheduler_SimpleSchedule\0timestamp\";i:1606911238;}',5,1,'2020-12-02 12:14:22','2020-12-02 15:14:22',0,NULL),(66146,'wc-admin_import_orders','complete','2020-12-02 12:13:58','2020-12-02 12:13:58','[65576]','O:30:\"ActionScheduler_SimpleSchedule\":2:{s:22:\"\0*\0scheduled_timestamp\";i:1606911238;s:41:\"\0ActionScheduler_SimpleSchedule\0timestamp\";i:1606911238;}',5,1,'2020-12-02 12:14:22','2020-12-02 15:14:22',0,NULL),(66147,'wc-admin_import_orders','complete','2020-12-02 12:13:58','2020-12-02 12:13:58','[65577]','O:30:\"ActionScheduler_SimpleSchedule\":2:{s:22:\"\0*\0scheduled_timestamp\";i:1606911238;s:41:\"\0ActionScheduler_SimpleSchedule\0timestamp\";i:1606911238;}',5,1,'2020-12-02 12:14:22','2020-12-02 15:14:22',0,NULL),(66148,'wc-admin_import_orders','complete','2020-12-02 12:14:03','2020-12-02 12:14:03','[65575]','O:30:\"ActionScheduler_SimpleSchedule\":2:{s:22:\"\0*\0scheduled_timestamp\";i:1606911243;s:41:\"\0ActionScheduler_SimpleSchedule\0timestamp\";i:1606911243;}',5,1,'2020-12-02 12:14:22','2020-12-02 15:14:22',0,NULL),(66149,'wc-admin_import_orders','complete','2020-12-02 12:14:03','2020-12-02 12:14:03','[65570]','O:30:\"ActionScheduler_SimpleSchedule\":2:{s:22:\"\0*\0scheduled_timestamp\";i:1606911243;s:41:\"\0ActionScheduler_SimpleSchedule\0timestamp\";i:1606911243;}',5,1,'2020-12-02 12:14:22','2020-12-02 15:14:22',0,NULL),(66150,'wc-admin_import_orders','complete','2020-12-02 12:14:04','2020-12-02 12:14:04','[65571]','O:30:\"ActionScheduler_SimpleSchedule\":2:{s:22:\"\0*\0scheduled_timestamp\";i:1606911244;s:41:\"\0ActionScheduler_SimpleSchedule\0timestamp\";i:1606911244;}',5,1,'2020-12-02 12:14:22','2020-12-02 15:14:22',0,NULL);

--
-- Table structure for table `wp_actionscheduler_claims`
--

CREATE TABLE `wp_actionscheduler_claims` (
  `claim_id` bigint(20) unsigned NOT NULL AUTO_INCREMENT,
  `date_created_gmt` datetime NOT NULL DEFAULT '0000-00-00 00:00:00',
  PRIMARY KEY (`claim_id`),
  KEY `date_created_gmt` (`date_created_gmt`)
) ENGINE=MyISAM AUTO_INCREMENT=252291 DEFAULT CHARSET=utf8mb4 COLLATE=utf8mb4_unicode_ci;

--
-- Dumping data for table `wp_actionscheduler_claims`
--


--
-- Table structure for table `wp_actionscheduler_groups`
--

CREATE TABLE `wp_actionscheduler_groups` (
  `group_id` bigint(20) unsigned NOT NULL AUTO_INCREMENT,
  `slug` varchar(255) COLLATE utf8mb4_unicode_ci NOT NULL,
  PRIMARY KEY (`group_id`),
  KEY `slug` (`slug`(191))
) ENGINE=MyISAM AUTO_INCREMENT=7 DEFAULT CHARSET=utf8mb4 COLLATE=utf8mb4_unicode_ci;

--
-- Dumping data for table `wp_actionscheduler_groups`
--

INSERT INTO `wp_actionscheduler_groups` VALUES (1,'action-scheduler-migration'),(2,'woocommerce-db-updates'),(3,'woocommerce-webhooks'),(4,'wc_update_product_lookup_tables'),(5,'wc-admin-data'),(6,'WCFM');

--
-- Table structure for table `wp_actionscheduler_logs`
--

CREATE TABLE `wp_actionscheduler_logs` (
  `log_id` bigint(20) unsigned NOT NULL AUTO_INCREMENT,
  `action_id` bigint(20) unsigned NOT NULL,
  `message` text COLLATE utf8mb4_unicode_ci NOT NULL,
  `log_date_gmt` datetime NOT NULL DEFAULT '0000-00-00 00:00:00',
  `log_date_local` datetime NOT NULL DEFAULT '0000-00-00 00:00:00',
  PRIMARY KEY (`log_id`),
  KEY `action_id` (`action_id`),
  KEY `log_date_gmt` (`log_date_gmt`)
) ENGINE=MyISAM AUTO_INCREMENT=5194 DEFAULT CHARSET=utf8mb4 COLLATE=utf8mb4_unicode_ci;

--
-- Dumping data for table `wp_actionscheduler_logs`
--

INSERT INTO `wp_actionscheduler_logs` VALUES (4963,66084,'action created','2020-12-02 12:12:53','2020-12-02 12:12:53'),(4964,66085,'action created','2020-12-02 12:12:53','2020-12-02 12:12:53'),(4965,66086,'action created','2020-12-02 12:12:53','2020-12-02 12:12:53'),(4966,66087,'action created','2020-12-02 12:12:53','2020-12-02 12:12:53'),(4967,66088,'action created','2020-12-02 12:12:53','2020-12-02 12:12:53'),(4968,66089,'action created','2020-12-02 12:12:59','2020-12-02 12:12:59'),(4969,66090,'action created','2020-12-02 12:12:59','2020-12-02 12:12:59'),(4970,66091,'action created','2020-12-02 12:12:59','2020-12-02 12:12:59'),(4971,66092,'action created','2020-12-02 12:12:59','2020-12-02 12:12:59'),(4972,66093,'action created','2020-12-02 12:12:59','2020-12-02 12:12:59'),(4973,66094,'action created','2020-12-02 12:12:59','2020-12-02 12:12:59'),(4974,66095,'action created','2020-12-02 12:12:59','2020-12-02 12:12:59'),(4946,66068,'action started via WP Cron','2020-11-29 10:03:24','2020-11-29 10:03:24'),(4945,66067,'action complete via WP Cron','2020-11-29 10:03:24','2020-11-29 10:03:24'),(4944,66067,'action started via WP Cron','2020-11-29 10:03:24','2020-11-29 10:03:24'),(4943,66066,'action complete via WP Cron','2020-11-29 10:03:24','2020-11-29 10:03:24'),(4942,66066,'action started via WP Cron','2020-11-29 10:03:24','2020-11-29 10:03:24'),(4941,66068,'action created','2020-11-29 10:03:17','2020-11-29 10:03:17'),(4940,66067,'action created','2020-11-29 10:03:17','2020-11-29 10:03:17'),(4939,66066,'action created','2020-11-29 10:03:17','2020-11-29 10:03:17'),(4933,66064,'action created','2020-11-29 09:53:50','2020-11-29 09:53:50'),(4934,66064,'action started via WP Cron','2020-11-29 09:54:57','2020-11-29 09:54:57'),(4935,66064,'action complete via WP Cron','2020-11-29 09:54:57','2020-11-29 09:54:57'),(4936,66065,'action created','2020-11-29 09:54:57','2020-11-29 09:54:57'),(4937,66065,'action started via WP Cron','2020-11-29 09:56:58','2020-11-29 09:56:58'),(4938,66065,'action complete via WP Cron','2020-11-29 09:56:58','2020-11-29 09:56:58'),(2924,65633,'تم تجاهل الإجراء من خلال WP Cron','2020-08-04 06:15:33','2020-08-04 06:15:33'),(2959,65633,'تم تجاهل الإجراء من خلال WP Cron','2020-08-16 06:49:51','2020-08-16 06:49:51'),(471,65134,'تم إنشاء الإجراء','2020-05-20 22:23:48','2020-05-20 22:23:48'),(473,65134,'بدأ الإجراء من خلال WP Cron','2020-05-20 22:24:38','2020-05-20 22:24:38'),(474,65134,'إيقاف غير متوقع: حدث خطأ فادح بشأن PHP Uncaught Error: Call to a member function getTimestamp() on null in /home/ipartsksa/public_html/wp-content/plugins/woocommerce/packages/woocommerce-admin/src/API/Reports/Customers/DataStore.php:472\nStack trace:\n#0 /home/ipartsksa/public_html/wp-content/plugins/woocommerce/packages/woocommerce-admin/src/Overrides/OrderRefund.php(62): Automattic\\WooCommerce\\Admin\\API\\Reports\\Customers\\DataStore::get_or_create_customer_from_order(Object(Automattic\\WooCommerce\\Admin\\Overrides\\Order))\n#1 /home/ipartsksa/public_html/wp-content/plugins/woocommerce/packages/woocommerce-admin/src/API/Reports/Orders/Stats/DataStore.php(477): Automattic\\WooCommerce\\Admin\\Overrides\\OrderRefund->get_report_customer_id()\n#2 /home/ipartsksa/public_html/wp-content/plugins/woocommerce/packages/woocommerce-admin/src/API/Reports/Orders/Stats/DataStore.php(449): Automattic\\WooCommerce\\Admin\\API\\Reports\\Orders\\Stats\\DataStore::update(Object(Automattic\\WooCommerce\\Admin\\Overrides\\OrderRefund))\n#3 /home/ipartsksa/public_html/wp-content/plugins/wooc في /home/ipartsksa/public_html/wp-content/plugins/woocommerce/packages/woocommerce-admin/src/API/Reports/Customers/DataStore.php في السطر 472','2020-05-20 22:24:38','2020-05-20 22:24:38'),(3028,65633,'تم تجاهل الإجراء من خلال WP Cron','2020-08-24 01:51:37','2020-08-24 01:51:37'),(3045,65633,'تم تجاهل الإجراء من خلال WP Cron','2020-08-29 03:49:57','2020-08-29 03:49:57'),(4961,66082,'action created','2020-12-02 12:12:53','2020-12-02 12:12:53'),(4962,66083,'action created','2020-12-02 12:12:53','2020-12-02 12:12:53'),(4133,65633,'action ignored via WP Cron','2020-10-03 06:06:13','2020-10-03 06:06:13'),(707,65134,'تم تجاهل الإجراء من خلال WP Cron','2020-06-04 04:37:16','2020-06-04 04:37:16'),(3135,65633,'تم تجاهل الإجراء من خلال WP Cron','2020-09-09 05:47:30','2020-09-09 05:47:30'),(4906,66055,'action created','2020-11-23 11:07:46','2020-11-23 11:07:46'),(4907,66055,'action started via Async Request','2020-11-23 11:08:53','2020-11-23 11:08:53'),(4908,66055,'action complete via Async Request','2020-11-23 11:08:53','2020-11-23 11:08:53'),(4903,66054,'action created','2020-11-23 11:06:11','2020-11-23 11:06:11'),(4904,66054,'بدأ الإجراء من خلال WP Cron','2020-11-23 11:07:46','2020-11-23 11:07:46'),(4905,66054,'اكتمل الإجراء من خلال WP Cron','2020-11-23 11:07:46','2020-11-23 11:07:46'),(4959,66080,'action created','2020-12-02 12:12:53','2020-12-02 12:12:53'),(4960,66081,'action created','2020-12-02 12:12:53','2020-12-02 12:12:53'),(4957,66078,'action created','2020-12-02 12:12:53','2020-12-02 12:12:53'),(4958,66079,'action created','2020-12-02 12:12:53','2020-12-02 12:12:53'),(4207,65633,'تم تجاهل الإجراء من خلال WP Cron','2020-10-04 03:42:34','2020-10-04 03:42:34'),(4985,66106,'action created','2020-12-02 12:13:00','2020-12-02 12:13:00'),(4984,66105,'action created','2020-12-02 12:13:00','2020-12-02 12:13:00'),(4980,66101,'action created','2020-12-02 12:13:00','2020-12-02 12:13:00'),(4981,66102,'action created','2020-12-02 12:13:00','2020-12-02 12:13:00'),(4982,66103,'action created','2020-12-02 12:13:00','2020-12-02 12:13:00'),(4983,66104,'action created','2020-12-02 12:13:00','2020-12-02 12:13:00'),(2853,65633,'تم تجاهل الإجراء من خلال WP Cron','2020-08-04 03:21:48','2020-08-04 03:21:48'),(3173,65633,'تم تجاهل الإجراء من خلال WP Cron','2020-09-17 06:23:46','2020-09-17 06:23:46'),(2491,65134,'تم تجاهل الإجراء من خلال WP Cron','2020-07-11 05:55:14','2020-07-11 05:55:14'),(3112,65134,'تم تجاهل الإجراء من خلال WP Cron','2020-09-09 05:47:30','2020-09-09 05:47:30'),(4567,65633,'تم تجاهل الإجراء من خلال WP Cron','2020-10-14 05:57:47','2020-10-14 05:57:47'),(4986,66107,'action created','2020-12-02 12:13:10','2020-12-02 12:13:10'),(2576,65633,'تم إنشاء الإجراء','2020-07-19 21:08:50','2020-07-19 21:08:50'),(2577,65633,'انتهت مهلة الإجراء بعد مرور 300 من الثواني','2020-07-20 02:50:38','2020-07-20 02:50:38'),(4979,66100,'action created','2020-12-02 12:13:00','2020-12-02 12:13:00'),(4978,66099,'action created','2020-12-02 12:13:00','2020-12-02 12:13:00'),(4975,66096,'action created','2020-12-02 12:12:59','2020-12-02 12:12:59'),(4976,66097,'action created','2020-12-02 12:13:00','2020-12-02 12:13:00'),(4977,66098,'action created','2020-12-02 12:13:00','2020-12-02 12:13:00'),(2600,65134,'تم تجاهل الإجراء من خلال WP Cron','2020-07-26 06:23:29','2020-07-26 06:23:29'),(2968,65134,'تم تجاهل الإجراء من خلال WP Cron','2020-08-24 01:51:37','2020-08-24 01:51:37'),(2609,65633,'تم تجاهل الإجراء من خلال WP Cron','2020-07-26 06:23:29','2020-07-26 06:23:29'),(3295,65633,'تم تجاهل الإجراء من خلال WP Cron','2020-09-25 05:10:41','2020-09-25 05:10:41'),(2466,65134,'تم تجاهل الإجراء من خلال WP Cron','2020-07-09 03:46:42','2020-07-09 03:46:42'),(4987,66078,'action started via Async Request','2020-12-02 12:13:12','2020-12-02 12:13:12'),(4947,66068,'action complete via WP Cron','2020-11-29 10:03:24','2020-11-29 10:03:24'),(3196,65633,'تم تجاهل الإجراء من خلال WP Cron','2020-09-18 00:13:09','2020-09-18 00:13:09'),(4845,65633,'تم تجاهل الإجراء من خلال WP Cron','2020-10-18 06:20:58','2020-10-18 06:20:58'),(4956,66077,'action created','2020-12-02 12:12:53','2020-12-02 12:12:53'),(4955,66076,'action created','2020-12-02 12:12:53','2020-12-02 12:12:53'),(4954,66075,'action created','2020-12-02 12:12:52','2020-12-02 12:12:52'),(4953,66074,'action created','2020-12-02 12:12:52','2020-12-02 12:12:52'),(4952,66073,'action created','2020-12-02 12:12:52','2020-12-02 12:12:52'),(4951,66072,'action created','2020-12-02 12:12:52','2020-12-02 12:12:52'),(4950,66071,'action created','2020-12-02 12:12:52','2020-12-02 12:12:52'),(4949,66070,'action created','2020-12-02 12:12:52','2020-12-02 12:12:52'),(4948,66069,'action created','2020-12-02 12:12:52','2020-12-02 12:12:52'),(4909,66056,'action created','2020-11-23 11:30:33','2020-11-23 11:30:33'),(4910,66056,'بدأ الإجراء من خلال WP Cron','2020-11-23 11:31:55','2020-11-23 11:31:55'),(4911,66056,'اكتمل الإجراء من خلال WP Cron','2020-11-23 11:31:55','2020-11-23 11:31:55'),(4912,66057,'action created','2020-11-23 11:31:55','2020-11-23 11:31:55'),(4913,66057,'action started via Async Request','2020-11-23 11:33:02','2020-11-23 11:33:02'),(4914,66057,'action complete via Async Request','2020-11-23 11:33:02','2020-11-23 11:33:02'),(4915,66058,'action created','2020-11-23 19:00:47','2020-11-23 19:00:47'),(4916,66058,'action started via WP Cron','2020-11-23 19:02:29','2020-11-23 19:02:29'),(4917,66058,'action complete via WP Cron','2020-11-23 19:02:29','2020-11-23 19:02:29'),(4918,66059,'action created','2020-11-23 19:02:35','2020-11-23 19:02:35'),(4919,66059,'action started via WP Cron','2020-11-23 19:04:17','2020-11-23 19:04:17'),(4920,66059,'action complete via WP Cron','2020-11-23 19:04:17','2020-11-23 19:04:17'),(4921,66060,'action created','2020-11-24 10:56:40','2020-11-24 10:56:40'),(4922,66060,'action started via WP Cron','2020-11-24 10:57:48','2020-11-24 10:57:48'),(4923,66060,'action complete via WP Cron','2020-11-24 10:57:48','2020-11-24 10:57:48'),(4924,66061,'action created','2020-11-24 11:00:34','2020-11-24 11:00:34'),(4925,66061,'action started via WP Cron','2020-11-24 11:01:44','2020-11-24 11:01:44'),(4926,66061,'action complete via WP Cron','2020-11-24 11:01:44','2020-11-24 11:01:44'),(4927,66062,'action created','2020-11-24 13:29:45','2020-11-24 13:29:45'),(4928,66062,'action started via WP Cron','2020-11-24 13:30:48','2020-11-24 13:30:48'),(4929,66062,'action complete via WP Cron','2020-11-24 13:30:48','2020-11-24 13:30:48'),(4930,66063,'action created','2020-11-24 14:09:03','2020-11-24 14:09:03'),(4931,66063,'action started via WP Cron','2020-11-24 14:10:49','2020-11-24 14:10:49'),(4932,66063,'action complete via WP Cron','2020-11-24 14:10:49','2020-11-24 14:10:49'),(4988,66078,'action complete via Async Request','2020-12-02 12:13:12','2020-12-02 12:13:12'),(4989,66079,'action started via Async Request','2020-12-02 12:13:12','2020-12-02 12:13:12'),(4990,66079,'action complete via Async Request','2020-12-02 12:13:12','2020-12-02 12:13:12'),(4991,66080,'action started via Async Request','2020-12-02 12:13:12','2020-12-02 12:13:12'),(4992,66080,'action complete via Async Request','2020-12-02 12:13:12','2020-12-02 12:13:12'),(4993,66081,'action started via Async Request','2020-12-02 12:13:12','2020-12-02 12:13:12'),(4994,66081,'action complete via Async Request','2020-12-02 12:13:12','2020-12-02 12:13:12'),(4995,66082,'action started via Async Request','2020-12-02 12:13:12','2020-12-02 12:13:12'),(4996,66082,'action complete via Async Request','2020-12-02 12:13:12','2020-12-02 12:13:12'),(4997,66083,'action started via Async Request','2020-12-02 12:13:12','2020-12-02 12:13:12'),(4998,66083,'action complete via Async Request','2020-12-02 12:13:12','2020-12-02 12:13:12'),(4999,66076,'action started via Async Request','2020-12-02 12:13:12','2020-12-02 12:13:12'),(5000,66076,'action complete via Async Request','2020-12-02 12:13:12','2020-12-02 12:13:12'),(5001,66077,'action started via Async Request','2020-12-02 12:13:12','2020-12-02 12:13:12'),(5002,66077,'action complete via Async Request','2020-12-02 12:13:12','2020-12-02 12:13:12'),(5003,66072,'action started via Async Request','2020-12-02 12:13:12','2020-12-02 12:13:12'),(5004,66072,'action complete via Async Request','2020-12-02 12:13:12','2020-12-02 12:13:12'),(5005,66073,'action started via Async Request','2020-12-02 12:13:12','2020-12-02 12:13:12'),(5006,66073,'action complete via Async Request','2020-12-02 12:13:12','2020-12-02 12:13:12'),(5007,66074,'action started via Async Request','2020-12-02 12:13:12','2020-12-02 12:13:12'),(5008,66074,'action complete via Async Request','2020-12-02 12:13:12','2020-12-02 12:13:12'),(5009,66075,'action started via Async Request','2020-12-02 12:13:12','2020-12-02 12:13:12'),(5010,66075,'action complete via Async Request','2020-12-02 12:13:12','2020-12-02 12:13:12'),(5011,66071,'action started via Async Request','2020-12-02 12:13:12','2020-12-02 12:13:12'),(5012,66071,'action complete via Async Request','2020-12-02 12:13:13','2020-12-02 12:13:13'),(5013,66070,'action started via Async Request','2020-12-02 12:13:13','2020-12-02 12:13:13'),(5014,66070,'action complete via Async Request','2020-12-02 12:13:13','2020-12-02 12:13:13'),(5015,66069,'action started via Async Request','2020-12-02 12:13:13','2020-12-02 12:13:13'),(5016,66069,'action complete via Async Request','2020-12-02 12:13:13','2020-12-02 12:13:13'),(5017,66084,'action started via Async Request','2020-12-02 12:13:13','2020-12-02 12:13:13'),(5018,66084,'action complete via Async Request','2020-12-02 12:13:13','2020-12-02 12:13:13'),(5019,66085,'action started via Async Request','2020-12-02 12:13:13','2020-12-02 12:13:13'),(5020,66085,'action complete via Async Request','2020-12-02 12:13:13','2020-12-02 12:13:13'),(5021,66086,'action started via Async Request','2020-12-02 12:13:13','2020-12-02 12:13:13'),(5022,66086,'action complete via Async Request','2020-12-02 12:13:13','2020-12-02 12:13:13'),(5023,66087,'action started via Async Request','2020-12-02 12:13:13','2020-12-02 12:13:13'),(5024,66087,'action complete via Async Request','2020-12-02 12:13:13','2020-12-02 12:13:13'),(5025,66088,'action started via Async Request','2020-12-02 12:13:13','2020-12-02 12:13:13'),(5026,66088,'action complete via Async Request','2020-12-02 12:13:13','2020-12-02 12:13:13'),(5027,66089,'action started via Async Request','2020-12-02 12:13:13','2020-12-02 12:13:13'),(5028,66089,'action complete via Async Request','2020-12-02 12:13:13','2020-12-02 12:13:13'),(5029,66090,'action started via Async Request','2020-12-02 12:13:13','2020-12-02 12:13:13'),(5030,66090,'action complete via Async Request','2020-12-02 12:13:13','2020-12-02 12:13:13'),(5031,66091,'action started via Async Request','2020-12-02 12:13:13','2020-12-02 12:13:13'),(5032,66091,'action complete via Async Request','2020-12-02 12:13:13','2020-12-02 12:13:13'),(5033,66092,'action started via Async Request','2020-12-02 12:13:13','2020-12-02 12:13:13'),(5034,66092,'action complete via Async Request','2020-12-02 12:13:13','2020-12-02 12:13:13'),(5035,66093,'action started via Async Request','2020-12-02 12:13:13','2020-12-02 12:13:13'),(5036,66093,'action complete via Async Request','2020-12-02 12:13:13','2020-12-02 12:13:13'),(5037,66094,'action started via Async Request','2020-12-02 12:13:13','2020-12-02 12:13:13'),(5038,66094,'action complete via Async Request','2020-12-02 12:13:13','2020-12-02 12:13:13'),(5039,66095,'action started via Async Request','2020-12-02 12:13:13','2020-12-02 12:13:13'),(5040,66095,'action complete via Async Request','2020-12-02 12:13:13','2020-12-02 12:13:13'),(5041,66096,'action started via Async Request','2020-12-02 12:13:13','2020-12-02 12:13:13'),(5042,66096,'action complete via Async Request','2020-12-02 12:13:13','2020-12-02 12:13:13'),(5043,66097,'action started via Async Request','2020-12-02 12:13:13','2020-12-02 12:13:13'),(5044,66097,'action complete via Async Request','2020-12-02 12:13:13','2020-12-02 12:13:13'),(5045,66098,'action started via Async Request','2020-12-02 12:13:13','2020-12-02 12:13:13'),(5046,66098,'action complete via Async Request','2020-12-02 12:13:13','2020-12-02 12:13:13'),(5047,66099,'action started via Async Request','2020-12-02 12:13:13','2020-12-02 12:13:13'),(5048,66099,'action complete via Async Request','2020-12-02 12:13:13','2020-12-02 12:13:13'),(5049,66100,'action started via Async Request','2020-12-02 12:13:13','2020-12-02 12:13:13'),(5050,66100,'action complete via Async Request','2020-12-02 12:13:13','2020-12-02 12:13:13'),(5051,66101,'action started via Async Request','2020-12-02 12:13:14','2020-12-02 12:13:14'),(5052,66101,'action complete via Async Request','2020-12-02 12:13:14','2020-12-02 12:13:14'),(5053,66102,'action started via Async Request','2020-12-02 12:13:14','2020-12-02 12:13:14'),(5054,66102,'action complete via Async Request','2020-12-02 12:13:14','2020-12-02 12:13:14'),(5055,66103,'action started via Async Request','2020-12-02 12:13:14','2020-12-02 12:13:14'),(5056,66103,'action complete via Async Request','2020-12-02 12:13:14','2020-12-02 12:13:14'),(5057,66104,'action started via Async Request','2020-12-02 12:13:14','2020-12-02 12:13:14'),(5058,66104,'action complete via Async Request','2020-12-02 12:13:14','2020-12-02 12:13:14'),(5059,66105,'action started via Async Request','2020-12-02 12:13:14','2020-12-02 12:13:14'),(5060,66105,'action complete via Async Request','2020-12-02 12:13:14','2020-12-02 12:13:14'),(5061,66106,'action started via Async Request','2020-12-02 12:13:14','2020-12-02 12:13:14'),(5062,66106,'action complete via Async Request','2020-12-02 12:13:14','2020-12-02 12:13:14'),(5063,66107,'action started via Async Request','2020-12-02 12:13:20','2020-12-02 12:13:20'),(5064,66107,'action complete via Async Request','2020-12-02 12:13:20','2020-12-02 12:13:20'),(5065,66108,'action created','2020-12-02 12:13:46','2020-12-02 12:13:46'),(5066,66109,'action created','2020-12-02 12:13:46','2020-12-02 12:13:46'),(5067,66110,'action created','2020-12-02 12:13:46','2020-12-02 12:13:46'),(5068,66111,'action created','2020-12-02 12:13:46','2020-12-02 12:13:46'),(5069,66112,'action created','2020-12-02 12:13:46','2020-12-02 12:13:46'),(5070,66113,'action created','2020-12-02 12:13:46','2020-12-02 12:13:46'),(5071,66114,'action created','2020-12-02 12:13:46','2020-12-02 12:13:46'),(5072,66115,'action created','2020-12-02 12:13:46','2020-12-02 12:13:46'),(5073,66116,'action created','2020-12-02 12:13:46','2020-12-02 12:13:46'),(5074,66117,'action created','2020-12-02 12:13:47','2020-12-02 12:13:47'),(5075,66118,'action created','2020-12-02 12:13:47','2020-12-02 12:13:47'),(5076,66119,'action created','2020-12-02 12:13:47','2020-12-02 12:13:47'),(5077,66120,'action created','2020-12-02 12:13:47','2020-12-02 12:13:47'),(5078,66121,'action created','2020-12-02 12:13:47','2020-12-02 12:13:47'),(5079,66122,'action created','2020-12-02 12:13:47','2020-12-02 12:13:47'),(5080,66123,'action created','2020-12-02 12:13:47','2020-12-02 12:13:47'),(5081,66124,'action created','2020-12-02 12:13:47','2020-12-02 12:13:47'),(5082,66125,'action created','2020-12-02 12:13:47','2020-12-02 12:13:47'),(5083,66126,'action created','2020-12-02 12:13:47','2020-12-02 12:13:47'),(5084,66127,'action created','2020-12-02 12:13:47','2020-12-02 12:13:47'),(5085,66128,'action created','2020-12-02 12:13:52','2020-12-02 12:13:52'),(5086,66129,'action created','2020-12-02 12:13:52','2020-12-02 12:13:52'),(5087,66130,'action created','2020-12-02 12:13:52','2020-12-02 12:13:52'),(5088,66131,'action created','2020-12-02 12:13:53','2020-12-02 12:13:53'),(5089,66132,'action created','2020-12-02 12:13:53','2020-12-02 12:13:53'),(5090,66133,'action created','2020-12-02 12:13:53','2020-12-02 12:13:53'),(5091,66134,'action created','2020-12-02 12:13:53','2020-12-02 12:13:53'),(5092,66135,'action created','2020-12-02 12:13:53','2020-12-02 12:13:53'),(5093,66136,'action created','2020-12-02 12:13:53','2020-12-02 12:13:53'),(5094,66137,'action created','2020-12-02 12:13:53','2020-12-02 12:13:53'),(5095,66138,'action created','2020-12-02 12:13:53','2020-12-02 12:13:53'),(5096,66139,'action created','2020-12-02 12:13:53','2020-12-02 12:13:53'),(5097,66140,'action created','2020-12-02 12:13:53','2020-12-02 12:13:53'),(5098,66141,'action created','2020-12-02 12:13:53','2020-12-02 12:13:53'),(5099,66142,'action created','2020-12-02 12:13:53','2020-12-02 12:13:53'),(5100,66143,'action created','2020-12-02 12:13:53','2020-12-02 12:13:53'),(5101,66144,'action created','2020-12-02 12:13:53','2020-12-02 12:13:53'),(5102,66145,'action created','2020-12-02 12:13:53','2020-12-02 12:13:53'),(5103,66146,'action created','2020-12-02 12:13:53','2020-12-02 12:13:53'),(5104,66147,'action created','2020-12-02 12:13:53','2020-12-02 12:13:53'),(5105,66148,'action created','2020-12-02 12:13:58','2020-12-02 12:13:58'),(5106,66149,'action created','2020-12-02 12:13:58','2020-12-02 12:13:58'),(5107,66150,'action created','2020-12-02 12:13:59','2020-12-02 12:13:59'),(5108,66108,'action started via Async Request','2020-12-02 12:14:22','2020-12-02 12:14:22'),(5109,66108,'action complete via Async Request','2020-12-02 12:14:22','2020-12-02 12:14:22'),(5110,66109,'action started via Async Request','2020-12-02 12:14:22','2020-12-02 12:14:22'),(5111,66109,'action complete via Async Request','2020-12-02 12:14:22','2020-12-02 12:14:22'),(5112,66110,'action started via Async Request','2020-12-02 12:14:22','2020-12-02 12:14:22'),(5113,66110,'action complete via Async Request','2020-12-02 12:14:22','2020-12-02 12:14:22'),(5114,66111,'action started via Async Request','2020-12-02 12:14:22','2020-12-02 12:14:22'),(5115,66111,'action complete via Async Request','2020-12-02 12:14:22','2020-12-02 12:14:22'),(5116,66112,'action started via Async Request','2020-12-02 12:14:22','2020-12-02 12:14:22'),(5117,66112,'action complete via Async Request','2020-12-02 12:14:22','2020-12-02 12:14:22'),(5118,66113,'action started via Async Request','2020-12-02 12:14:22','2020-12-02 12:14:22'),(5119,66113,'action complete via Async Request','2020-12-02 12:14:22','2020-12-02 12:14:22'),(5120,66114,'action started via Async Request','2020-12-02 12:14:22','2020-12-02 12:14:22'),(5121,66114,'action complete via Async Request','2020-12-02 12:14:22','2020-12-02 12:14:22'),(5122,66115,'action started via Async Request','2020-12-02 12:14:22','2020-12-02 12:14:22'),(5123,66115,'action complete via Async Request','2020-12-02 12:14:22','2020-12-02 12:14:22'),(5124,66116,'action started via Async Request','2020-12-02 12:14:22','2020-12-02 12:14:22'),(5125,66116,'action complete via Async Request','2020-12-02 12:14:22','2020-12-02 12:14:22'),(5126,66117,'action started via Async Request','2020-12-02 12:14:22','2020-12-02 12:14:22'),(5127,66117,'action complete via Async Request','2020-12-02 12:14:22','2020-12-02 12:14:22'),(5128,66118,'action started via Async Request','2020-12-02 12:14:22','2020-12-02 12:14:22'),(5129,66118,'action complete via Async Request','2020-12-02 12:14:22','2020-12-02 12:14:22'),(5130,66119,'action started via Async Request','2020-12-02 12:14:22','2020-12-02 12:14:22'),(5131,66119,'action complete via Async Request','2020-12-02 12:14:22','2020-12-02 12:14:22'),(5132,66120,'action started via Async Request','2020-12-02 12:14:22','2020-12-02 12:14:22'),(5133,66120,'action complete via Async Request','2020-12-02 12:14:22','2020-12-02 12:14:22'),(5134,66121,'action started via Async Request','2020-12-02 12:14:22','2020-12-02 12:14:22'),(5135,66121,'action complete via Async Request','2020-12-02 12:14:22','2020-12-02 12:14:22'),(5136,66122,'action started via Async Request','2020-12-02 12:14:22','2020-12-02 12:14:22'),(5137,66122,'action complete via Async Request','2020-12-02 12:14:22','2020-12-02 12:14:22'),(5138,66123,'action started via Async Request','2020-12-02 12:14:22','2020-12-02 12:14:22'),(5139,66123,'action complete via Async Request','2020-12-02 12:14:22','2020-12-02 12:14:22'),(5140,66124,'action started via Async Request','2020-12-02 12:14:22','2020-12-02 12:14:22'),(5141,66124,'action complete via Async Request','2020-12-02 12:14:22','2020-12-02 12:14:22'),(5142,66125,'action started via Async Request','2020-12-02 12:14:22','2020-12-02 12:14:22'),(5143,66125,'action complete via Async Request','2020-12-02 12:14:22','2020-12-02 12:14:22'),(5144,66126,'action started via Async Request','2020-12-02 12:14:22','2020-12-02 12:14:22'),(5145,66126,'action complete via Async Request','2020-12-02 12:14:22','2020-12-02 12:14:22'),(5146,66127,'action started via Async Request','2020-12-02 12:14:22','2020-12-02 12:14:22'),(5147,66127,'action complete via Async Request','2020-12-02 12:14:22','2020-12-02 12:14:22'),(5148,66128,'action started via Async Request','2020-12-02 12:14:22','2020-12-02 12:14:22'),(5149,66128,'action complete via Async Request','2020-12-02 12:14:22','2020-12-02 12:14:22'),(5150,66129,'action started via Async Request','2020-12-02 12:14:22','2020-12-02 12:14:22'),(5151,66129,'action complete via Async Request','2020-12-02 12:14:22','2020-12-02 12:14:22'),(5152,66130,'action started via Async Request','2020-12-02 12:14:22','2020-12-02 12:14:22'),(5153,66130,'action complete via Async Request','2020-12-02 12:14:22','2020-12-02 12:14:22'),(5154,66131,'action started via Async Request','2020-12-02 12:14:22','2020-12-02 12:14:22'),(5155,66131,'action complete via Async Request','2020-12-02 12:14:22','2020-12-02 12:14:22'),(5156,66132,'action started via Async Request','2020-12-02 12:14:22','2020-12-02 12:14:22'),(5157,66132,'action complete via Async Request','2020-12-02 12:14:22','2020-12-02 12:14:22'),(5158,66133,'action started via Async Request','2020-12-02 12:14:22','2020-12-02 12:14:22'),(5159,66133,'action complete via Async Request','2020-12-02 12:14:22','2020-12-02 12:14:22'),(5160,66134,'action started via Async Request','2020-12-02 12:14:22','2020-12-02 12:14:22'),(5161,66134,'action complete via Async Request','2020-12-02 12:14:22','2020-12-02 12:14:22'),(5162,66135,'action started via Async Request','2020-12-02 12:14:22','2020-12-02 12:14:22'),(5163,66135,'action complete via Async Request','2020-12-02 12:14:22','2020-12-02 12:14:22'),(5164,66136,'action started via Async Request','2020-12-02 12:14:22','2020-12-02 12:14:22'),(5165,66136,'action complete via Async Request','2020-12-02 12:14:22','2020-12-02 12:14:22'),(5166,66137,'action started via Async Request','2020-12-02 12:14:22','2020-12-02 12:14:22'),(5167,66137,'action complete via Async Request','2020-12-02 12:14:22','2020-12-02 12:14:22'),(5168,66138,'action started via Async Request','2020-12-02 12:14:22','2020-12-02 12:14:22'),(5169,66138,'action complete via Async Request','2020-12-02 12:14:22','2020-12-02 12:14:22'),(5170,66139,'action started via Async Request','2020-12-02 12:14:22','2020-12-02 12:14:22'),(5171,66139,'action complete via Async Request','2020-12-02 12:14:22','2020-12-02 12:14:22'),(5172,66140,'action started via Async Request','2020-12-02 12:14:22','2020-12-02 12:14:22'),(5173,66140,'action complete via Async Request','2020-12-02 12:14:22','2020-12-02 12:14:22'),(5174,66141,'action started via Async Request','2020-12-02 12:14:22','2020-12-02 12:14:22'),(5175,66141,'action complete via Async Request','2020-12-02 12:14:22','2020-12-02 12:14:22'),(5176,66142,'action started via Async Request','2020-12-02 12:14:22','2020-12-02 12:14:22'),(5177,66142,'action complete via Async Request','2020-12-02 12:14:22','2020-12-02 12:14:22'),(5178,66143,'action started via Async Request','2020-12-02 12:14:22','2020-12-02 12:14:22'),(5179,66143,'action complete via Async Request','2020-12-02 12:14:22','2020-12-02 12:14:22'),(5180,66144,'action started via Async Request','2020-12-02 12:14:22','2020-12-02 12:14:22'),(5181,66144,'action complete via Async Request','2020-12-02 12:14:22','2020-12-02 12:14:22'),(5182,66145,'action started via Async Request','2020-12-02 12:14:22','2020-12-02 12:14:22'),(5183,66145,'action complete via Async Request','2020-12-02 12:14:22','2020-12-02 12:14:22'),(5184,66146,'action started via Async Request','2020-12-02 12:14:22','2020-12-02 12:14:22'),(5185,66146,'action complete via Async Request','2020-12-02 12:14:22','2020-12-02 12:14:22'),(5186,66147,'action started via Async Request','2020-12-02 12:14:22','2020-12-02 12:14:22'),(5187,66147,'action complete via Async Request','2020-12-02 12:14:22','2020-12-02 12:14:22'),(5188,66148,'action started via Async Request','2020-12-02 12:14:22','2020-12-02 12:14:22'),(5189,66148,'action complete via Async Request','2020-12-02 12:14:22','2020-12-02 12:14:22'),(5190,66149,'action started via Async Request','2020-12-02 12:14:22','2020-12-02 12:14:22'),(5191,66149,'action complete via Async Request','2020-12-02 12:14:22','2020-12-02 12:14:22'),(5192,66150,'action started via Async Request','2020-12-02 12:14:22','2020-12-02 12:14:22'),(5193,66150,'action complete via Async Request','2020-12-02 12:14:22','2020-12-02 12:14:22');

--
-- Table structure for table `wp_apmm_custom_theme`
--

CREATE TABLE `wp_apmm_custom_theme` (
  `theme_id` int(11) NOT NULL AUTO_INCREMENT,
  `title` text COLLATE utf8mb4_unicode_ci,
  `slug` text COLLATE utf8mb4_unicode_ci,
  `theme_settings` longtext COLLATE utf8mb4_unicode_ci,
  `created` datetime DEFAULT NULL,
  `modified` datetime DEFAULT NULL,
  PRIMARY KEY (`theme_id`)
) ENGINE=InnoDB AUTO_INCREMENT=2 DEFAULT CHARSET=utf8mb4 COLLATE=utf8mb4_unicode_ci;

--
-- Dumping data for table `wp_apmm_custom_theme`
--

INSERT INTO `wp_apmm_custom_theme` VALUES (1,'Default Theme','default-theme','a:14:{s:7:\"general\";a:4:{s:11:\"line_height\";s:3:\"1.5\";s:6:\"zindex\";s:3:\"999\";s:13:\"enable_shadow\";s:1:\"1\";s:12:\"shadow_color\";s:7:\"#000000\";}s:8:\"menu_bar\";a:19:{s:22:\"enable_menu_background\";s:1:\"1\";s:20:\"menu_background_from\";s:7:\"#ffffff\";s:10:\"font_color\";s:7:\"#232f3e\";s:16:\"font_hover_color\";s:7:\"#000000\";s:11:\"font_family\";s:9:\"Open Sans\";s:11:\"font_weight\";s:6:\"normal\";s:11:\"padding_top\";s:4:\"20px\";s:14:\"padding_bottom\";s:4:\"25px\";s:12:\"padding_left\";s:4:\"20px\";s:13:\"padding_right\";s:4:\"22px\";s:5:\"width\";s:4:\"100%\";s:21:\"border_radius_topleft\";s:3:\"0px\";s:22:\"border_radius_topright\";s:3:\"0px\";s:25:\"border_radius_bottomright\";s:3:\"0px\";s:24:\"border_radius_bottomleft\";s:3:\"0px\";s:12:\"border_color\";s:7:\"#ffffff\";s:9:\"alignment\";s:4:\"left\";s:10:\"margin_top\";s:3:\"0px\";s:13:\"margin_bottom\";s:3:\"0px\";}s:8:\"top_menu\";a:20:{s:23:\"enable_background_hover\";s:1:\"1\";s:21:\"background_hover_from\";s:7:\"#ffffff\";s:15:\"bg_active_color\";s:0:\"\";s:17:\"font_color_active\";s:7:\"#c59225\";s:9:\"font_size\";s:4:\"16px\";s:17:\"font_weight_hover\";s:6:\"normal\";s:9:\"transform\";s:10:\"capitalize\";s:15:\"font_decoration\";s:4:\"none\";s:21:\"font_decoration_hover\";s:4:\"none\";s:19:\"enable_menu_divider\";s:1:\"1\";s:18:\"menu_divider_color\";s:16:\"rgb(255,255,255)\";s:12:\"opacity_glow\";s:3:\"0.5\";s:25:\"enable_menu_label_bgcolor\";s:1:\"1\";s:18:\"menu_label_bgcolor\";s:7:\"#f1ee1a\";s:20:\"menu_label_fontcolor\";s:4:\"#000\";s:19:\"menu_label_fontsize\";s:0:\"\";s:22:\"menu_label_font_family\";s:9:\"Open Sans\";s:22:\"menu_label_font_weight\";s:6:\"normal\";s:25:\"menu_label_font_transform\";s:9:\"uppercase\";s:17:\"enable_background\";s:1:\"0\";}s:12:\"megamenu_bar\";a:11:{s:26:\"enable_megamenu_background\";s:1:\"1\";s:20:\"menu_background_from\";s:7:\"#ffffff\";s:5:\"width\";s:4:\"100%\";s:11:\"padding_top\";s:4:\"15px\";s:14:\"padding_bottom\";s:3:\"5px\";s:12:\"padding_left\";s:3:\"8px\";s:13:\"padding_right\";s:3:\"8px\";s:12:\"border_color\";s:7:\"#ffffff\";s:13:\"border_radius\";s:3:\"0px\";s:10:\"box_shadow\";s:9:\"0 3px 3px\";s:16:\"box_shadow_color\";s:18:\"rgba(0, 0, 0, 0.2)\";}s:11:\"second_menu\";a:2:{s:17:\"enable_background\";s:1:\"0\";s:23:\"enable_background_hover\";s:1:\"0\";}s:10:\"third_menu\";a:2:{s:17:\"enable_background\";s:1:\"0\";s:23:\"enable_background_hover\";s:1:\"0\";}s:7:\"widgets\";a:17:{s:10:\"font_color\";s:7:\"#000000\";s:16:\"font_hover_color\";s:7:\"#000000\";s:9:\"font_size\";s:4:\"14px\";s:11:\"font_weight\";s:4:\"bold\";s:17:\"font_weight_hover\";s:4:\"bold\";s:9:\"transform\";s:9:\"uppercase\";s:11:\"font_family\";s:9:\"Open Sans\";s:15:\"font_decoration\";s:4:\"none\";s:21:\"font_decoration_hover\";s:4:\"none\";s:18:\"content_font_color\";s:7:\"#000000\";s:19:\"content_font_family\";s:9:\"Open Sans\";s:14:\"button_bgcolor\";s:0:\"\";s:15:\"button_bghcolor\";s:0:\"\";s:13:\"button_fcolor\";s:0:\"\";s:14:\"button_fhcolor\";s:0:\"\";s:10:\"margin_top\";s:3:\"0px\";s:13:\"margin_bottom\";s:4:\"10px\";}s:11:\"top_section\";a:9:{s:10:\"font_color\";s:7:\"#000000\";s:9:\"font_size\";s:4:\"13px\";s:11:\"font_weight\";s:6:\"normal\";s:9:\"transform\";s:6:\"normal\";s:11:\"font_family\";s:9:\"Open Sans\";s:16:\"image_margin_top\";s:3:\"0px\";s:19:\"image_margin_bottom\";s:4:\"10px\";s:17:\"image_margin_left\";s:3:\"0px\";s:18:\"image_margin_right\";s:3:\"0px\";}s:14:\"bottom_section\";a:9:{s:10:\"font_color\";s:7:\"#000000\";s:9:\"font_size\";s:4:\"13px\";s:11:\"font_weight\";s:6:\"normal\";s:9:\"transform\";s:6:\"normal\";s:11:\"font_family\";s:9:\"Open Sans\";s:16:\"image_margin_top\";s:4:\"10px\";s:19:\"image_margin_bottom\";s:3:\"0px\";s:17:\"image_margin_left\";s:3:\"0px\";s:18:\"image_margin_right\";s:3:\"0px\";}s:6:\"flyout\";a:16:{s:17:\"enable_background\";s:1:\"1\";s:19:\"menu_bgcurrentcolor\";s:7:\"#5ec073\";s:18:\"menu_bg_hovercolor\";s:7:\"#47a35b\";s:10:\"font_color\";s:7:\"#ffffff\";s:16:\"font_hover_color\";s:7:\"#ffffff\";s:9:\"font_size\";s:4:\"12px\";s:11:\"font_weight\";s:6:\"normal\";s:17:\"font_weight_hover\";s:6:\"normal\";s:9:\"transform\";s:6:\"normal\";s:11:\"font_family\";s:9:\"Open Sans\";s:15:\"font_decoration\";s:4:\"none\";s:21:\"font_decoration_hover\";s:4:\"none\";s:11:\"item_margin\";s:7:\"0px 5px\";s:12:\"item_padding\";s:4:\"10px\";s:10:\"item_width\";s:5:\"210px\";s:19:\"enable_menu_divider\";s:1:\"0\";}s:15:\"mobile_settings\";a:11:{s:24:\"togglebar_enable_bgcolor\";s:1:\"1\";s:25:\"togglebar_background_from\";s:7:\"#5ec073\";s:16:\"togglebar_height\";s:4:\"40px\";s:26:\"resposive_breakpoint_width\";s:5:\"910px\";s:10:\"icon_color\";s:7:\"#ffffff\";s:10:\"text_color\";s:7:\"#ffffff\";s:15:\"togglebar_align\";s:4:\"left\";s:25:\"submenu_closebtn_position\";s:6:\"bottom\";s:23:\"submenus_retractor_text\";s:5:\"CLOSE\";s:17:\"toggle_bar_enable\";s:1:\"0\";s:24:\"togglebar_bghover_enable\";s:1:\"0\";}s:10:\"search_bar\";a:12:{s:9:\"font_size\";s:4:\"10px\";s:5:\"width\";s:5:\"182px\";s:10:\"text_color\";s:6:\"#fffff\";s:8:\"bg_color\";s:7:\"#5ec073\";s:21:\"text_placholder_color\";s:4:\"#ccc\";s:10:\"icon_color\";s:7:\"#ffffff\";s:22:\"search_button_bg_color\";s:0:\"\";s:27:\"search_button_bg_hovercolor\";s:0:\"\";s:24:\"search_button_font_color\";s:0:\"\";s:29:\"search_button_font_hovercolor\";s:0:\"\";s:17:\"font_popup_family\";s:9:\"Assistant\";s:9:\"transform\";s:6:\"normal\";}s:17:\"horizontal_tabbed\";a:8:{s:15:\"content_bgcolor\";s:0:\"\";s:14:\"content_fcolor\";s:0:\"\";s:7:\"bgcolor\";s:0:\"\";s:15:\"bg_active_color\";s:0:\"\";s:10:\"font_color\";s:0:\"\";s:11:\"font_hcolor\";s:0:\"\";s:9:\"tab_width\";s:0:\"\";s:10:\"tab_layout\";s:11:\"skew_layout\";}s:15:\"vertical_tabbed\";a:5:{s:7:\"bgcolor\";s:0:\"\";s:8:\"bghcolor\";s:0:\"\";s:15:\"bg_active_color\";s:0:\"\";s:10:\"font_color\";s:7:\"#ffffff\";s:16:\"font_hover_color\";s:0:\"\";}}','2020-11-23 18:11:51','2020-11-23 18:11:12');

--
-- Table structure for table `wp_apmm_menugrouplists`
--

CREATE TABLE `wp_apmm_menugrouplists` (
  `id` int(11) NOT NULL AUTO_INCREMENT,
  `menuid` bigint(20) DEFAULT NULL,
  `group_type` varchar(225) COLLATE utf8mb4_unicode_ci DEFAULT NULL,
  `widget_details` longtext COLLATE utf8mb4_unicode_ci,
  `totalgroup` varchar(225) COLLATE utf8mb4_unicode_ci DEFAULT NULL,
  `group_details` longtext COLLATE utf8mb4_unicode_ci,
  PRIMARY KEY (`id`)
) ENGINE=InnoDB DEFAULT CHARSET=utf8mb4 COLLATE=utf8mb4_unicode_ci;

--
-- Dumping data for table `wp_apmm_menugrouplists`
--


--
-- Table structure for table `wp_berocket_termmeta`
--

CREATE TABLE `wp_berocket_termmeta` (
  `meta_id` bigint(20) NOT NULL AUTO_INCREMENT,
  `berocket_term_id` bigint(20) NOT NULL DEFAULT '0',
  `meta_key` varchar(255) COLLATE utf8mb4_unicode_ci DEFAULT NULL,
  `meta_value` longtext COLLATE utf8mb4_unicode_ci,
  UNIQUE KEY `meta_id` (`meta_id`)
) ENGINE=InnoDB AUTO_INCREMENT=11 DEFAULT CHARSET=utf8mb4 COLLATE=utf8mb4_unicode_ci;

--
-- Dumping data for table `wp_berocket_termmeta`
--

INSERT INTO `wp_berocket_termmeta` VALUES (1,1991,'color','1164c2'),(2,1997,'color','7a7a7a'),(3,1992,'color','1b6309'),(4,1993,'color','d40d0d'),(5,1998,'color','e8d500'),(6,2204,'color','ffffff'),(7,2203,'color','ffffff'),(8,2202,'color','ffffff'),(9,2206,'color','ffffff'),(10,2205,'color','ffffff');

--
-- Table structure for table `wp_commentmeta`
--

CREATE TABLE `wp_commentmeta` (
  `meta_id` bigint(20) unsigned NOT NULL AUTO_INCREMENT,
  `comment_id` bigint(20) unsigned NOT NULL DEFAULT '0',
  `meta_key` varchar(255) COLLATE utf8mb4_unicode_ci DEFAULT NULL,
  `meta_value` longtext COLLATE utf8mb4_unicode_ci,
  PRIMARY KEY (`meta_id`),
  KEY `comment_id` (`comment_id`),
  KEY `meta_key` (`meta_key`(191))
) ENGINE=InnoDB AUTO_INCREMENT=350 DEFAULT CHARSET=utf8mb4 COLLATE=utf8mb4_unicode_ci;

--
-- Dumping data for table `wp_commentmeta`
--

INSERT INTO `wp_commentmeta` VALUES (210,949,'_vendor_id','37'),(211,952,'_vendor_id','37'),(212,955,'_vendor_id','37'),(213,964,'_vendor_id','37'),(216,971,'_vendor_id','37'),(217,975,'_vendor_id','37'),(218,979,'_vendor_id','37'),(219,985,'_vendor_id','40'),(220,994,'_vendor_id','40'),(223,1004,'_vendor_id','40'),(224,1018,'_vendor_id','40'),(225,1022,'_vendor_id','40'),(226,1026,'_vendor_id','40'),(228,1034,'_vendor_id','40'),(229,1038,'_vendor_id','40'),(232,1054,'_vendor_id','37'),(234,1056,'_vendor_id','40'),(236,1062,'_vendor_id','40'),(238,1070,'_vendor_id','40'),(239,1073,'_vendor_id','40'),(244,1091,'_vendor_id','40'),(245,1093,'_vendor_id','40'),(247,1097,'_vendor_id','40'),(249,1125,'_vendor_id','40'),(250,1128,'_vendor_id','40'),(251,1135,'_vendor_id','40'),(252,1136,'_vendor_id','40'),(253,1143,'_vendor_id','40'),(254,1144,'_vendor_id','40'),(255,1148,'_vendor_id','40'),(256,1150,'_vendor_id','40'),(257,1151,'_vendor_id','40'),(258,1155,'_vendor_id','40'),(259,1157,'_vendor_id','40'),(260,1158,'_vendor_id','40'),(261,1162,'_vendor_id','40'),(262,1167,'_vendor_id','40'),(263,1168,'_vendor_id','40'),(264,1172,'_vendor_id','40'),(265,1174,'_vendor_id','40'),(266,1175,'_vendor_id','40'),(267,1176,'_vendor_id','37'),(269,1184,'_vendor_id','37'),(270,1188,'_vendor_id','39'),(287,1197,'_vendor_id','47'),(290,1202,'_vendor_id','47'),(291,1206,'_vendor_id','47'),(292,1210,'_vendor_id','45'),(302,1218,'_vendor_id','45'),(303,1241,'_vendor_id','45'),(312,1279,'_wp_trash_meta_status','0'),(313,1279,'_wp_trash_meta_time','1606643013'),(314,1286,'_wp_trash_meta_status','1'),(315,1286,'_wp_trash_meta_time','1606643013'),(316,1285,'_wp_trash_meta_status','1'),(317,1285,'_wp_trash_meta_time','1606643013'),(318,1278,'_wp_trash_meta_status','1'),(319,1278,'_wp_trash_meta_time','1606643013'),(320,1277,'_wp_trash_meta_status','1'),(321,1277,'_wp_trash_meta_time','1606643013'),(322,1276,'_wp_trash_meta_status','1'),(323,1276,'_wp_trash_meta_time','1606643013'),(324,1275,'_wp_trash_meta_status','1'),(325,1275,'_wp_trash_meta_time','1606643013'),(326,1274,'_wp_trash_meta_status','1'),(327,1274,'_wp_trash_meta_time','1606643013'),(328,1273,'_wp_trash_meta_status','1'),(329,1273,'_wp_trash_meta_time','1606643013'),(330,1272,'_wp_trash_meta_status','1'),(331,1272,'_wp_trash_meta_time','1606643013'),(332,1271,'_wp_trash_meta_status','1'),(333,1271,'_wp_trash_meta_time','1606643013'),(334,1270,'_wp_trash_meta_status','1'),(335,1270,'_wp_trash_meta_time','1606643013'),(336,1269,'_wp_trash_meta_status','1'),(337,1269,'_wp_trash_meta_time','1606643013'),(338,1268,'_wp_trash_meta_status','1'),(339,1268,'_wp_trash_meta_time','1606643013'),(340,1267,'_wp_trash_meta_status','1'),(341,1267,'_wp_trash_meta_time','1606643013'),(342,1266,'_wp_trash_meta_status','1'),(343,1266,'_wp_trash_meta_time','1606643013'),(344,1265,'_wp_trash_meta_status','1'),(345,1265,'_wp_trash_meta_time','1606643013'),(346,1264,'_wp_trash_meta_status','1'),(347,1264,'_wp_trash_meta_time','1606643013'),(348,1287,'rating','3'),(349,1287,'verified','0');

--
-- Table structure for table `wp_comments`
--

CREATE TABLE `wp_comments` (
  `comment_ID` bigint(20) unsigned NOT NULL AUTO_INCREMENT,
  `comment_post_ID` bigint(20) unsigned NOT NULL DEFAULT '0',
  `comment_author` tinytext COLLATE utf8mb4_unicode_ci NOT NULL,
  `comment_author_email` varchar(100) COLLATE utf8mb4_unicode_ci NOT NULL DEFAULT '',
  `comment_author_url` varchar(200) COLLATE utf8mb4_unicode_ci NOT NULL DEFAULT '',
  `comment_author_IP` varchar(100) COLLATE utf8mb4_unicode_ci NOT NULL DEFAULT '',
  `comment_date` datetime NOT NULL DEFAULT '0000-00-00 00:00:00',
  `comment_date_gmt` datetime NOT NULL DEFAULT '0000-00-00 00:00:00',
  `comment_content` text COLLATE utf8mb4_unicode_ci NOT NULL,
  `comment_karma` int(11) NOT NULL DEFAULT '0',
  `comment_approved` varchar(20) COLLATE utf8mb4_unicode_ci NOT NULL DEFAULT '1',
  `comment_agent` varchar(255) COLLATE utf8mb4_unicode_ci NOT NULL DEFAULT '',
  `comment_type` varchar(20) COLLATE utf8mb4_unicode_ci NOT NULL DEFAULT 'comment',
  `comment_parent` bigint(20) unsigned NOT NULL DEFAULT '0',
  `user_id` bigint(20) unsigned NOT NULL DEFAULT '0',
  PRIMARY KEY (`comment_ID`),
  KEY `comment_post_ID` (`comment_post_ID`),
  KEY `comment_approved_date_gmt` (`comment_approved`,`comment_date_gmt`),
  KEY `comment_date_gmt` (`comment_date_gmt`),
  KEY `comment_parent` (`comment_parent`),
  KEY `comment_author_email` (`comment_author_email`(10)),
  KEY `woo_idx_comment_type` (`comment_type`)
) ENGINE=InnoDB AUTO_INCREMENT=1288 DEFAULT CHARSET=utf8mb4 COLLATE=utf8mb4_unicode_ci;

--
-- Dumping data for table `wp_comments`
--

INSERT INTO `wp_comments` VALUES (949,66094,'‫WCMp','wcmp@luxury.test','','','2020-09-08 21:18:36','2020-09-08 18:18:36','Commission for order <a href=\"https://luxury.test/wp-admin/post.php?post=66093&action=edit\">(ID : 66093)</a> is created.',0,'1','WCMp','commission_note',0,0),(952,66097,'‫WCMp','wcmp@luxury.test','','','2020-09-08 21:20:06','2020-09-08 18:20:06','Commission for order <a href=\"https://luxury.test/wp-admin/post.php?post=66096&action=edit\">(ID : 66096)</a> is created.',0,'1','WCMp','commission_note',0,0),(955,66097,'‫WCMp','wcmp@luxury.test','','','2020-09-08 21:25:23','2020-09-08 18:25:23','Refunded <span class=\"woocommerce-Price-amount amount\"><bdi><span class=\"woocommerce-Price-currencySymbol\">&#x631;.&#x633;</span>79.00</bdi></span> from commission',0,'1','WCMp','commission_note',0,0),(964,88689,'‫WCMp','wcmp@luxury.test','','','2020-09-25 17:21:56','2020-09-25 14:21:56','Commission for order <a href=\"https://luxury.test/wp-admin/post.php?post=88688&action=edit\">(ID : 88688)</a> is created.',0,'1','WCMp','commission_note',0,0),(971,88693,'‫WCMp','wcmp@luxury.test','','','2020-09-25 19:04:00','2020-09-25 16:04:00','Commission for order <a href=\"https://luxury.test/wp-admin/post.php?post=88692&action=edit\">(ID : 88692)</a> is created.',0,'1','WCMp','commission_note',0,0),(975,88696,'‫WCMp','wcmp@luxury.test','','','2020-09-25 19:17:03','2020-09-25 16:17:03','Commission for order <a href=\"https://luxury.test/wp-admin/post.php?post=88695&action=edit\">(ID : 88695)</a> is created.',0,'1','WCMp','commission_note',0,0),(979,88699,'‫WCMp','wcmp@luxury.test','','','2020-09-25 19:35:30','2020-09-25 16:35:30','Commission for order <a href=\"https://luxury.test/wp-admin/post.php?post=88698&action=edit\">(ID : 88698)</a> is created.',0,'1','WCMp','commission_note',0,0),(985,88703,'‫WCMp','wcmp@luxury.test','','','2020-09-25 21:18:42','2020-09-25 18:18:42','Commission for order <a href=\"https://luxury.test/wp-admin/post.php?post=88702&action=edit\">(ID : 88702)</a> is created.',0,'1','WCMp','commission_note',0,0),(994,88703,'‫WCMp','wcmp@luxury.test','','','2020-09-25 21:25:45','2020-09-25 18:25:45','Refunded <span class=\"woocommerce-Price-amount amount\"><bdi><span class=\"woocommerce-Price-currencySymbol\">&#x631;.&#x633;</span>55.20</bdi></span> from commission',0,'1','WCMp','commission_note',0,0),(1004,88711,'‫WCMp','wcmp@luxury.test','','','2020-09-26 00:10:20','2020-09-25 21:10:20','Commission for order <a href=\"https://luxury.test/wp-admin/post.php?post=88710&action=edit\">(ID : 88710)</a> is created.',0,'1','WCMp','commission_note',0,0),(1008,88714,'WooCommerce','woocommerce@luxury.test','','','2020-09-26 22:48:46','2020-09-26 19:48:46','انخفاض مستويات المخزون: .زيت دركسون ابيض (GM10-5030/88865888) 3&rarr;1',0,'1','WooCommerce','order_note',0,0),(1009,88714,'WooCommerce','woocommerce@luxury.test','','','2020-09-26 22:48:47','2020-09-26 19:48:47','في انتظار دفع الشيك تغيّرت حالة الطلب من بانتظار الدفع إلى قيد الإنتظار.',0,'1','WooCommerce','order_note',0,0),(1010,88714,'WooCommerce','woocommerce@luxury.test','','','2020-09-26 22:53:09','2020-09-26 19:53:09','Order was shipped with SMSA Express and tracking number is: 123456789',0,'1','WooCommerce','order_note',0,0),(1011,88714,'WooCommerce','woocommerce@luxury.test','','','2020-09-26 22:53:10','2020-09-26 19:53:10','Order status changed from On hold to Shipped.',0,'1','WooCommerce','order_note',0,0),(1012,88714,'مشرف','ipartsksa@gmail.com','','','2020-09-26 22:53:55','2020-09-26 19:53:55','Order status changed from On hold to Shipped.',0,'1','WooCommerce','order_note',0,0),(1013,88714,'مشرف','ipartsksa@gmail.com','','','2020-09-27 00:49:32','2020-09-26 21:49:32','Order status changed from Shipped to Delivered.',0,'1','WooCommerce','order_note',0,0),(1018,88723,'‫WCMp','wcmp@luxury.test','','','2020-09-27 01:16:03','2020-09-26 22:16:03','Commission for order <a href=\"https://luxury.test/wp-admin/post.php?post=88722&action=edit\">(ID : 88722)</a> is created.',0,'1','WCMp','commission_note',0,0),(1022,88726,'‫WCMp','wcmp@luxury.test','','','2020-09-27 01:29:12','2020-09-26 22:29:12','Commission for order <a href=\"https://luxury.test/wp-admin/post.php?post=88725&action=edit\">(ID : 88725)</a> is created.',0,'1','WCMp','commission_note',0,0),(1026,88729,'‫WCMp','wcmp@luxury.test','','','2020-09-27 01:29:50','2020-09-26 22:29:50','Commission for order <a href=\"https://luxury.test/wp-admin/post.php?post=88728&action=edit\">(ID : 88728)</a> is created.',0,'1','WCMp','commission_note',0,0),(1034,88735,'‫WCMp','wcmp@luxury.test','','','2020-09-27 01:33:58','2020-09-26 22:33:58','Commission for order <a href=\"https://luxury.test/wp-admin/post.php?post=88734&action=edit\">(ID : 88734)</a> is created.',0,'1','WCMp','commission_note',0,0),(1038,88738,'‫WCMp','wcmp@luxury.test','','','2020-09-27 01:36:55','2020-09-26 22:36:55','Commission for order <a href=\"https://luxury.test/wp-admin/post.php?post=88737&action=edit\">(ID : 88737)</a> is created.',0,'1','WCMp','commission_note',0,0),(1054,88746,'WCMp','wcmp@luxury.test','','','2020-09-27 17:59:37','2020-09-27 14:59:37','Commission for order <a href=\"https://luxury.test/wp-admin/post.php?post=88745&action=edit\">(ID : 88745)</a> is created.',0,'1','WCMp','commission_note',0,0),(1056,88750,'WCMp','wcmp@luxury.test','','','2020-09-27 19:10:00','2020-09-27 16:10:00','Commission for order <a href=\"https://luxury.test/wp-admin/post.php?post=88749&action=edit\">(ID : 88749)</a> is created.',0,'1','WCMp','commission_note',0,0),(1062,88759,'WCMp','wcmp@luxury.test','','','2020-09-27 21:37:26','2020-09-27 18:37:26','Commission for order <a href=\"https://luxury.test/wp-admin/post.php?post=88758&action=edit\">(ID : 88758)</a> is created.',0,'1','WCMp','commission_note',0,0),(1070,88772,'WCMp','wcmp@luxury.test','','','2020-09-28 07:36:30','2020-09-28 04:36:30','Commission for order <a href=\"https://luxury.test/wp-admin/post.php?post=88771&action=edit\">(ID : 88771)</a> is created.',0,'1','WCMp','commission_note',0,0),(1073,88775,'‫WCMp','wcmp@luxury.test','','','2020-09-28 07:43:10','2020-09-28 04:43:10','Commission for order <a href=\"https://luxury.test/wp-admin/post.php?post=88774&action=edit\">(ID : 88774)</a> is created.',0,'1','WCMp','commission_note',0,0),(1091,88775,'‫WCMp','wcmp@luxury.test','','','2020-09-28 13:16:34','2020-09-28 10:16:34','Refunded <span class=\"woocommerce-Price-amount amount\"><bdi><span class=\"woocommerce-Price-currencySymbol\">&#x631;.&#x633;</span>1.82</bdi></span> from commission',0,'1','WCMp','commission_note',0,0),(1093,88775,'‫WCMp','wcmp@luxury.test','','','2020-09-28 13:16:36','2020-09-28 10:16:36','Refunded <span class=\"woocommerce-Price-amount amount\"><bdi><span class=\"woocommerce-Price-currencySymbol\">&#x631;.&#x633;</span>0.26</bdi></span> from commission',0,'1','WCMp','commission_note',0,0),(1097,88783,'‫WCMp','wcmp@luxury.test','','','2020-09-28 14:16:12','2020-09-28 11:16:12','Commission for order <a href=\"https://luxury.test/wp-admin/post.php?post=88782&action=edit\">(ID : 88782)</a> is created.',0,'1','WCMp','commission_note',0,0),(1125,88783,'‫WCMp','wcmp@luxury.test','','','2020-09-28 14:33:22','2020-09-28 11:33:22','Refunded <span class=\"woocommerce-Price-amount amount\"><bdi><span class=\"woocommerce-Price-currencySymbol\">&#x631;.&#x633;</span>99.03</bdi></span> from commission',0,'1','WCMp','commission_note',0,0),(1128,88788,'‫WCMp','wcmp@luxury.test','','','2020-09-28 14:44:24','2020-09-28 11:44:24','Commission for order <a href=\"https://luxury.test/wp-admin/post.php?post=88787&action=edit\">(ID : 88787)</a> is created.',0,'1','WCMp','commission_note',0,0),(1135,88788,'‫WCMp','wcmp@luxury.test','','','2020-09-28 15:05:21','2020-09-28 12:05:21','Refunded <span class=\"woocommerce-Price-amount amount\"><bdi><span class=\"woocommerce-Price-currencySymbol\">&#x631;.&#x633;</span>96.90</bdi></span> from commission',0,'1','WCMp','commission_note',0,0),(1136,88793,'‫WCMp','wcmp@luxury.test','','','2020-09-28 15:07:48','2020-09-28 12:07:48','Commission for order <a href=\"https://luxury.test/wp-admin/post.php?post=88792&action=edit\">(ID : 88792)</a> is created.',0,'1','WCMp','commission_note',0,0),(1143,88793,'‫WCMp','wcmp@luxury.test','','','2020-09-28 15:09:14','2020-09-28 12:09:14','Refunded <span class=\"woocommerce-Price-amount amount\"><bdi><span class=\"woocommerce-Price-currencySymbol\">&#x631;.&#x633;</span>96.90</bdi></span> from commission',0,'1','WCMp','commission_note',0,0),(1144,88798,'‫WCMp','wcmp@luxury.test','','','2020-09-28 15:11:09','2020-09-28 12:11:09','Commission for order <a href=\"https://luxury.test/wp-admin/post.php?post=88797&action=edit\">(ID : 88797)</a> is created.',0,'1','WCMp','commission_note',0,0),(1148,88798,'‫WCMp','wcmp@luxury.test','','','2020-09-28 15:16:11','2020-09-28 12:16:11','Refunded <span class=\"woocommerce-Price-amount amount\"><bdi><span class=\"woocommerce-Price-currencySymbol\">&#x631;.&#x633;</span>46.90</bdi></span> from commission',0,'1','WCMp','commission_note',0,0),(1150,88798,'‫WCMp','wcmp@luxury.test','','','2020-09-28 15:16:13','2020-09-28 12:16:13','Refunded <span class=\"woocommerce-Price-amount amount\"><bdi><span class=\"woocommerce-Price-currencySymbol\">&#x631;.&#x633;</span>7.00</bdi></span> from commission',0,'1','WCMp','commission_note',0,0),(1151,88804,'‫WCMp','wcmp@luxury.test','','','2020-09-28 15:18:16','2020-09-28 12:18:16','Commission for order <a href=\"https://luxury.test/wp-admin/post.php?post=88803&action=edit\">(ID : 88803)</a> is created.',0,'1','WCMp','commission_note',0,0),(1155,88804,'‫WCMp','wcmp@luxury.test','','','2020-09-28 15:23:04','2020-09-28 12:23:04','Refunded <span class=\"woocommerce-Price-amount amount\"><bdi><span class=\"woocommerce-Price-currencySymbol\">&#x631;.&#x633;</span>46.90</bdi></span> from commission',0,'1','WCMp','commission_note',0,0),(1157,88804,'‫WCMp','wcmp@luxury.test','','','2020-09-28 15:23:06','2020-09-28 12:23:06','Refunded <span class=\"woocommerce-Price-amount amount\"><bdi><span class=\"woocommerce-Price-currencySymbol\">&#x631;.&#x633;</span>7.00</bdi></span> from commission',0,'1','WCMp','commission_note',0,0),(1158,88810,'‫WCMp','wcmp@luxury.test','','','2020-09-28 15:35:03','2020-09-28 12:35:03','Commission for order <a href=\"https://luxury.test/wp-admin/post.php?post=88809&action=edit\">(ID : 88809)</a> is created.',0,'1','WCMp','commission_note',0,0),(1162,88810,'‫WCMp','wcmp@luxury.test','','','2020-09-28 15:36:23','2020-09-28 12:36:23','Refunded <span class=\"woocommerce-Price-amount amount\"><bdi><span class=\"woocommerce-Price-currencySymbol\">&#x631;.&#x633;</span>46.90</bdi></span> from commission',0,'1','WCMp','commission_note',0,0),(1167,88810,'‫WCMp','wcmp@luxury.test','','','2020-09-28 15:36:27','2020-09-28 12:36:27','Refunded <span class=\"woocommerce-Price-amount amount\"><bdi><span class=\"woocommerce-Price-currencySymbol\">&#x631;.&#x633;</span>92.00</bdi></span> from commission',0,'1','WCMp','commission_note',0,0),(1168,88817,'‫WCMp','wcmp@luxury.test','','','2020-09-28 19:10:56','2020-09-28 16:10:56','Commission for order <a href=\"https://luxury.test/wp-admin/post.php?post=88816&action=edit\">(ID : 88816)</a> is created.',0,'1','WCMp','commission_note',0,0),(1172,88817,'‫WCMp','wcmp@luxury.test','','','2020-09-28 21:08:47','2020-09-28 18:08:47','Refunded <span class=\"woocommerce-Price-amount amount\"><bdi><span class=\"woocommerce-Price-currencySymbol\">&#x631;.&#x633;</span>46.90</bdi></span> from commission',0,'1','WCMp','commission_note',0,0),(1174,88817,'‫WCMp','wcmp@luxury.test','','','2020-09-28 21:08:49','2020-09-28 18:08:49','Refunded <span class=\"woocommerce-Price-amount amount\"><bdi><span class=\"woocommerce-Price-currencySymbol\">&#x631;.&#x633;</span>7.00</bdi></span> from commission',0,'1','WCMp','commission_note',0,0),(1175,88835,'‫WCMp','wcmp@luxury.test','','','2020-09-29 11:25:40','2020-09-29 08:25:40','Commission for order <a href=\"https://luxury.test/wp-admin/post.php?post=88833&action=edit\">(ID : 88833)</a> is created.',0,'1','WCMp','commission_note',0,0),(1176,88836,'‫WCMp','wcmp@luxury.test','','','2020-09-29 11:25:40','2020-09-29 08:25:40','Commission for order <a href=\"https://luxury.test/wp-admin/post.php?post=88834&action=edit\">(ID : 88834)</a> is created.',0,'1','WCMp','commission_note',0,0),(1184,88840,'‫WCMp','wcmp@luxury.test','','','2020-09-30 04:48:03','2020-09-30 01:48:03','Commission for order <a href=\"https://luxury.test/wp-admin/post.php?post=88839&action=edit\">(ID : 88839)</a> is created.',0,'1','WCMp','commission_note',0,0),(1188,88845,'‫WCMp','wcmp@luxury.test','','','2020-10-02 19:46:58','2020-10-02 16:46:58','Commission for order <a href=\"https://luxury.test/wp-admin/post.php?post=88844&action=edit\">(ID : 88844)</a> is created.',0,'1','WCMp','commission_note',0,0),(1197,88872,'‫WCMp','wcmp@luxury.test','','','2020-10-05 18:18:54','2020-10-05 15:18:54','Commission for order <a href=\"https://luxury.test/wp-admin/post.php?post=88871&action=edit\">(ID : 88871)</a> is created.',0,'1','WCMp','commission_note',0,0),(1202,88875,'‫WCMp','wcmp@luxury.test','','','2020-10-05 18:22:24','2020-10-05 15:22:24','Commission for order <a href=\"https://luxury.test/wp-admin/post.php?post=88874&action=edit\">(ID : 88874)</a> is created.',0,'1','WCMp','commission_note',0,0),(1206,88878,'‫WCMp','wcmp@luxury.test','','','2020-10-05 18:31:32','2020-10-05 15:31:32','Commission for order <a href=\"https://luxury.test/wp-admin/post.php?post=88877&action=edit\">(ID : 88877)</a> is created.',0,'1','WCMp','commission_note',0,0),(1210,88884,'‫WCMp','wcmp@luxury.test','','','2020-10-05 18:58:41','2020-10-05 15:58:41','Commission for order <a href=\"https://luxury.test/wp-admin/post.php?post=88883&action=edit\">(ID : 88883)</a> is created.',0,'1','WCMp','commission_note',0,0),(1218,88887,'‫WCMp','wcmp@luxury.test','','','2020-10-09 19:21:08','2020-10-09 16:21:08','Commission for order <a href=\"https://luxury.test/wp-admin/post.php?post=88886&action=edit\">(ID : 88886)</a> is created.',0,'1','WCMp','commission_note',0,0),(1219,88885,'WooCommerce','woocommerce@luxury.test','','','2020-10-09 19:21:08','2020-10-09 16:21:08','في انتظار دفع الشيك تغيّرت حالة الطلب من بانتظار الدفع إلى قيد الإنتظار.',0,'1','WooCommerce','order_note',0,0),(1222,88885,'WooCommerce','woocommerce@luxury.test','','','2020-10-09 19:22:54','2020-10-09 16:22:54','Sync from vendor\'s suborders:  تغيّرت حالة الطلب من قيد الإنتظار إلى قيد التنفيذ.',0,'1','WooCommerce','order_note',0,0),(1224,88885,'WooCommerce','woocommerce@luxury.test','','','2020-10-09 19:23:11','2020-10-09 16:23:11','Sync from vendor\'s suborders:  تغيّرت حالة الطلب من قيد التنفيذ إلى بانتظار الدفع.',0,'1','WooCommerce','order_note',0,0),(1226,88885,'WooCommerce','woocommerce@luxury.test','','','2020-10-09 19:23:29','2020-10-09 16:23:29','Sync from vendor\'s suborders:  تغيّرت حالة الطلب من بانتظار الدفع إلى Shipped.',0,'1','WooCommerce','order_note',0,0),(1228,88885,'WooCommerce','woocommerce@luxury.test','','','2020-10-09 19:24:06','2020-10-09 16:24:06','Sync from vendor\'s suborders:  تغيّرت حالة الطلب من Shipped إلى Delivered.',0,'1','WooCommerce','order_note',0,0),(1230,88885,'WooCommerce','woocommerce@luxury.test','','','2020-10-09 19:24:31','2020-10-09 16:24:31','Sync from vendor\'s suborders:  تغيّرت حالة الطلب من Delivered إلى Partially Shipped.',0,'1','WooCommerce','order_note',0,0),(1232,88885,'WooCommerce','woocommerce@luxury.test','','','2020-10-09 19:24:43','2020-10-09 16:24:43','Sync from vendor\'s suborders:  تغيّرت حالة الطلب من Partially Shipped إلى Updated Tracking.',0,'1','WooCommerce','order_note',0,0),(1234,88885,'WooCommerce','woocommerce@luxury.test','','','2020-10-09 19:24:53','2020-10-09 16:24:53','Sync from vendor\'s suborders:  تغيّرت حالة الطلب من Updated Tracking إلى Delivered.',0,'1','WooCommerce','order_note',0,0),(1236,88885,'WooCommerce','woocommerce@luxury.test','','','2020-10-09 19:25:03','2020-10-09 16:25:03','Sync from vendor\'s suborders:  تغيّرت حالة الطلب من Delivered إلى قيد التنفيذ.',0,'1','WooCommerce','order_note',0,0),(1238,88885,'WooCommerce','woocommerce@luxury.test','','','2020-10-09 19:25:13','2020-10-09 16:25:13','Sync from vendor\'s suborders:  تغيّرت حالة الطلب من قيد التنفيذ إلى قيد الإنتظار.',0,'1','WooCommerce','order_note',0,0),(1240,88885,'WooCommerce','woocommerce@luxury.test','','','2020-10-09 19:25:31','2020-10-09 16:25:31','Sync from vendor\'s suborders:  تغيّرت حالة الطلب من قيد الإنتظار إلى Updated Tracking.',0,'1','WooCommerce','order_note',0,0),(1241,88887,'‫WCMp','wcmp@luxury.test','','','2020-10-09 19:25:44','2020-10-09 16:25:44','Refunded <span class=\"woocommerce-Price-amount amount\"><bdi><span class=\"woocommerce-Price-currencySymbol\">&#x631;.&#x633;</span>150.00</bdi></span> from commission',0,'1','WCMp','commission_note',0,0),(1244,88885,'WooCommerce','woocommerce@luxury.test','','','2020-10-09 19:25:45','2020-10-09 16:25:45','تم تعيين حالة الطلب إلى مبلغ مستردّ. لاسترداد الأموال إلى الزبون، ستحتاج إلى إصدار استرداد من خلال بوابة الدفع الخاصة بك.',0,'1','WooCommerce','order_note',0,0),(1245,88885,'WooCommerce','woocommerce@luxury.test','','','2020-10-09 19:25:45','2020-10-09 16:25:45','Sync from vendor\'s suborders:  تغيّرت حالة الطلب من Updated Tracking إلى مُسترّد.',0,'1','WooCommerce','order_note',0,0),(1247,88885,'WooCommerce','woocommerce@luxury.test','','','2020-10-09 19:25:56','2020-10-09 16:25:56','Sync from vendor\'s suborders:  تغيّرت حالة الطلب من مُسترّد إلى فشل.',0,'1','WooCommerce','order_note',0,0),(1249,88885,'WooCommerce','woocommerce@luxury.test','','','2020-10-09 19:26:05','2020-10-09 16:26:05','Sync from vendor\'s suborders:  تغيّرت حالة الطلب من فشل إلى بانتظار الدفع.',0,'1','WooCommerce','order_note',0,0),(1251,88885,'WooCommerce','woocommerce@luxury.test','','','2020-10-09 19:26:11','2020-10-09 16:26:11','Sync from vendor\'s suborders:  تغيّرت حالة الطلب من بانتظار الدفع إلى Shipped.',0,'1','WooCommerce','order_note',0,0),(1253,88885,'مشرف','ipartsksa@gmail.com','','','2020-10-10 10:45:50','2020-10-10 07:45:50','Order status changed from Shipped to Delivered.',0,'1','WooCommerce','order_note',0,0),(1260,1148,'John Γιάννης Doe Κάποιος','example@example.org','http://example.org/','','2012-09-03 10:18:04','2012-09-03 17:18:04','<strong>Headings</strong>\n<h1>Header one</h1>\n<h2>Header two</h2>\n<h3>Header three</h3>\n<h4>Header four</h4>\n<h5>Header five</h5>\n<h6>Header six</h6>\n<h2>Blockquotes</h2>\nSingle line blockquote:\n<blockquote>Stay hungry. Stay foolish.</blockquote>\nMulti line blockquote with a cite reference:\n<blockquote cite=\"https://developer.mozilla.org/en-US/docs/Web/HTML/Element/blockquote\"><p>The <strong>HTML <code>&lt;blockquote&gt;</code> Element</strong> (or <em>HTML Block Quotation Element</em>) indicates that the enclosed text is an extended quotation. Usually, this is rendered visually by indentation (see <a href=\"https://developer.mozilla.org/en-US/docs/HTML/Element/blockquote#Notes\" rel=\"nofollow ugc\">Notes</a> for how to change it). A URL for the source of the quotation may be given using the <strong>cite</strong> attribute, while a text representation of the source can be given using the <a href=\"https://developer.mozilla.org/en-US/docs/Web/HTML/Element/cite\" title=\"The HTML Citation Element &lt;cite&gt; represents a reference to a creative work. It must include the title of a work or a URL reference, which may be in an abbreviated form according to the conventions used for the addition of citation metadata.\" rel=\"nofollow ugc\"><code>&lt;cite&gt;</code></a> element.</p></blockquote>\n<cite>multiple contributors</cite> - MDN HTML element reference - blockquote\n<h2>Tables</h2>\n<table>\n<tbody>\n<tr>\n<th>Employee</th>\n<th class=\"views\">Salary</th>\n<th></th>\n</tr>\n<tr class=\"odd\">\n<td><a href=\"http://example.org/\" rel=\"nofollow ugc\">John Saddington</a></td>\n<td>$1</td>\n<td>Because that\'s all Steve Job\' needed for a salary.</td>\n</tr>\n<tr class=\"even\">\n<td><a href=\"http://example.org/\" rel=\"nofollow ugc\">Tom McFarlin</a></td>\n<td>$100K</td>\n<td>For all the blogging he does.</td>\n</tr>\n<tr class=\"odd\">\n<td><a href=\"http://example.org/\" rel=\"nofollow ugc\">Jared Erickson</a></td>\n<td>$100M</td>\n<td>Pictures are worth a thousand words, right? So Tom x 1,000.</td>\n</tr>\n<tr class=\"even\">\n<td><a href=\"http://example.org/\" rel=\"nofollow ugc\">Chris Ames</a></td>\n<td>$100B</td>\n<td>With hair like that?! Enough said...</td>\n</tr>\n</tbody>\n</table>\n<h2>Definition Lists</h2>\n<dl><dt>Definition List Title</dt><dd>Definition list division.</dd><dt>Startup</dt><dd>A startup company or startup is a company or temporary organization designed to search for a repeatable and scalable business model.</dd><dt>#dowork</dt><dd>Coined by Rob Dyrdek and his personal body guard Christopher \"Big Black\" Boykins, \"Do Work\" works as a self motivator, to motivating your friends.</dd><dt>Do It Live</dt><dd>I\'ll let Bill O\'Reilly will <a title=\"We&#039;ll Do It Live\" href=\"https://www.youtube.com/watch?v=O_HyZ5aW76c\" rel=\"nofollow ugc\">explain</a> this one.</dd></dl>\n<h2>Unordered Lists (Nested)</h2>\n<ul>\n	<li>List item one\n<ul>\n	<li>List item one\n<ul>\n	<li>List item one</li>\n	<li>List item two</li>\n	<li>List item three</li>\n	<li>List item four</li>\n</ul>\n</li>\n	<li>List item two</li>\n	<li>List item three</li>\n	<li>List item four</li>\n</ul>\n</li>\n	<li>List item two</li>\n	<li>List item three</li>\n	<li>List item four</li>\n</ul>\n<h2>Ordered List (Nested)</h2>\n<ol start=\"8\">\n 	<li>List item one -start at 8\n<ol>\n 	<li>List item one\n<ol reversed=\"reversed\">\n 	<li>List item one -reversed attribute</li>\n	<li>List item two</li>\n	<li>List item three</li>\n	<li>List item four</li>\n</ol>\n</li>\n	<li>List item two</li>\n	<li>List item three</li>\n	<li>List item four</li>\n</ol>\n</li>\n	<li>List item two</li>\n	<li>List item three</li>\n	<li>List item four</li>\n</ol>\n\n<h2>HTML Tags</h2>\nThese supported tags come from the WordPress.com code <a title=\"Code\" href=\"https://en.support.wordpress.com/code/\" rel=\"nofollow ugc\">FAQ</a>.\n\n<strong>Address Tag</strong>\n\n<address>1 Infinite Loop\nCupertino, CA 95014\nUnited States</address><strong>Anchor Tag (aka. Link)</strong>\n\nThis is an example of a <a title=\"WordPress Foundation\" href=\"//wordpressfoundation.org/\" rel=\"nofollow ugc\">link</a>.\n\n<strong>Abbreviation Tag</strong>\n\nThe abbreviation <abbr title=\"Seriously\">srsly</abbr> stands for \"seriously\".\n\n<strong>Acronym Tag (<em>deprecated in HTML5</em>)</strong>\n\nThe acronym <acronym title=\"For The Win\">ftw</acronym> stands for \"for the win\".\n\n<strong>Big Tag</strong> (<em>deprecated in HTML5</em>)\n\nThese tests are a <big>big</big> deal, but this tag is no longer supported in HTML5.\n\n<strong>Cite Tag</strong>\n\n\"Code is poetry.\" --<cite>Automattic</cite>\n\n<strong>Code Tag</strong>\n\nThis tag styles blocks of code.\n<code>.post-title {\n	margin: 0 0 5px;\n	font-weight: bold;\n	font-size: 38px;\n	line-height: 1.2;\n	and here\'s a line of some really, really, really, really long text, just to see how it is handled and to find out how it overflows;\n}</code>\nYou will learn later on in these tests that <code>word-wrap: break-word;</code> will be your best friend.\n\n<strong>Delete Tag</strong>\n\nThis tag will let you <del cite=\"deleted it\">strike out text</del>, but this tag is <em>recommended</em> supported in HTML5 (use the <code>&lt;s&gt;</code> instead).\n\n<strong>Emphasize Tag</strong>\n\nThe emphasize tag should <em>italicize</em> <i>text</i>.\n\n<strong>Horizontal Rule Tag</strong>\n\n<hr />\n\nThis sentence is following a <code>&lt;hr /&gt;</code> tag.\n\n<strong>Insert Tag</strong>\n\nThis tag should denote <ins cite=\"inserted it\">inserted</ins> text.\n\n<strong>Keyboard Tag</strong>\n\nThis scarcely known tag emulates <kbd>keyboard text</kbd>, which is usually styled like the <code>&lt;code&gt;</code> tag.\n\n<strong>Preformatted Tag</strong>\n\nThis tag is for preserving whitespace as typed, such as in poetry or ASCII art.\n<h2>The Road Not Taken</h2>\n<pre>\n<cite>Robert Frost</cite>\n\n  Two roads diverged in a yellow wood,\n  And sorry I could not travel both          (\\_/)\n  And be one traveler, long I stood         (=\'.\'=)\n  And looked down one as far as I could     (\")_(\")\n  To where it bent in the undergrowth;\n\n  Then took the other, as just as fair,\n  And having perhaps the better claim,          |\\_/|\n  Because it was grassy and wanted wear;       / @ @ \\\n  Though as for that the passing there        ( &gt; º &lt; )\n  Had worn them really about the same,         `&gt;&gt;x&lt;&lt;´\n                                               /  O  \\\n  And both that morning equally lay\n  In leaves no step had trodden black.\n  Oh, I kept the first for another day!\n  Yet knowing how way leads on to way,\n  I doubted if I should ever come back.\n\n  I shall be telling this with a sigh\n  Somewhere ages and ages hence:\n  Two roads diverged in a wood, and I—\n  I took the one less traveled by,\n  And that has made all the difference.\n\n\n  and here\'s a line of some really, really, really, really long text, just to see how it is handled and to find out how it overflows;\n</pre>\n\n<strong>Quote Tag</strong> for short, inline quotes\n\n<q>Developers, developers, developers...</q> --Steve Ballmer\n\n<strong>Subscript Tag</strong>\n\nGetting our science styling on with H<sub>2</sub>O, which should push the \"2\" down.\n\n<strong>Superscript Tag</strong>\n\nStill sticking with science and Albert Einstein\'s E = MC<sup>2</sup>, which should lift the 2 up.',0,'1','','comment',0,0),(1261,1148,'Anonymous User','fake@example.com','','','2013-03-11 23:45:54','2013-03-12 04:45:54','This user it trying to be anonymous.\n\n\n    They used a fake email, so there should be no <a href=\"https://gravatar.com//\" title=\"Gravatar\" rel=\"nofollow ugc\">Gravatar</a> associated with it.\n    They did not speify a website, so there should be no link to it in the comment.\n',0,'1','','comment',0,0),(1262,1148,'Jane Doe','example@example.org','http://example.org/','','2013-03-12 13:17:35','2013-03-12 20:17:35','Comments? I love comments!',0,'1','','comment',0,0),(1263,1148,'John Γιανης Doe Κάποιος','example@example.org','http://example.org','','2013-03-14 07:53:26','2013-03-14 14:53:26','These tests are amazing!',0,'1','','comment',0,0),(1264,1148,'themedemos','themeshaperwp+demos@gmail.com','https://wpthemetestdata.wordpress.com/','','2013-03-14 07:56:46','2013-03-14 14:56:46','Author Comment.',0,'trash','','comment',0,0),(1265,1148,'John Κώστας Doe Τάδε','example@example.org','http://example.org/','','2013-03-14 07:57:01','2013-03-14 14:57:01','Comment Depth 01',0,'trash','','comment',0,0),(1266,1148,'Jane Bloggs','example@example.org','http://example.org/','','2013-03-14 08:01:21','2013-03-14 15:01:21','Comment Depth 02',0,'trash','','comment',1265,0),(1267,1148,'Fred Bloggs','example@example.org','http://example.org/','','2013-03-14 08:02:06','2013-03-14 15:02:06','Comment Depth 03',0,'trash','','comment',1266,0),(1268,1148,'Fred Bloggs','example@example.org','http://example.org/','','2013-03-14 08:03:22','2013-03-14 15:03:22','Comment Depth 04',0,'trash','','comment',1267,0),(1269,1148,'themedemos','themeshaperwp+demos@gmail.com','https://wpthemetestdata.wordpress.com/','','2013-03-14 08:10:29','2013-03-14 15:10:29','Comment Depth 05\n\nAlso an author comment.',0,'trash','','comment',1268,0),(1270,1148,'Jane Bloggs','example@example.org','http://example.org/','','2013-03-14 08:12:16','2013-03-14 15:12:16','Comment Depth 06 has some more text than some of the other comments on this post.',0,'trash','','comment',1269,0),(1271,1148,'Joe Bloggs','example@example.org','http://example.org/','','2013-03-14 08:12:58','2013-03-14 15:12:58','Comment Depth 07 has a little bit.',0,'trash','','comment',1270,0),(1272,1148,'Jane Bloggs','example@example.org','http://example.org/','','2013-03-14 08:13:42','2013-03-14 15:13:42','Comment Depth 08',0,'trash','','comment',1271,0),(1273,1148,'Joe Bloggs','example@example.org','http://example.org/','','2013-03-14 08:14:13','2013-03-14 15:14:13','Comment Depth 09 is way nested, but there are a lot of sites with very nested comments.',0,'trash','','comment',1272,0),(1274,1148,'themedemos','themeshaperwp+demos@gmail.com','https://wpthemetestdata.wordpress.com/','','2013-03-14 08:14:47','2013-03-14 15:14:47','Comment Depth 10\n\nAlso an author comment.',0,'trash','','comment',1273,0),(1275,1148,'Jane Doe','example@example.org','http://example.org/','','2013-03-14 09:56:43','2013-03-14 16:56:43','Image comment.\n    <img src=\"https://wpthemetestdata.files.wordpress.com/2008/06/dsc20050102_192118_51.jpg?w=171&h=128\" alt=\"Albany wind-farm against the sunset, Western Australia\" />\n    If the image imports...\n    ',0,'trash','','comment',0,0),(1276,1148,'John Μαρία Doe Ντουε','example@example.org','http://example.org/','','2013-03-14 11:23:24','2013-03-14 18:23:24','We are totally going to blog about these tests Σίγουρα θα σχολιάσουμε τα τεστς!',0,'trash','','comment',0,0),(1277,1148,'John Doe','example@example.org','http://example.org/','','2013-03-14 11:27:54','2013-03-14 18:27:54','We use these tests all the time! Killer stuff!',0,'trash','','comment',0,0),(1278,1148,'Jane Doe','example@example.org','http://example.org/','','2013-03-14 11:30:33','2013-03-14 18:30:33','Thanks for all the comments, everyone!',0,'trash','','comment',0,0),(1279,1148,'auser','auser@example.com','','','2014-09-29 02:52:15','2014-09-29 09:52:15','this is test comment\n\n    	Feeling testy?',0,'trash','','comment',0,0),(1280,1149,'Ping 1 &laquo; What&#8217;s a tellyworth?','','http://tellyworth.wordpress.com/2007/11/21/ping-1/','','2007-11-21 11:31:12','2007-11-21 01:31:12','[...] Trackback test. [...]',0,'1','','trackback',0,0),(1281,1149,'Ping 2 with a much longer title than the previous ping, which was called Ping 1 &laquo; What&#8217;s a tellyworth?','','http://tellyworth.wordpress.com/2007/11/21/ping-2-with-a-much-longer-title-than-the-previous-ping-which-was-called-ping-1/','','2007-11-21 11:35:47','2007-11-21 01:35:47','[...] Another trackback test.  Lorem ipsum dolor sit amet, consectetuer adipiscing elit. Donec hendrerit gravida nisi. Praesent libero odio, tincidunt nec, fringilla et, mollis ut, ipsum. Proin a lacus quis nisi pulvinar bibendum. Donec massa justo, dapibus at, imperdiet vestibulum, dapibus in, leo. Donec pretium tellus in dui. Phasellus tristique aliquet justo. Donec sodales. Nulla urna mi, molestie ac, malesuada sit amet, sagittis id, lacus. Mauris auctor leo ac justo. Proin convallis. Nulla eleifend dictum mi. Donec at lectus. Integer augue sapien, ornare vitae, rhoncus quis, rhoncus sed, sapien. Nunc mattis diam sodales diam.Etiam porttitor, ante sed varius semper, ante arcu rutrum tortor, at luctus nunc urna id nibh. Fusce sodales. Integer sed ligula. Donec posuere, nibh aliquet auctor congue, augue est porttitor odio, imperdiet facilisis tortor urna vel mauris. Pellentesque pretium, lorem non pellentesque varius, elit diam ultrices mi, sed posuere sapien lectus sed mi. Donec vestibulum urna. Donec gravida elit et enim. Ut dignissim neque ut erat. Morbi tincidunt nunc vitae lorem. Morbi rhoncus mi. Praesent facilisis tincidunt enim. Ut pulvinar. Suspendisse potenti. Vivamus turpis odio, porta at, malesuada in, iaculis eget, odio. Aenean faucibus, urna quis congue dignissim, orci tellus ornare leo, eget viverra ante ipsum sit amet magna. Suspendisse mattis nunc at justo. Nullam malesuada lobortis lorem. Morbi ultricies. Nam risus erat, sagittis ut, tristique rhoncus, luctus id, ante. Maecenas ac dui. [...]',0,'1','','trackback',0,0),(1282,1149,'Ping 4 &laquo; What&#8217;s a tellyworth?','','http://tellyworth.wordpress.com/2007/11/21/ping-4/','','2007-11-21 11:39:25','2007-11-21 01:39:25','[...] Another short one. [...]',0,'1','','pingback',0,0),(1283,1149,'Ping 3 &laquo; What&#8217;s a tellyworth?','','http://tellyworth.wordpress.com/2007/11/21/ping-3/','','2007-11-21 11:38:22','2007-11-21 01:38:22','[...] Just a short one. [...]',0,'1','','pingback',0,0),(1284,1149,'John Doe','example@example.org','http://example.org/','','2010-06-11 15:27:04','2010-06-11 22:27:04','This is a comment amongst pingbacks and trackbacks.',0,'1','','comment',0,0),(1285,1168,'Jane Doe','example@example.org','http://example.org/','','2013-03-14 11:56:08','2013-03-14 18:56:08','This comment should not be visible until the password is entered.',0,'trash','','comment',0,0),(1286,1170,'John Doe','example@example.org','http://example.org/','','2013-03-14 12:35:07','2013-03-14 19:35:07','Having no content in the post should have no adverse effects on the layout or functionality.',0,'trash','','comment',0,0),(1287,91131,'Tester','Tester@web.com','','192.168.10.1','2020-11-29 12:48:07','2020-11-29 09:48:07','Great !',0,'1','Mozilla/5.0 (Windows NT 10.0; Win64; x64) AppleWebKit/537.36 (KHTML, like Gecko) Chrome/87.0.4280.66 Safari/537.36','review',0,0);

--
-- Table structure for table `wp_erp_peoples`
--

CREATE TABLE `wp_erp_peoples` (
  `id` bigint(20) unsigned NOT NULL AUTO_INCREMENT,
  `user_id` bigint(20) unsigned DEFAULT '0',
  `first_name` varchar(60) COLLATE utf8mb4_unicode_ci DEFAULT NULL,
  `last_name` varchar(60) COLLATE utf8mb4_unicode_ci DEFAULT NULL,
  `company` varchar(60) COLLATE utf8mb4_unicode_ci DEFAULT NULL,
  `email` varchar(100) COLLATE utf8mb4_unicode_ci DEFAULT NULL,
  `phone` varchar(20) COLLATE utf8mb4_unicode_ci DEFAULT NULL,
  `mobile` varchar(20) COLLATE utf8mb4_unicode_ci DEFAULT NULL,
  `other` varchar(50) COLLATE utf8mb4_unicode_ci DEFAULT NULL,
  `website` varchar(100) COLLATE utf8mb4_unicode_ci DEFAULT NULL,
  `fax` varchar(20) COLLATE utf8mb4_unicode_ci DEFAULT NULL,
  `notes` text COLLATE utf8mb4_unicode_ci,
  `street_1` varchar(255) COLLATE utf8mb4_unicode_ci DEFAULT NULL,
  `street_2` varchar(255) COLLATE utf8mb4_unicode_ci DEFAULT NULL,
  `city` varchar(80) COLLATE utf8mb4_unicode_ci DEFAULT NULL,
  `state` varchar(50) COLLATE utf8mb4_unicode_ci DEFAULT NULL,
  `postal_code` varchar(10) COLLATE utf8mb4_unicode_ci DEFAULT NULL,
  `country` varchar(20) COLLATE utf8mb4_unicode_ci DEFAULT NULL,
  `currency` varchar(5) COLLATE utf8mb4_unicode_ci DEFAULT NULL,
  `life_stage` varchar(100) COLLATE utf8mb4_unicode_ci DEFAULT NULL,
  `contact_owner` bigint(20) DEFAULT NULL,
  `hash` varchar(40) COLLATE utf8mb4_unicode_ci DEFAULT NULL,
  `created_by` bigint(20) DEFAULT NULL,
  `created` datetime DEFAULT NULL,
  PRIMARY KEY (`id`),
  KEY `user_id` (`user_id`),
  KEY `first_name` (`first_name`),
  KEY `last_name` (`last_name`),
  KEY `email` (`email`)
) ENGINE=MyISAM AUTO_INCREMENT=9 DEFAULT CHARSET=utf8mb4 COLLATE=utf8mb4_unicode_ci;

--
-- Dumping data for table `wp_erp_peoples`
--

INSERT INTO `wp_erp_peoples` VALUES (1,1,'ibrahim','q',NULL,'aljefry.ebb@gmail.com','05657572','','','','','','st60','','makkah','makkah','00966','SA',NULL,'subscriber',1,'f42eee28e6a97adc5dd2330c7b02675b3e8d0df0',1,'2019-12-19 15:35:36'),(2,2,'iparts','(company)','iparts','alfaris.ebb@gmail.com','05657572','','','','','','','','','Makkah','','SA','','lead',NULL,'fe07c2c5206f025046d53cd2b365e1088e085ac8',1,'2019-12-19 15:36:22'),(3,3,'omar','khaled',NULL,'test0001@gmail.com','','',NULL,NULL,NULL,NULL,NULL,NULL,NULL,NULL,NULL,NULL,NULL,NULL,1,'fbfdb6dde688edf423ec4b22b55680280cbeb625',1,'2019-12-19 21:42:41'),(4,4,'ahmed','khaled',NULL,'test01111@gmail.com','','',NULL,NULL,NULL,NULL,NULL,NULL,NULL,NULL,NULL,NULL,NULL,NULL,1,'2ab6b6e0832db58f3fd2ef6ed1ffa81ce3f5785f',1,'2019-12-19 21:44:24'),(5,5,'ahmed','khaled',NULL,'test01122@gmail.com','','',NULL,NULL,NULL,NULL,NULL,NULL,NULL,NULL,NULL,NULL,NULL,NULL,1,'e586685f374e53cf3b463698ded2104914e262f8',1,'2019-12-19 22:53:02'),(6,NULL,'bin','saqu','parts','sldfsdf@gmail.com','68465145135','',NULL,'','','','','','',NULL,'',NULL,NULL,NULL,NULL,'6e8ac7d6eadc801d8f007ffba57fa0e610f8e1e9',1,'2019-12-19 22:59:20'),(7,NULL,'ahmed','moahmed',NULL,'ea2@hotmail.com','1005851101',NULL,NULL,NULL,NULL,NULL,'kanal elswis 49 St','','Mansoura, Mansoura Qism 2, Mansoura, Dakahlia Governorate, Egypt','Ad Daqahlīyah','35111','EG',NULL,'opportunity',1,'2c1bd5858ba8a2b83425a842bcd71c6a7a5484da',1,'2019-12-28 00:21:48'),(8,NULL,'Abdallah','Sultan',NULL,'test@test.com','01000000000',NULL,NULL,NULL,NULL,NULL,', Alsadr ST','partment 12','Mansoura','Dakahlia','35111','EG',NULL,'subscriber',1,'0bca31f1bd86f36f0a827fe0e07664f6f981d85e',1,'2020-01-01 14:02:50');

--
-- Table structure for table `wp_erp_wc_order_product`
--

CREATE TABLE `wp_erp_wc_order_product` (
  `id` int(11) unsigned NOT NULL AUTO_INCREMENT,
  `order_id` bigint(20) DEFAULT NULL,
  `product_id` bigint(20) DEFAULT NULL,
  PRIMARY KEY (`id`),
  KEY `order_id` (`order_id`),
  KEY `product_id` (`product_id`)
) ENGINE=MyISAM AUTO_INCREMENT=22 DEFAULT CHARSET=utf8mb4 COLLATE=utf8mb4_unicode_ci;

--
-- Dumping data for table `wp_erp_wc_order_product`
--

INSERT INTO `wp_erp_wc_order_product` VALUES (1,184,0),(2,184,0),(3,4200,3116),(4,4202,3116),(5,4204,3116),(6,4206,3116),(7,4208,1918),(8,4212,3116),(9,4214,3116),(10,4216,3116),(11,4218,3116),(12,4220,3116),(13,4222,3116),(14,4224,3135),(15,4224,3116),(16,4226,3116),(17,4230,3116),(18,4228,3116),(19,4232,3116),(20,4234,1973),(21,4236,3116);

--
-- Table structure for table `wp_icl_content_status`
--

CREATE TABLE `wp_icl_content_status` (
  `rid` bigint(20) NOT NULL,
  `nid` bigint(20) NOT NULL,
  `timestamp` datetime NOT NULL,
  `md5` varchar(32) COLLATE utf8mb4_unicode_ci NOT NULL,
  PRIMARY KEY (`rid`),
  KEY `nid` (`nid`)
) ENGINE=InnoDB DEFAULT CHARSET=utf8mb4 COLLATE=utf8mb4_unicode_ci;

--
-- Dumping data for table `wp_icl_content_status`
--


--
-- Table structure for table `wp_icl_core_status`
--

CREATE TABLE `wp_icl_core_status` (
  `id` bigint(20) NOT NULL AUTO_INCREMENT,
  `rid` bigint(20) NOT NULL,
  `module` varchar(16) COLLATE utf8mb4_unicode_ci NOT NULL,
  `origin` varchar(64) COLLATE utf8mb4_unicode_ci NOT NULL,
  `target` varchar(64) COLLATE utf8mb4_unicode_ci NOT NULL,
  `status` smallint(6) NOT NULL,
  `tp_revision` int(11) NOT NULL DEFAULT '1',
  `ts_status` text COLLATE utf8mb4_unicode_ci,
  PRIMARY KEY (`id`),
  KEY `rid` (`rid`)
) ENGINE=InnoDB DEFAULT CHARSET=utf8mb4 COLLATE=utf8mb4_unicode_ci;

--
-- Dumping data for table `wp_icl_core_status`
--


--
-- Table structure for table `wp_icl_flags`
--

CREATE TABLE `wp_icl_flags` (
  `id` int(11) NOT NULL AUTO_INCREMENT,
  `lang_code` varchar(10) COLLATE utf8mb4_unicode_ci NOT NULL,
  `flag` varchar(32) COLLATE utf8mb4_unicode_ci NOT NULL,
  `from_template` tinyint(4) NOT NULL DEFAULT '0',
  PRIMARY KEY (`id`),
  UNIQUE KEY `lang_code` (`lang_code`)
) ENGINE=InnoDB AUTO_INCREMENT=65 DEFAULT CHARSET=utf8mb4 COLLATE=utf8mb4_unicode_ci;

--
-- Dumping data for table `wp_icl_flags`
--

INSERT INTO `wp_icl_flags` VALUES (1,'ar','ar.png',0),(2,'bg','bg.png',0),(3,'bn','bn.png',0),(4,'bs','bs.png',0),(5,'ca','ca.png',0),(6,'cs','cs.png',0),(7,'cy','cy.png',0),(8,'da','da.png',0),(9,'de','de.png',0),(10,'el','el.png',0),(11,'en','en.png',0),(12,'eo','eo.png',0),(13,'es','es.png',0),(14,'et','et.png',0),(15,'eu','eu.png',0),(16,'fa','fa.png',0),(17,'fi','fi.png',0),(18,'fr','fr.png',0),(19,'ga','ga.png',0),(20,'gl','gl.png',0),(21,'he','he.png',0),(22,'hi','hi.png',0),(23,'hr','hr.png',0),(24,'hu','hu.png',0),(25,'hy','hy.png',0),(26,'id','id.png',0),(27,'is','is.png',0),(28,'it','it.png',0),(29,'ja','ja.png',0),(30,'ko','ko.png',0),(31,'ku','ku.png',0),(32,'lt','lt.png',0),(33,'lv','lv.png',0),(34,'mk','mk.png',0),(35,'mn','mn.png',0),(36,'ms','ms.png',0),(37,'mt','mt.png',0),(38,'ne','ne.png',0),(39,'nl','nl.png',0),(40,'no','no.png',0),(41,'pa','pa.png',0),(42,'pl','pl.png',0),(43,'pt-br','pt-br.png',0),(44,'pt-pt','pt-pt.png',0),(45,'qu','qu.png',0),(46,'ro','ro.png',0),(47,'ru','ru.png',0),(48,'sk','sk.png',0),(49,'sl','sl.png',0),(50,'so','so.png',0),(51,'sq','sq.png',0),(52,'sr','sr.png',0),(53,'sv','sv.png',0),(54,'ta','ta.png',0),(55,'th','th.png',0),(56,'tr','tr.png',0),(57,'uk','uk.png',0),(58,'ur','ur.png',0),(59,'uz','uz.png',0),(60,'vi','vi.png',0),(61,'yi','yi.png',0),(62,'zh-hans','zh.png',0),(63,'zh-hant','zh.png',0),(64,'zu','zu.png',0);

--
-- Table structure for table `wp_icl_languages`
--

CREATE TABLE `wp_icl_languages` (
  `id` int(11) NOT NULL AUTO_INCREMENT,
  `code` varchar(7) COLLATE utf8mb4_unicode_ci NOT NULL,
  `english_name` varchar(128) COLLATE utf8mb4_unicode_ci NOT NULL,
  `major` tinyint(4) NOT NULL DEFAULT '0',
  `active` tinyint(4) NOT NULL,
  `default_locale` varchar(35) COLLATE utf8mb4_unicode_ci DEFAULT NULL,
  `tag` varchar(35) COLLATE utf8mb4_unicode_ci DEFAULT NULL,
  `encode_url` tinyint(1) NOT NULL DEFAULT '0',
  PRIMARY KEY (`id`),
  UNIQUE KEY `code` (`code`),
  UNIQUE KEY `english_name` (`english_name`)
) ENGINE=InnoDB AUTO_INCREMENT=65 DEFAULT CHARSET=utf8mb4 COLLATE=utf8mb4_unicode_ci;

--
-- Dumping data for table `wp_icl_languages`
--

INSERT INTO `wp_icl_languages` VALUES (1,'en','English',1,1,'en_US','en',0),(2,'es','Spanish',1,0,'es_ES','es',0),(3,'de','German',1,0,'de_DE','de',0),(4,'fr','French',1,0,'fr_FR','fr',0),(5,'ar','Arabic',0,1,'ar','ar',0),(6,'bs','Bosnian',0,0,'bs_BA','bs',0),(7,'bg','Bulgarian',0,0,'bg_BG','bg',0),(8,'ca','Catalan',0,0,'ca','ca',0),(9,'cs','Czech',0,0,'cs_CZ','cs',0),(10,'sk','Slovak',0,0,'sk_SK','sk',0),(11,'cy','Welsh',0,0,'cy_GB','cy',0),(12,'da','Danish',1,0,'da_DK','da',0),(13,'el','Greek',0,0,'el','el',0),(14,'eo','Esperanto',0,0,'eo_UY','eo',0),(15,'et','Estonian',0,0,'et','et',0),(16,'eu','Basque',0,0,'eu_ES','eu',0),(17,'fa','Persian',0,0,'fa_IR','fa',0),(18,'fi','Finnish',0,0,'fi','fi',0),(19,'ga','Irish',0,0,'ga_IE','ga',0),(20,'he','Hebrew',0,0,'he_IL','he',0),(21,'hi','Hindi',0,0,'hi_IN','hi',0),(22,'hr','Croatian',0,0,'hr','hr',0),(23,'hu','Hungarian',0,0,'hu_HU','hu',0),(24,'hy','Armenian',0,0,'hy_AM','hy',0),(25,'id','Indonesian',0,0,'id_ID','id',0),(26,'is','Icelandic',0,0,'is_IS','is',0),(27,'it','Italian',1,0,'it_IT','it',0),(28,'ja','Japanese',1,0,'ja','ja',0),(29,'ko','Korean',0,0,'ko_KR','ko',0),(30,'ku','Kurdish',0,0,'ckb','ku',0),(31,'lv','Latvian',0,0,'lv_LV','lv',0),(32,'lt','Lithuanian',0,0,'lt_LT','lt',0),(33,'mk','Macedonian',0,0,'mk_MK','mk',0),(34,'mt','Maltese',0,0,'mt_MT','mt',0),(35,'mn','Mongolian',0,0,'mn_MN','mn',0),(36,'ne','Nepali',0,0,'ne','ne',0),(37,'nl','Dutch',1,0,'nl_NL','nl',0),(38,'no','Norwegian Bokmål',0,0,'nb_NO','no',0),(39,'pa','Punjabi',0,0,'','pa',0),(40,'pl','Polish',0,0,'pl_PL','pl',0),(41,'pt-pt','Portuguese, Portugal',0,0,'pt_PT','pt-pt',0),(42,'pt-br','Portuguese, Brazil',0,0,'pt_BR','pt-br',0),(43,'qu','Quechua',0,0,'quz_PE','qu',0),(44,'ro','Romanian',0,0,'ro_RO','ro',0),(45,'ru','Russian',1,0,'ru_RU','ru',0),(46,'sl','Slovenian',0,0,'sl_SI','sl',0),(47,'so','Somali',0,0,'so_SO','so',0),(48,'sq','Albanian',0,0,'sq_AL','sq',0),(49,'sr','Serbian',0,0,'sr_RS','sr',0),(50,'sv','Swedish',0,0,'sv_SE','sv',0),(51,'ta','Tamil',0,0,'ta_IN','ta',0),(52,'th','Thai',0,0,'th','th',0),(53,'tr','Turkish',0,0,'tr_TR','tr',0),(54,'uk','Ukrainian',0,0,'uk','uk',0),(55,'ur','Urdu',0,0,'uz_UZ','ur',0),(56,'uz','Uzbek',0,0,'uz_UZ','uz',0),(57,'vi','Vietnamese',0,0,'vi_VN','vi',0),(58,'yi','Yiddish',0,0,'','yi',0),(59,'zh-hans','Chinese (Simplified)',1,0,'zh_CN','zh-hans',0),(60,'zu','Zulu',0,0,'','zu',0),(61,'zh-hant','Chinese (Traditional)',1,0,'zh_TW','zh-hant',0),(62,'ms','Malay',0,0,'ms_MY','ms',0),(63,'gl','Galician',0,0,'gl_ES','gl',0),(64,'bn','Bengali',0,0,'bn_BD','bn',0);

--
-- Table structure for table `wp_icl_languages_translations`
--

CREATE TABLE `wp_icl_languages_translations` (
  `id` int(11) NOT NULL AUTO_INCREMENT,
  `language_code` varchar(7) COLLATE utf8mb4_unicode_ci NOT NULL,
  `display_language_code` varchar(7) COLLATE utf8mb4_unicode_ci NOT NULL,
  `name` varchar(255) COLLATE utf8mb4_unicode_ci NOT NULL,
  PRIMARY KEY (`id`),
  UNIQUE KEY `language_code` (`language_code`,`display_language_code`)
) ENGINE=InnoDB AUTO_INCREMENT=4097 DEFAULT CHARSET=utf8mb4 COLLATE=utf8mb4_unicode_ci;

--
-- Dumping data for table `wp_icl_languages_translations`
--

INSERT INTO `wp_icl_languages_translations` VALUES (1,'en','en','English'),(2,'en','es','Inglés'),(3,'en','de','Englisch'),(4,'en','fr','Anglais'),(5,'en','ar','الإنجليزية'),(6,'en','bs','English'),(7,'en','bg','Английски'),(8,'en','ca','English'),(9,'en','cs','Angličtina'),(10,'en','sk','Angličtina'),(11,'en','cy','English'),(12,'en','da','English'),(13,'en','el','Αγγλικα'),(14,'en','eo','English'),(15,'en','et','English'),(16,'en','eu','English'),(17,'en','fa','English'),(18,'en','fi','englanti'),(19,'en','ga','English'),(20,'en','he','אנגלית'),(21,'en','hi','English'),(22,'en','hr','Engleski'),(23,'en','hu','angol'),(24,'en','hy','English'),(25,'en','id','English'),(26,'en','is','English'),(27,'en','it','Inglese'),(28,'en','ja','英語'),(29,'en','ko','영어'),(30,'en','ku','English'),(31,'en','lv','English'),(32,'en','lt','English'),(33,'en','mk','English'),(34,'en','mt','English'),(35,'en','mn','English'),(36,'en','ne','English'),(37,'en','nl','Engels'),(38,'en','no','Engelsk'),(39,'en','pa','English'),(40,'en','pl','angielski'),(41,'en','pt-pt','Inglês'),(42,'en','pt-br','Inglês'),(43,'en','qu','English'),(44,'en','ro','Engleză'),(45,'en','ru','Английский'),(46,'en','sl','Angleščina'),(47,'en','so','English'),(48,'en','sq','English'),(49,'en','sr','енглески'),(50,'en','sv','Engelska'),(51,'en','ta','English'),(52,'en','th','อังกฤษ'),(53,'en','tr','İngilizce'),(54,'en','uk','English'),(55,'en','ur','English'),(56,'en','uz','English'),(57,'en','vi','English'),(58,'en','yi','English'),(59,'en','zh-hans','英语'),(60,'en','zu','English'),(61,'en','zh-hant','英語'),(62,'en','ms','English'),(63,'en','gl','English'),(64,'en','bn','English'),(65,'es','en','Spanish'),(66,'es','es','Español'),(67,'es','de','Spanisch'),(68,'es','fr','Espagnol'),(69,'es','ar','الأسبانية'),(70,'es','bs','Spanish'),(71,'es','bg','Испански'),(72,'es','ca','Spanish'),(73,'es','cs','Španělský'),(74,'es','sk','Španielčina'),(75,'es','cy','Spanish'),(76,'es','da','Spanish'),(77,'es','el','Ισπανικα'),(78,'es','eo','Spanish'),(79,'es','et','Spanish'),(80,'es','eu','Spanish'),(81,'es','fa','Spanish'),(82,'es','fi','espanja'),(83,'es','ga','Spanish'),(84,'es','he','ספרדית'),(85,'es','hi','Spanish'),(86,'es','hr','španjolski'),(87,'es','hu','spanyol'),(88,'es','hy','Spanish'),(89,'es','id','Spanish'),(90,'es','is','Spanish'),(91,'es','it','Spagnolo'),(92,'es','ja','スペイン語'),(93,'es','ko','스페인어'),(94,'es','ku','Spanish'),(95,'es','lv','Spanish'),(96,'es','lt','Spanish'),(97,'es','mk','Spanish'),(98,'es','mt','Spanish'),(99,'es','mn','Spanish'),(100,'es','ne','Spanish'),(101,'es','nl','Spaans'),(102,'es','no','Spansk'),(103,'es','pa','Spanish'),(104,'es','pl','hiszpański'),(105,'es','pt-pt','Espanhol'),(106,'es','pt-br','Espanhol'),(107,'es','qu','Spanish'),(108,'es','ro','Spaniolă'),(109,'es','ru','Испанский'),(110,'es','sl','Španščina'),(111,'es','so','Spanish'),(112,'es','sq','Spanish'),(113,'es','sr','шпански'),(114,'es','sv','Spanska'),(115,'es','ta','Spanish'),(116,'es','th','สเปน'),(117,'es','tr','İspanyolca'),(118,'es','uk','Spanish'),(119,'es','ur','Spanish'),(120,'es','uz','Spanish'),(121,'es','vi','Spanish'),(122,'es','yi','Spanish'),(123,'es','zh-hans','西班牙语'),(124,'es','zu','Spanish'),(125,'es','zh-hant','西班牙語'),(126,'es','ms','Spanish'),(127,'es','gl','Spanish'),(128,'es','bn','Spanish'),(129,'de','en','German'),(130,'de','es','Alemán'),(131,'de','de','Deutsch'),(132,'de','fr','Allemand'),(133,'de','ar','الألمانية'),(134,'de','bs','German'),(135,'de','bg','Немски'),(136,'de','ca','German'),(137,'de','cs','Němec'),(138,'de','sk','Nemčina'),(139,'de','cy','German'),(140,'de','da','German'),(141,'de','el','Γερμανικα'),(142,'de','eo','German'),(143,'de','et','German'),(144,'de','eu','German'),(145,'de','fa','German'),(146,'de','fi','saksa'),(147,'de','ga','German'),(148,'de','he','גרמנית'),(149,'de','hi','German'),(150,'de','hr','Njemački'),(151,'de','hu','német'),(152,'de','hy','German'),(153,'de','id','German'),(154,'de','is','German'),(155,'de','it','Tedesco'),(156,'de','ja','ドイツ語'),(157,'de','ko','독어'),(158,'de','ku','German'),(159,'de','lv','German'),(160,'de','lt','German'),(161,'de','mk','German'),(162,'de','mt','German'),(163,'de','mn','German'),(164,'de','ne','German'),(165,'de','nl','Duits'),(166,'de','no','Tysk'),(167,'de','pa','German'),(168,'de','pl','niemiecki'),(169,'de','pt-pt','Alemão'),(170,'de','pt-br','Alemão'),(171,'de','qu','German'),(172,'de','ro','Germană'),(173,'de','ru','Немецкий'),(174,'de','sl','Nemščina'),(175,'de','so','German'),(176,'de','sq','German'),(177,'de','sr','немачки'),(178,'de','sv','Tyska'),(179,'de','ta','German'),(180,'de','th','เยอรมัน'),(181,'de','tr','Almanca'),(182,'de','uk','German'),(183,'de','ur','German'),(184,'de','uz','German'),(185,'de','vi','German'),(186,'de','yi','German'),(187,'de','zh-hans','德语'),(188,'de','zu','German'),(189,'de','zh-hant','德語'),(190,'de','ms','German'),(191,'de','gl','German'),(192,'de','bn','German'),(193,'fr','en','French'),(194,'fr','es','Francés'),(195,'fr','de','Französisch'),(196,'fr','fr','Français'),(197,'fr','ar','الفرنسية'),(198,'fr','bs','French'),(199,'fr','bg','Френски'),(200,'fr','ca','French'),(201,'fr','cs','Francouzština'),(202,'fr','sk','Francúzština'),(203,'fr','cy','French'),(204,'fr','da','French'),(205,'fr','el','Γαλλικα'),(206,'fr','eo','French'),(207,'fr','et','French'),(208,'fr','eu','French'),(209,'fr','fa','French'),(210,'fr','fi','ranska'),(211,'fr','ga','French'),(212,'fr','he','צרפתית'),(213,'fr','hi','French'),(214,'fr','hr','Francuzi'),(215,'fr','hu','francia'),(216,'fr','hy','French'),(217,'fr','id','French'),(218,'fr','is','French'),(219,'fr','it','Francese'),(220,'fr','ja','フランス語'),(221,'fr','ko','불어'),(222,'fr','ku','French'),(223,'fr','lv','French'),(224,'fr','lt','French'),(225,'fr','mk','French'),(226,'fr','mt','French'),(227,'fr','mn','French'),(228,'fr','ne','French'),(229,'fr','nl','Frans'),(230,'fr','no','Fransk'),(231,'fr','pa','French'),(232,'fr','pl','francuski'),(233,'fr','pt-pt','Francês'),(234,'fr','pt-br','Francês'),(235,'fr','qu','French'),(236,'fr','ro','Franceză'),(237,'fr','ru','Французский'),(238,'fr','sl','Francoščina'),(239,'fr','so','French'),(240,'fr','sq','French'),(241,'fr','sr','француски'),(242,'fr','sv','Franska'),(243,'fr','ta','French'),(244,'fr','th','ฝรั่งเศส'),(245,'fr','tr','Fransızca'),(246,'fr','uk','French'),(247,'fr','ur','French'),(248,'fr','uz','French'),(249,'fr','vi','French'),(250,'fr','yi','French'),(251,'fr','zh-hans','法语'),(252,'fr','zu','French'),(253,'fr','zh-hant','法語'),(254,'fr','ms','French'),(255,'fr','gl','French'),(256,'fr','bn','French'),(257,'ar','en','Arabic'),(258,'ar','es','Árabe'),(259,'ar','de','Arabisch'),(260,'ar','fr','Arabe'),(261,'ar','ar','العربية'),(262,'ar','bs','Arabic'),(263,'ar','bg','Арабски'),(264,'ar','ca','Arabic'),(265,'ar','cs','Arabština'),(266,'ar','sk','Arabčina'),(267,'ar','cy','Arabic'),(268,'ar','da','Arabic'),(269,'ar','el','Αραβικα'),(270,'ar','eo','Arabic'),(271,'ar','et','Arabic'),(272,'ar','eu','Arabic'),(273,'ar','fa','Arabic'),(274,'ar','fi','arabia'),(275,'ar','ga','Arabic'),(276,'ar','he','ערבית'),(277,'ar','hi','Arabic'),(278,'ar','hr','Arapski'),(279,'ar','hu','arab'),(280,'ar','hy','Arabic'),(281,'ar','id','Arabic'),(282,'ar','is','Arabic'),(283,'ar','it','Arabo'),(284,'ar','ja','アラビア語'),(285,'ar','ko','아랍어'),(286,'ar','ku','Arabic'),(287,'ar','lv','Arabic'),(288,'ar','lt','Arabic'),(289,'ar','mk','Arabic'),(290,'ar','mt','Arabic'),(291,'ar','mn','Arabic'),(292,'ar','ne','Arabic'),(293,'ar','nl','Arabisch'),(294,'ar','no','Arabisk'),(295,'ar','pa','Arabic'),(296,'ar','pl','arabski'),(297,'ar','pt-pt','Árabe'),(298,'ar','pt-br','Árabe'),(299,'ar','qu','Arabic'),(300,'ar','ro','Arabică'),(301,'ar','ru','Арабский'),(302,'ar','sl','Arabščina'),(303,'ar','so','Arabic'),(304,'ar','sq','Arabic'),(305,'ar','sr','арапски'),(306,'ar','sv','Arabiska'),(307,'ar','ta','Arabic'),(308,'ar','th','อารบิก'),(309,'ar','tr','Arapça'),(310,'ar','uk','Arabic'),(311,'ar','ur','Arabic'),(312,'ar','uz','Arabic'),(313,'ar','vi','Arabic'),(314,'ar','yi','Arabic'),(315,'ar','zh-hans','阿拉伯语'),(316,'ar','zu','Arabic'),(317,'ar','zh-hant','阿拉伯語'),(318,'ar','ms','Arabic'),(319,'ar','gl','Arabic'),(320,'ar','bn','Arabic'),(321,'bs','en','Bosnian'),(322,'bs','es','Bosnio'),(323,'bs','de','Bosnisch'),(324,'bs','fr','Bosnien'),(325,'bs','ar','البوسنية'),(326,'bs','bs','Bosnian'),(327,'bs','bg','Босненски'),(328,'bs','ca','Bosnian'),(329,'bs','cs','Bosenština'),(330,'bs','sk','Bosniačtina'),(331,'bs','cy','Bosnian'),(332,'bs','da','Bosnian'),(333,'bs','el','Βοσνιακα'),(334,'bs','eo','Bosnian'),(335,'bs','et','Bosnian'),(336,'bs','eu','Bosnian'),(337,'bs','fa','Bosnian'),(338,'bs','fi','bosnia'),(339,'bs','ga','Bosnian'),(340,'bs','he','בוסנית'),(341,'bs','hi','Bosnian'),(342,'bs','hr','Bosanski'),(343,'bs','hu','bosnyák'),(344,'bs','hy','Bosnian'),(345,'bs','id','Bosnian'),(346,'bs','is','Bosnian'),(347,'bs','it','Bosniaco'),(348,'bs','ja','ボスニア語'),(349,'bs','ko','보즈니아어'),(350,'bs','ku','Bosnian'),(351,'bs','lv','Bosnian'),(352,'bs','lt','Bosnian'),(353,'bs','mk','Bosnian'),(354,'bs','mt','Bosnian'),(355,'bs','mn','Bosnian'),(356,'bs','ne','Bosnian'),(357,'bs','nl','Bosnisch'),(358,'bs','no','Bosnisk'),(359,'bs','pa','Bosnian'),(360,'bs','pl','bośniacki'),(361,'bs','pt-pt','Bósnio'),(362,'bs','pt-br','Bósnio'),(363,'bs','qu','Bosnian'),(364,'bs','ro','Bosniacă'),(365,'bs','ru','Боснийский'),(366,'bs','sl','Bosanski'),(367,'bs','so','Bosnian'),(368,'bs','sq','Bosnian'),(369,'bs','sr','босански'),(370,'bs','sv','Bosniska'),(371,'bs','ta','Bosnian'),(372,'bs','th','บอสเนียน'),(373,'bs','tr','Boşnakça'),(374,'bs','uk','Bosnian'),(375,'bs','ur','Bosnian'),(376,'bs','uz','Bosnian'),(377,'bs','vi','Bosnian'),(378,'bs','yi','Bosnian'),(379,'bs','zh-hans','波斯尼亚语'),(380,'bs','zu','Bosnian'),(381,'bs','zh-hant','波士尼亞語'),(382,'bs','ms','Bosnian'),(383,'bs','gl','Bosnian'),(384,'bs','bn','Bosnian'),(385,'bg','en','Bulgarian'),(386,'bg','es','Búlgaro'),(387,'bg','de','Bulgarisch'),(388,'bg','fr','Bulgare'),(389,'bg','ar','البلغارية'),(390,'bg','bs','Bulgarian'),(391,'bg','bg','Български'),(392,'bg','ca','Bulgarian'),(393,'bg','cs','Bulharština'),(394,'bg','sk','Bulharčina'),(395,'bg','cy','Bulgarian'),(396,'bg','da','Bulgarian'),(397,'bg','el','Βουλγαρικα'),(398,'bg','eo','Bulgarian'),(399,'bg','et','Bulgarian'),(400,'bg','eu','Bulgarian'),(401,'bg','fa','Bulgarian'),(402,'bg','fi','bulgaria'),(403,'bg','ga','Bulgarian'),(404,'bg','he','בולגרית'),(405,'bg','hi','Bulgarian'),(406,'bg','hr','Bugarski'),(407,'bg','hu','bolgár'),(408,'bg','hy','Bulgarian'),(409,'bg','id','Bulgarian'),(410,'bg','is','Bulgarian'),(411,'bg','it','Bulgaro'),(412,'bg','ja','ブルガリア語'),(413,'bg','ko','불가리아어'),(414,'bg','ku','Bulgarian'),(415,'bg','lv','Bulgarian'),(416,'bg','lt','Bulgarian'),(417,'bg','mk','Bulgarian'),(418,'bg','mt','Bulgarian'),(419,'bg','mn','Bulgarian'),(420,'bg','ne','Bulgarian'),(421,'bg','nl','Bulgaars'),(422,'bg','no','Bulgarian'),(423,'bg','pa','Bulgarian'),(424,'bg','pl','bułgarski'),(425,'bg','pt-pt','Búlgaro'),(426,'bg','pt-br','Búlgaro'),(427,'bg','qu','Bulgarian'),(428,'bg','ro','Bulgară'),(429,'bg','ru','Болгарский'),(430,'bg','sl','Bolgarščina'),(431,'bg','so','Bulgarian'),(432,'bg','sq','Bulgarian'),(433,'bg','sr','бугарски'),(434,'bg','sv','Bulgariska'),(435,'bg','ta','Bulgarian'),(436,'bg','th','บัลแกเรียน'),(437,'bg','tr','Bulgarca'),(438,'bg','uk','Bulgarian'),(439,'bg','ur','Bulgarian'),(440,'bg','uz','Bulgarian'),(441,'bg','vi','Bulgarian'),(442,'bg','yi','Bulgarian'),(443,'bg','zh-hans','保加利亚语'),(444,'bg','zu','Bulgarian'),(445,'bg','zh-hant','保加利亞語'),(446,'bg','ms','Bulgarian'),(447,'bg','gl','Bulgarian'),(448,'bg','bn','Bulgarian'),(449,'ca','en','Catalan'),(450,'ca','es','Catalán'),(451,'ca','de','Katalanisch'),(452,'ca','fr','Catalan'),(453,'ca','ar','الكاتالوينية'),(454,'ca','bs','Catalan'),(455,'ca','bg','Каталонски'),(456,'ca','ca','Català'),(457,'ca','cs','Katalánština'),(458,'ca','sk','Katalánčina'),(459,'ca','cy','Catalan'),(460,'ca','da','Catalan'),(461,'ca','el','Καταλανικα'),(462,'ca','eo','Catalan'),(463,'ca','et','Catalan'),(464,'ca','eu','Catalan'),(465,'ca','fa','Catalan'),(466,'ca','fi','katalaani'),(467,'ca','ga','Catalan'),(468,'ca','he','קטלאנית'),(469,'ca','hi','Catalan'),(470,'ca','hr','Katalonski'),(471,'ca','hu','katalán'),(472,'ca','hy','Catalan'),(473,'ca','id','Catalan'),(474,'ca','is','Catalan'),(475,'ca','it','Catalano'),(476,'ca','ja','カタルーニャ語'),(477,'ca','ko','카탈로니아어'),(478,'ca','ku','Catalan'),(479,'ca','lv','Catalan'),(480,'ca','lt','Catalan'),(481,'ca','mk','Catalan'),(482,'ca','mt','Catalan'),(483,'ca','mn','Catalan'),(484,'ca','ne','Catalan'),(485,'ca','nl','Catalaans'),(486,'ca','no','catalan'),(487,'ca','pa','Catalan'),(488,'ca','pl','kataloński'),(489,'ca','pt-pt','Catalão'),(490,'ca','pt-br','Catalão'),(491,'ca','qu','Catalan'),(492,'ca','ro','Catalană'),(493,'ca','ru','Каталанский'),(494,'ca','sl','Katalonščina'),(495,'ca','so','Catalan'),(496,'ca','sq','Catalan'),(497,'ca','sr','каталонски'),(498,'ca','sv','Katalanska'),(499,'ca','ta','Catalan'),(500,'ca','th','คะตะลาน'),(501,'ca','tr','Katalan dili'),(502,'ca','uk','Catalan'),(503,'ca','ur','Catalan'),(504,'ca','uz','Catalan'),(505,'ca','vi','Catalan'),(506,'ca','yi','Catalan'),(507,'ca','zh-hans','加泰罗尼亚语'),(508,'ca','zu','Catalan'),(509,'ca','zh-hant','加泰羅尼亞語'),(510,'ca','ms','Catalan'),(511,'ca','gl','Catalan'),(512,'ca','bn','Catalan'),(513,'cs','en','Czech'),(514,'cs','es','Checo'),(515,'cs','de','Tschechisch'),(516,'cs','fr','Tchèque'),(517,'cs','ar','التشيكية'),(518,'cs','bs','Czech'),(519,'cs','bg','Чешки'),(520,'cs','ca','Czech'),(521,'cs','cs','Čeština'),(522,'cs','sk','Čeština'),(523,'cs','cy','Czech'),(524,'cs','da','Czech'),(525,'cs','el','Τσεχικη'),(526,'cs','eo','Czech'),(527,'cs','et','Czech'),(528,'cs','eu','Czech'),(529,'cs','fa','Czech'),(530,'cs','fi','tsekki'),(531,'cs','ga','Czech'),(532,'cs','he','צ\'כית'),(533,'cs','hi','Czech'),(534,'cs','hr','češki'),(535,'cs','hu','cseh'),(536,'cs','hy','Czech'),(537,'cs','id','Czech'),(538,'cs','is','Czech'),(539,'cs','it','Ceco'),(540,'cs','ja','チェコ語'),(541,'cs','ko','체코슬로바키아어'),(542,'cs','ku','Czech'),(543,'cs','lv','Czech'),(544,'cs','lt','Czech'),(545,'cs','mk','Czech'),(546,'cs','mt','Czech'),(547,'cs','mn','Czech'),(548,'cs','ne','Czech'),(549,'cs','nl','Tsjechisch'),(550,'cs','no','Czech'),(551,'cs','pa','Czech'),(552,'cs','pl','czeski'),(553,'cs','pt-pt','Tcheco'),(554,'cs','pt-br','Tcheco'),(555,'cs','qu','Czech'),(556,'cs','ro','Cehă'),(557,'cs','ru','Чешский'),(558,'cs','sl','Češčina'),(559,'cs','so','Czech'),(560,'cs','sq','Czech'),(561,'cs','sr','чешки'),(562,'cs','sv','Tjeckiska'),(563,'cs','ta','Czech'),(564,'cs','th','เช็ก'),(565,'cs','tr','Çekçe'),(566,'cs','uk','Czech'),(567,'cs','ur','Czech'),(568,'cs','uz','Czech'),(569,'cs','vi','Czech'),(570,'cs','yi','Czech'),(571,'cs','zh-hans','捷克语'),(572,'cs','zu','Czech'),(573,'cs','zh-hant','捷克語'),(574,'cs','ms','Czech'),(575,'cs','gl','Czech'),(576,'cs','bn','Czech'),(577,'sk','en','Slovak'),(578,'sk','es','Eslavo'),(579,'sk','de','Slowakisch'),(580,'sk','fr','Slave'),(581,'sk','ar','السلافية'),(582,'sk','bs','Slovak'),(583,'sk','bg','Словашки'),(584,'sk','ca','Slovak'),(585,'sk','cs','Slovenština'),(586,'sk','sk','Slovenčina'),(587,'sk','cy','Slovak'),(588,'sk','da','Slovak'),(589,'sk','el','Σλαβικη'),(590,'sk','eo','Slovak'),(591,'sk','et','Slovak'),(592,'sk','eu','Slovak'),(593,'sk','fa','Slovak'),(594,'sk','fi','slaavi'),(595,'sk','ga','Slovak'),(596,'sk','he','סלאבית'),(597,'sk','hi','Slovak'),(598,'sk','hr','Slovak'),(599,'sk','hu','szláv'),(600,'sk','hy','Slovak'),(601,'sk','id','Slovak'),(602,'sk','is','Slovak'),(603,'sk','it','Slavo'),(604,'sk','ja','スラヴ語派'),(605,'sk','ko','슬라브어'),(606,'sk','ku','Slovak'),(607,'sk','lv','Slovak'),(608,'sk','lt','Slovak'),(609,'sk','mk','Slovak'),(610,'sk','mt','Slovak'),(611,'sk','mn','Slovak'),(612,'sk','ne','Slovak'),(613,'sk','nl','Slavisch'),(614,'sk','no','Slovak'),(615,'sk','pa','Slovak'),(616,'sk','pl','słowacki'),(617,'sk','pt-pt','Eslavo'),(618,'sk','pt-br','Eslavo'),(619,'sk','qu','Slovak'),(620,'sk','ro','Slavă'),(621,'sk','ru','Славянский'),(622,'sk','sl','Slovaščina'),(623,'sk','so','Slovak'),(624,'sk','sq','Slovak'),(625,'sk','sr','словачки'),(626,'sk','sv','Slavisk'),(627,'sk','ta','Slovak'),(628,'sk','th','สลาวิก'),(629,'sk','tr','Slav dili'),(630,'sk','uk','Slovak'),(631,'sk','ur','Slovak'),(632,'sk','uz','Slovak'),(633,'sk','vi','Slovak'),(634,'sk','yi','Slovak'),(635,'sk','zh-hans','斯拉夫语'),(636,'sk','zu','Slovak'),(637,'sk','zh-hant','斯拉夫語'),(638,'sk','ms','Slovak'),(639,'sk','gl','Slovak'),(640,'sk','bn','Slovak'),(641,'cy','en','Welsh'),(642,'cy','es','Galés'),(643,'cy','de','Walisisch'),(644,'cy','fr','Gallois'),(645,'cy','ar','الولزية'),(646,'cy','bs','Welsh'),(647,'cy','bg','Уелски'),(648,'cy','ca','Welsh'),(649,'cy','cs','Velšský'),(650,'cy','sk','Welština'),(651,'cy','cy','Cymraeg'),(652,'cy','da','Welsh'),(653,'cy','el','Welsh'),(654,'cy','eo','Welsh'),(655,'cy','et','Welsh'),(656,'cy','eu','Welsh'),(657,'cy','fa','Welsh'),(658,'cy','fi','kymri'),(659,'cy','ga','Welsh'),(660,'cy','he','וולשית'),(661,'cy','hi','Welsh'),(662,'cy','hr','Velški'),(663,'cy','hu','vels'),(664,'cy','hy','Welsh'),(665,'cy','id','Welsh'),(666,'cy','is','Welsh'),(667,'cy','it','Gallese'),(668,'cy','ja','ウェールズ語'),(669,'cy','ko','웨일즈어'),(670,'cy','ku','Welsh'),(671,'cy','lv','Welsh'),(672,'cy','lt','Welsh'),(673,'cy','mk','Welsh'),(674,'cy','mt','Welsh'),(675,'cy','mn','Welsh'),(676,'cy','ne','Welsh'),(677,'cy','nl','Welsh'),(678,'cy','no','Welsh'),(679,'cy','pa','Welsh'),(680,'cy','pl','walijski'),(681,'cy','pt-pt','Galês'),(682,'cy','pt-br','Galês'),(683,'cy','qu','Welsh'),(684,'cy','ro','Galeză'),(685,'cy','ru','Валлийский'),(686,'cy','sl','Welsh'),(687,'cy','so','Welsh'),(688,'cy','sq','Welsh'),(689,'cy','sr','велшки'),(690,'cy','sv','Walesiska'),(691,'cy','ta','Welsh'),(692,'cy','th','เวลช์'),(693,'cy','tr','Galce'),(694,'cy','uk','Welsh'),(695,'cy','ur','Welsh'),(696,'cy','uz','Welsh'),(697,'cy','vi','Welsh'),(698,'cy','yi','Welsh'),(699,'cy','zh-hans','威尔士语'),(700,'cy','zu','Welsh'),(701,'cy','zh-hant','威爾士語'),(702,'cy','ms','Welsh'),(703,'cy','gl','Welsh'),(704,'cy','bn','Welsh'),(705,'da','en','Danish'),(706,'da','es','Danés'),(707,'da','de','Dänisch'),(708,'da','fr','Danois'),(709,'da','ar','الدانماركية'),(710,'da','bs','Danish'),(711,'da','bg','Датски'),(712,'da','ca','Danish'),(713,'da','cs','Dánský'),(714,'da','sk','Dánčina'),(715,'da','cy','Danish'),(716,'da','da','Dansk'),(717,'da','el','Δανεζικα'),(718,'da','eo','Danish'),(719,'da','et','Danish'),(720,'da','eu','Danish'),(721,'da','fa','Danish'),(722,'da','fi','tanska'),(723,'da','ga','Danish'),(724,'da','he','דנית'),(725,'da','hi','Danish'),(726,'da','hr','Danski'),(727,'da','hu','dán'),(728,'da','hy','Danish'),(729,'da','id','Danish'),(730,'da','is','Danish'),(731,'da','it','Danese'),(732,'da','ja','デンマーク語'),(733,'da','ko','덴마크어'),(734,'da','ku','Danish'),(735,'da','lv','Danish'),(736,'da','lt','Danish'),(737,'da','mk','Danish'),(738,'da','mt','Danish'),(739,'da','mn','Danish'),(740,'da','ne','Danish'),(741,'da','nl','Deens'),(742,'da','no','Danish'),(743,'da','pa','Danish'),(744,'da','pl','duński'),(745,'da','pt-pt','Dinamarquês'),(746,'da','pt-br','Dinamarquês'),(747,'da','qu','Danish'),(748,'da','ro','Daneză'),(749,'da','ru','Датский'),(750,'da','sl','Danščina'),(751,'da','so','Danish'),(752,'da','sq','Danish'),(753,'da','sr','дански'),(754,'da','sv','Danska'),(755,'da','ta','Danish'),(756,'da','th','เดนมาร์ก'),(757,'da','tr','Danca'),(758,'da','uk','Danish'),(759,'da','ur','Danish'),(760,'da','uz','Danish'),(761,'da','vi','Danish'),(762,'da','yi','Danish'),(763,'da','zh-hans','丹麦语'),(764,'da','zu','Danish'),(765,'da','zh-hant','丹麥語'),(766,'da','ms','Danish'),(767,'da','gl','Danish'),(768,'da','bn','Danish'),(769,'el','en','Greek'),(770,'el','es','Griego'),(771,'el','de','Griechisch'),(772,'el','fr','Grec moderne'),(773,'el','ar','اليونانية'),(774,'el','bs','Greek'),(775,'el','bg','Гръцки'),(776,'el','ca','Greek'),(777,'el','cs','Řečtina'),(778,'el','sk','Gréčtina'),(779,'el','cy','Greek'),(780,'el','da','Greek'),(781,'el','el','Ελληνικα'),(782,'el','eo','Greek'),(783,'el','et','Greek'),(784,'el','eu','Greek'),(785,'el','fa','Greek'),(786,'el','fi','kreikka'),(787,'el','ga','Greek'),(788,'el','he','יוונית'),(789,'el','hi','Greek'),(790,'el','hr','Grčki'),(791,'el','hu','görög'),(792,'el','hy','Greek'),(793,'el','id','Greek'),(794,'el','is','Greek'),(795,'el','it','Greco'),(796,'el','ja','ギリシア語'),(797,'el','ko','그리스어'),(798,'el','ku','Greek'),(799,'el','lv','Greek'),(800,'el','lt','Greek'),(801,'el','mk','Greek'),(802,'el','mt','Greek'),(803,'el','mn','Greek'),(804,'el','ne','Greek'),(805,'el','nl','Grieks'),(806,'el','no','Gresk'),(807,'el','pa','Greek'),(808,'el','pl','grecki'),(809,'el','pt-pt','Grego'),(810,'el','pt-br','Grego'),(811,'el','qu','Greek'),(812,'el','ro','Greacă'),(813,'el','ru','Греческий'),(814,'el','sl','Greek'),(815,'el','so','Greek'),(816,'el','sq','Greek'),(817,'el','sr','грчки'),(818,'el','sv','Grekiska'),(819,'el','ta','Greek'),(820,'el','th','กรีก'),(821,'el','tr','Yunanca'),(822,'el','uk','Greek'),(823,'el','ur','Greek'),(824,'el','uz','Greek'),(825,'el','vi','Greek'),(826,'el','yi','Greek'),(827,'el','zh-hans','希腊语'),(828,'el','zu','Greek'),(829,'el','zh-hant','希臘語'),(830,'el','ms','Greek'),(831,'el','gl','Greek'),(832,'el','bn','Greek'),(833,'eo','en','Esperanto'),(834,'eo','es','Esperanto'),(835,'eo','de','Esperanto'),(836,'eo','fr','Espéranto'),(837,'eo','ar','الاسبرانتو'),(838,'eo','bs','Esperanto'),(839,'eo','bg','Есперанто'),(840,'eo','ca','Esperanto'),(841,'eo','cs','Esperanto'),(842,'eo','sk','Esperanto'),(843,'eo','cy','Esperanto'),(844,'eo','da','Esperanto'),(845,'eo','el','Εσπεραντο'),(846,'eo','eo','Esperanta'),(847,'eo','et','Esperanto'),(848,'eo','eu','Esperanto'),(849,'eo','fa','Esperanto'),(850,'eo','fi','esperanto'),(851,'eo','ga','Esperanto'),(852,'eo','he','אספרנטו'),(853,'eo','hi','Esperanto'),(854,'eo','hr','Esperanto'),(855,'eo','hu','eszperantó'),(856,'eo','hy','Esperanto'),(857,'eo','id','Esperanto'),(858,'eo','is','Esperanto'),(859,'eo','it','Esperanto'),(860,'eo','ja','エスペラント語'),(861,'eo','ko','에스페란토어'),(862,'eo','ku','Esperanto'),(863,'eo','lv','Esperanto'),(864,'eo','lt','Esperanto'),(865,'eo','mk','Esperanto'),(866,'eo','mt','Esperanto'),(867,'eo','mn','Esperanto'),(868,'eo','ne','Esperanto'),(869,'eo','nl','Esperanto'),(870,'eo','no','Esperanto'),(871,'eo','pa','Esperanto'),(872,'eo','pl','esperanto'),(873,'eo','pt-pt','Esperanto'),(874,'eo','pt-br','Esperanto'),(875,'eo','qu','Esperanto'),(876,'eo','ro','Esperanto'),(877,'eo','ru','Эсперанто'),(878,'eo','sl','Esperanto'),(879,'eo','so','Esperanto'),(880,'eo','sq','Esperanto'),(881,'eo','sr','есперанто'),(882,'eo','sv','Esperanto'),(883,'eo','ta','Esperanto'),(884,'eo','th','เอสเปอรันโต'),(885,'eo','tr','Esperanto'),(886,'eo','uk','Esperanto'),(887,'eo','ur','Esperanto'),(888,'eo','uz','Esperanto'),(889,'eo','vi','Esperanto'),(890,'eo','yi','Esperanto'),(891,'eo','zh-hans','世界语'),(892,'eo','zu','Esperanto'),(893,'eo','zh-hant','世界語'),(894,'eo','ms','Esperanto'),(895,'eo','gl','Esperanto'),(896,'eo','bn','Esperanto'),(897,'et','en','Estonian'),(898,'et','es','Estonio'),(899,'et','de','Estnisch'),(900,'et','fr','Estonien'),(901,'et','ar','الأستونية'),(902,'et','bs','Estonian'),(903,'et','bg','Естонски'),(904,'et','ca','Estonian'),(905,'et','cs','Estonština'),(906,'et','sk','Estónčina'),(907,'et','cy','Estonian'),(908,'et','da','Estonian'),(909,'et','el','Εσθονικα'),(910,'et','eo','Estonian'),(911,'et','et','Eesti'),(912,'et','eu','Estonian'),(913,'et','fa','Estonian'),(914,'et','fi','eesti'),(915,'et','ga','Estonian'),(916,'et','he','אסטונית'),(917,'et','hi','Estonian'),(918,'et','hr','Estonski'),(919,'et','hu','észt'),(920,'et','hy','Estonian'),(921,'et','id','Estonian'),(922,'et','is','Estonian'),(923,'et','it','Estone'),(924,'et','ja','エストニア語'),(925,'et','ko','에스토니아어'),(926,'et','ku','Estonian'),(927,'et','lv','Estonian'),(928,'et','lt','Estonian'),(929,'et','mk','Estonian'),(930,'et','mt','Estonian'),(931,'et','mn','Estonian'),(932,'et','ne','Estonian'),(933,'et','nl','Ests'),(934,'et','no','Estonian'),(935,'et','pa','Estonian'),(936,'et','pl','estoński'),(937,'et','pt-pt','Estoniano'),(938,'et','pt-br','Estoniano'),(939,'et','qu','Estonian'),(940,'et','ro','Estoniană'),(941,'et','ru','Эстонский'),(942,'et','sl','Estonščina'),(943,'et','so','Estonian'),(944,'et','sq','Estonian'),(945,'et','sr','естонски'),(946,'et','sv','Estniska'),(947,'et','ta','Estonian'),(948,'et','th','เอสโตเนียน'),(949,'et','tr','Estonya dili'),(950,'et','uk','Estonian'),(951,'et','ur','Estonian'),(952,'et','uz','Estonian'),(953,'et','vi','Estonian'),(954,'et','yi','Estonian'),(955,'et','zh-hans','爱沙尼亚语'),(956,'et','zu','Estonian'),(957,'et','zh-hant','愛沙尼亞語'),(958,'et','ms','Estonian'),(959,'et','gl','Estonian'),(960,'et','bn','Estonian'),(961,'eu','en','Basque'),(962,'eu','es','Euskera'),(963,'eu','de','Baskisch'),(964,'eu','fr','Basque'),(965,'eu','ar','لغة الباسك'),(966,'eu','bs','Basque'),(967,'eu','bg','Баски'),(968,'eu','ca','Basque'),(969,'eu','cs','Basque'),(970,'eu','sk','Baskičtina'),(971,'eu','cy','Basque'),(972,'eu','da','Basque'),(973,'eu','el','Βασκικα'),(974,'eu','eo','Basque'),(975,'eu','et','Basque'),(976,'eu','eu','Euskara'),(977,'eu','fa','Basque'),(978,'eu','fi','baski'),(979,'eu','ga','Basque'),(980,'eu','he','בסקית'),(981,'eu','hi','Basque'),(982,'eu','hr','Baskijski'),(983,'eu','hu','baszk'),(984,'eu','hy','Basque'),(985,'eu','id','Basque'),(986,'eu','is','Basque'),(987,'eu','it','Basco'),(988,'eu','ja','バスク語'),(989,'eu','ko','바스크어'),(990,'eu','ku','Basque'),(991,'eu','lv','Basque'),(992,'eu','lt','Basque'),(993,'eu','mk','Basque'),(994,'eu','mt','Basque'),(995,'eu','mn','Basque'),(996,'eu','ne','Basque'),(997,'eu','nl','Baskisch'),(998,'eu','no','Basque'),(999,'eu','pa','Basque'),(1000,'eu','pl','baskijski'),(1001,'eu','pt-pt','Basco'),(1002,'eu','pt-br','Basco'),(1003,'eu','qu','Basque'),(1004,'eu','ro','Bască'),(1005,'eu','ru','Баскский'),(1006,'eu','sl','Baskovščina'),(1007,'eu','so','Basque'),(1008,'eu','sq','Basque'),(1009,'eu','sr','баскијски'),(1010,'eu','sv','Baskiska'),(1011,'eu','ta','Basque'),(1012,'eu','th','บาสค์'),(1013,'eu','tr','Bask dili'),(1014,'eu','uk','Basque'),(1015,'eu','ur','Basque'),(1016,'eu','uz','Basque'),(1017,'eu','vi','Basque'),(1018,'eu','yi','Basque'),(1019,'eu','zh-hans','巴斯克语'),(1020,'eu','zu','Basque'),(1021,'eu','zh-hant','巴斯克語'),(1022,'eu','ms','Basque'),(1023,'eu','gl','Basque'),(1024,'eu','bn','Basque'),(1025,'fa','en','Persian'),(1026,'fa','es','Persa'),(1027,'fa','de','Persisch'),(1028,'fa','fr','Perse'),(1029,'fa','ar','الفارسية'),(1030,'fa','bs','Persian'),(1031,'fa','bg','Персийски'),(1032,'fa','ca','Persian'),(1033,'fa','cs','Perský'),(1034,'fa','sk','Perzština'),(1035,'fa','cy','Persian'),(1036,'fa','da','Persian'),(1037,'fa','el','Περσικος'),(1038,'fa','eo','Persian'),(1039,'fa','et','Persian'),(1040,'fa','eu','Persian'),(1041,'fa','fa','فارسی'),(1042,'fa','fi','persia'),(1043,'fa','ga','Persian'),(1044,'fa','he','פרסית'),(1045,'fa','hi','Persian'),(1046,'fa','hr','Perzijski'),(1047,'fa','hu','perzsa'),(1048,'fa','hy','Persian'),(1049,'fa','id','Persian'),(1050,'fa','is','Persian'),(1051,'fa','it','Persiano'),(1052,'fa','ja','ペルシア語'),(1053,'fa','ko','페르시아어'),(1054,'fa','ku','Persian'),(1055,'fa','lv','Persian'),(1056,'fa','lt','Persian'),(1057,'fa','mk','Persian'),(1058,'fa','mt','Persian'),(1059,'fa','mn','Persian'),(1060,'fa','ne','Persian'),(1061,'fa','nl','Perzisch'),(1062,'fa','no','Persisk'),(1063,'fa','pa','Persian'),(1064,'fa','pl','perski'),(1065,'fa','pt-pt','Persa'),(1066,'fa','pt-br','Persa'),(1067,'fa','qu','Persian'),(1068,'fa','ro','Persană'),(1069,'fa','ru','Персидский'),(1070,'fa','sl','Perzijski'),(1071,'fa','so','Persian'),(1072,'fa','sq','Persian'),(1073,'fa','sr','персијски'),(1074,'fa','sv','Persiska'),(1075,'fa','ta','Persian'),(1076,'fa','th','เปอร์เซียน'),(1077,'fa','tr','Farsça'),(1078,'fa','uk','Persian'),(1079,'fa','ur','Persian'),(1080,'fa','uz','Persian'),(1081,'fa','vi','Persian'),(1082,'fa','yi','Persian'),(1083,'fa','zh-hans','波斯语'),(1084,'fa','zu','Persian'),(1085,'fa','zh-hant','波斯語'),(1086,'fa','ms','Persian'),(1087,'fa','gl','Persian'),(1088,'fa','bn','Persian'),(1089,'fi','en','Finnish'),(1090,'fi','es','Finlandés'),(1091,'fi','de','Finnisch'),(1092,'fi','fr','Finnois'),(1093,'fi','ar','الفنلندية'),(1094,'fi','bs','Finnish'),(1095,'fi','bg','Фински'),(1096,'fi','ca','Finnish'),(1097,'fi','cs','Finský'),(1098,'fi','sk','Fínština'),(1099,'fi','cy','Finnish'),(1100,'fi','da','Finnish'),(1101,'fi','el','Φινλανδικη'),(1102,'fi','eo','Finnish'),(1103,'fi','et','Finnish'),(1104,'fi','eu','Finnish'),(1105,'fi','fa','Finnish'),(1106,'fi','fi','Suomi'),(1107,'fi','ga','Finnish'),(1108,'fi','he','פינית'),(1109,'fi','hi','Finnish'),(1110,'fi','hr','Finski'),(1111,'fi','hu','finn'),(1112,'fi','hy','Finnish'),(1113,'fi','id','Finnish'),(1114,'fi','is','Finnish'),(1115,'fi','it','Finlandese'),(1116,'fi','ja','フィンランド語'),(1117,'fi','ko','핀란드어'),(1118,'fi','ku','Finnish'),(1119,'fi','lv','Finnish'),(1120,'fi','lt','Finnish'),(1121,'fi','mk','Finnish'),(1122,'fi','mt','Finnish'),(1123,'fi','mn','Finnish'),(1124,'fi','ne','Finnish'),(1125,'fi','nl','Fins'),(1126,'fi','no','Finsk'),(1127,'fi','pa','Finnish'),(1128,'fi','pl','fiński'),(1129,'fi','pt-pt','Finlandês'),(1130,'fi','pt-br','Finlandês'),(1131,'fi','qu','Finnish'),(1132,'fi','ro','Finlandeză'),(1133,'fi','ru','Финский'),(1134,'fi','sl','Finski'),(1135,'fi','so','Finnish'),(1136,'fi','sq','Finnish'),(1137,'fi','sr','фински'),(1138,'fi','sv','Finska'),(1139,'fi','ta','Finnish'),(1140,'fi','th','ฟินนิช'),(1141,'fi','tr','Fince'),(1142,'fi','uk','Finnish'),(1143,'fi','ur','Finnish'),(1144,'fi','uz','Finnish'),(1145,'fi','vi','Finnish'),(1146,'fi','yi','Finnish'),(1147,'fi','zh-hans','芬兰语'),(1148,'fi','zu','Finnish'),(1149,'fi','zh-hant','芬蘭語'),(1150,'fi','ms','Finnish'),(1151,'fi','gl','Finnish'),(1152,'fi','bn','Finnish'),(1153,'ga','en','Irish'),(1154,'ga','es','Irlandés'),(1155,'ga','de','Irisch'),(1156,'ga','fr','Irlandais'),(1157,'ga','ar','الأيرلندية'),(1158,'ga','bs','Irish'),(1159,'ga','bg','Ирландски'),(1160,'ga','ca','Irish'),(1161,'ga','cs','Irský'),(1162,'ga','sk','Írština'),(1163,'ga','cy','Irish'),(1164,'ga','da','Irish'),(1165,'ga','el','Ιρλανδικα'),(1166,'ga','eo','Irish'),(1167,'ga','et','Irish'),(1168,'ga','eu','Irish'),(1169,'ga','fa','Irish'),(1170,'ga','fi','iiri'),(1171,'ga','ga','Gaeilge'),(1172,'ga','he','אירית'),(1173,'ga','hi','Irish'),(1174,'ga','hr','Irci'),(1175,'ga','hu','ír'),(1176,'ga','hy','Irish'),(1177,'ga','id','Irish'),(1178,'ga','is','Irish'),(1179,'ga','it','Irlandese'),(1180,'ga','ja','アイルランド語'),(1181,'ga','ko','아일랜드어'),(1182,'ga','ku','Irish'),(1183,'ga','lv','Irish'),(1184,'ga','lt','Irish'),(1185,'ga','mk','Irish'),(1186,'ga','mt','Irish'),(1187,'ga','mn','Irish'),(1188,'ga','ne','Irish'),(1189,'ga','nl','Iers'),(1190,'ga','no','Irish'),(1191,'ga','pa','Irish'),(1192,'ga','pl','irlandzki'),(1193,'ga','pt-pt','Irlandês'),(1194,'ga','pt-br','Irlandês'),(1195,'ga','qu','Irish'),(1196,'ga','ro','Irlandeză'),(1197,'ga','ru','Ирландский'),(1198,'ga','sl','Irski'),(1199,'ga','so','Irish'),(1200,'ga','sq','Irish'),(1201,'ga','sr','ирски'),(1202,'ga','sv','Irländska'),(1203,'ga','ta','Irish'),(1204,'ga','th','ไอริช'),(1205,'ga','tr','İrlanda dili'),(1206,'ga','uk','Irish'),(1207,'ga','ur','Irish'),(1208,'ga','uz','Irish'),(1209,'ga','vi','Irish'),(1210,'ga','yi','Irish'),(1211,'ga','zh-hans','爱尔兰语'),(1212,'ga','zu','Irish'),(1213,'ga','zh-hant','愛爾蘭語'),(1214,'ga','ms','Irish'),(1215,'ga','gl','Irish'),(1216,'ga','bn','Irish'),(1217,'he','en','Hebrew'),(1218,'he','es','Hebreo'),(1219,'he','de','Hebräisch'),(1220,'he','fr','Hébreu'),(1221,'he','ar','العبرية'),(1222,'he','bs','Hebrew'),(1223,'he','bg','Иврит'),(1224,'he','ca','Hebrew'),(1225,'he','cs','Hebrejština'),(1226,'he','sk','Hebrejčina'),(1227,'he','cy','Hebrew'),(1228,'he','da','Hebrew'),(1229,'he','el','Εβραικα'),(1230,'he','eo','Hebrew'),(1231,'he','et','Hebrew'),(1232,'he','eu','Hebrew'),(1233,'he','fa','Hebrew'),(1234,'he','fi','heprea'),(1235,'he','ga','Hebrew'),(1236,'he','he','עברית'),(1237,'he','hi','Hebrew'),(1238,'he','hr','Hebrejski'),(1239,'he','hu','héber'),(1240,'he','hy','Hebrew'),(1241,'he','id','Hebrew'),(1242,'he','is','Hebrew'),(1243,'he','it','Ebraico'),(1244,'he','ja','ヘブライ語'),(1245,'he','ko','히브리어'),(1246,'he','ku','Hebrew'),(1247,'he','lv','Hebrew'),(1248,'he','lt','Hebrew'),(1249,'he','mk','Hebrew'),(1250,'he','mt','Hebrew'),(1251,'he','mn','Hebrew'),(1252,'he','ne','Hebrew'),(1253,'he','nl','Hebreeuws'),(1254,'he','no','Hebraisk'),(1255,'he','pa','Hebrew'),(1256,'he','pl','hebrajski'),(1257,'he','pt-pt','Hebraico'),(1258,'he','pt-br','Hebraico'),(1259,'he','qu','Hebrew'),(1260,'he','ro','Ebraică'),(1261,'he','ru','Иврит'),(1262,'he','sl','Hebrejščina'),(1263,'he','so','Hebrew'),(1264,'he','sq','Hebrew'),(1265,'he','sr','Хебрејски'),(1266,'he','sv','Hebreiska'),(1267,'he','ta','Hebrew'),(1268,'he','th','ฮิบรู'),(1269,'he','tr','İbranice'),(1270,'he','uk','Hebrew'),(1271,'he','ur','Hebrew'),(1272,'he','uz','Hebrew'),(1273,'he','vi','Hebrew'),(1274,'he','yi','Hebrew'),(1275,'he','zh-hans','希伯来语'),(1276,'he','zu','Hebrew'),(1277,'he','zh-hant','希伯來語'),(1278,'he','ms','Hebrew'),(1279,'he','gl','Hebrew'),(1280,'he','bn','Hebrew'),(1281,'hi','en','Hindi'),(1282,'hi','es','Hindi'),(1283,'hi','de','Hindi'),(1284,'hi','fr','Hindi'),(1285,'hi','ar','الهندية'),(1286,'hi','bs','Hindi'),(1287,'hi','bg','Хинди'),(1288,'hi','ca','Hindi'),(1289,'hi','cs','Hindština'),(1290,'hi','sk','Hindčina'),(1291,'hi','cy','Hindi'),(1292,'hi','da','Hindi'),(1293,'hi','el','Ινδικα'),(1294,'hi','eo','Hindi'),(1295,'hi','et','Hindi'),(1296,'hi','eu','Hindi'),(1297,'hi','fa','Hindi'),(1298,'hi','fi','hindi'),(1299,'hi','ga','Hindi'),(1300,'hi','he','הודית'),(1301,'hi','hi','हिन्दी'),(1302,'hi','hr','Hindski'),(1303,'hi','hu','hindi'),(1304,'hi','hy','Hindi'),(1305,'hi','id','Hindi'),(1306,'hi','is','Hindi'),(1307,'hi','it','Hindi'),(1308,'hi','ja','ヒンディー語'),(1309,'hi','ko','힌두어'),(1310,'hi','ku','Hindi'),(1311,'hi','lv','Hindi'),(1312,'hi','lt','Hindi'),(1313,'hi','mk','Hindi'),(1314,'hi','mt','Hindi'),(1315,'hi','mn','Hindi'),(1316,'hi','ne','Hindi'),(1317,'hi','nl','Hindi'),(1318,'hi','no','Hindi'),(1319,'hi','pa','Hindi'),(1320,'hi','pl','hindi'),(1321,'hi','pt-pt','Hindi'),(1322,'hi','pt-br','Hindi'),(1323,'hi','qu','Hindi'),(1324,'hi','ro','Hindi'),(1325,'hi','ru','Хинди'),(1326,'hi','sl','Hindi'),(1327,'hi','so','Hindi'),(1328,'hi','sq','Hindi'),(1329,'hi','sr','хинди'),(1330,'hi','sv','Hindi'),(1331,'hi','ta','Hindi'),(1332,'hi','th','ฮินดิ'),(1333,'hi','tr','Hintçe'),(1334,'hi','uk','Hindi'),(1335,'hi','ur','Hindi'),(1336,'hi','uz','Hindi'),(1337,'hi','vi','Hindi'),(1338,'hi','yi','Hindi'),(1339,'hi','zh-hans','印地语'),(1340,'hi','zu','Hindi'),(1341,'hi','zh-hant','印地語'),(1342,'hi','ms','Hindi'),(1343,'hi','gl','Hindi'),(1344,'hi','bn','Hindi'),(1345,'hr','en','Croatian'),(1346,'hr','es','Croata'),(1347,'hr','de','Kroatisch'),(1348,'hr','fr','Croate'),(1349,'hr','ar','الكرواتية'),(1350,'hr','bs','Croatian'),(1351,'hr','bg','Хърватски'),(1352,'hr','ca','Croatian'),(1353,'hr','cs','Chorvatský'),(1354,'hr','sk','Chorvátština'),(1355,'hr','cy','Croatian'),(1356,'hr','da','Croatian'),(1357,'hr','el','Κροατικα'),(1358,'hr','eo','Croatian'),(1359,'hr','et','Croatian'),(1360,'hr','eu','Croatian'),(1361,'hr','fa','Croatian'),(1362,'hr','fi','kroatia'),(1363,'hr','ga','Croatian'),(1364,'hr','he','קרוטאית'),(1365,'hr','hi','Croatian'),(1366,'hr','hr','Hrvatski'),(1367,'hr','hu','horvát'),(1368,'hr','hy','Croatian'),(1369,'hr','id','Croatian'),(1370,'hr','is','Croatian'),(1371,'hr','it','Croato'),(1372,'hr','ja','クロアチア語'),(1373,'hr','ko','크로아시아어'),(1374,'hr','ku','Croatian'),(1375,'hr','lv','Croatian'),(1376,'hr','lt','Croatian'),(1377,'hr','mk','Croatian'),(1378,'hr','mt','Croatian'),(1379,'hr','mn','Croatian'),(1380,'hr','ne','Croatian'),(1381,'hr','nl','Kroatisch'),(1382,'hr','no','Kroatisk'),(1383,'hr','pa','Croatian'),(1384,'hr','pl','chorwacki'),(1385,'hr','pt-pt','Croata'),(1386,'hr','pt-br','Croata'),(1387,'hr','qu','Croatian'),(1388,'hr','ro','Croată'),(1389,'hr','ru','Хорватский'),(1390,'hr','sl','Hrvaški'),(1391,'hr','so','Croatian'),(1392,'hr','sq','Croatian'),(1393,'hr','sr','хрватски'),(1394,'hr','sv','Kroatiska'),(1395,'hr','ta','Croatian'),(1396,'hr','th','โครเอเชีย'),(1397,'hr','tr','Hırvatça'),(1398,'hr','uk','Croatian'),(1399,'hr','ur','Croatian'),(1400,'hr','uz','Croatian'),(1401,'hr','vi','Croatian'),(1402,'hr','yi','Croatian'),(1403,'hr','zh-hans','克罗地亚语'),(1404,'hr','zu','Croatian'),(1405,'hr','zh-hant','克羅地亞語'),(1406,'hr','ms','Croatian'),(1407,'hr','gl','Croatian'),(1408,'hr','bn','Croatian'),(1409,'hu','en','Hungarian'),(1410,'hu','es','Húngaro'),(1411,'hu','de','Ungarisch'),(1412,'hu','fr','Hongrois'),(1413,'hu','ar','الهنغارية'),(1414,'hu','bs','Hungarian'),(1415,'hu','bg','Унгарски'),(1416,'hu','ca','Hungarian'),(1417,'hu','cs','Maďarština'),(1418,'hu','sk','Maďarčina'),(1419,'hu','cy','Hungarian'),(1420,'hu','da','Hungarian'),(1421,'hu','el','Ουγγρικα'),(1422,'hu','eo','Hungarian'),(1423,'hu','et','Hungarian'),(1424,'hu','eu','Hungarian'),(1425,'hu','fa','Hungarian'),(1426,'hu','fi','unkari'),(1427,'hu','ga','Hungarian'),(1428,'hu','he','הונגרית'),(1429,'hu','hi','Hungarian'),(1430,'hu','hr','Mađarski'),(1431,'hu','hu','Magyar'),(1432,'hu','hy','Hungarian'),(1433,'hu','id','Hungarian'),(1434,'hu','is','Hungarian'),(1435,'hu','it','Ungherese'),(1436,'hu','ja','ハンガリー語'),(1437,'hu','ko','헝가리어'),(1438,'hu','ku','Hungarian'),(1439,'hu','lv','Hungarian'),(1440,'hu','lt','Hungarian'),(1441,'hu','mk','Hungarian'),(1442,'hu','mt','Hungarian'),(1443,'hu','mn','Hungarian'),(1444,'hu','ne','Hungarian'),(1445,'hu','nl','Hongaars'),(1446,'hu','no','Ungarsk'),(1447,'hu','pa','Hungarian'),(1448,'hu','pl','węgierski'),(1449,'hu','pt-pt','Húngaro'),(1450,'hu','pt-br','Húngaro'),(1451,'hu','qu','Hungarian'),(1452,'hu','ro','Ungară'),(1453,'hu','ru','Венгерский'),(1454,'hu','sl','Madžarski'),(1455,'hu','so','Hungarian'),(1456,'hu','sq','Hungarian'),(1457,'hu','sr','мађарски'),(1458,'hu','sv','Ungerska'),(1459,'hu','ta','Hungarian'),(1460,'hu','th','ฮังการี'),(1461,'hu','tr','Macarca'),(1462,'hu','uk','Hungarian'),(1463,'hu','ur','Hungarian'),(1464,'hu','uz','Hungarian'),(1465,'hu','vi','Hungarian'),(1466,'hu','yi','Hungarian'),(1467,'hu','zh-hans','匈牙利语'),(1468,'hu','zu','Hungarian'),(1469,'hu','zh-hant','匈牙利語'),(1470,'hu','ms','Hungarian'),(1471,'hu','gl','Hungarian'),(1472,'hu','bn','Hungarian'),(1473,'hy','en','Armenian'),(1474,'hy','es','Armenio'),(1475,'hy','de','Armenisch'),(1476,'hy','fr','Arménien'),(1477,'hy','ar','الأرمينية'),(1478,'hy','bs','Armenian'),(1479,'hy','bg','Арменски'),(1480,'hy','ca','Armenian'),(1481,'hy','cs','Arménský'),(1482,'hy','sk','Arménčina'),(1483,'hy','cy','Armenian'),(1484,'hy','da','Armenian'),(1485,'hy','el','Αρμενικα'),(1486,'hy','eo','Armenian'),(1487,'hy','et','Armenian'),(1488,'hy','eu','Armenian'),(1489,'hy','fa','Armenian'),(1490,'hy','fi','armenia'),(1491,'hy','ga','Armenian'),(1492,'hy','he','ארמנית'),(1493,'hy','hi','Armenian'),(1494,'hy','hr','Armenac'),(1495,'hy','hu','örmény'),(1496,'hy','hy','Հայերեն'),(1497,'hy','id','Armenian'),(1498,'hy','is','Armenian'),(1499,'hy','it','Armeno'),(1500,'hy','ja','アルメニア語'),(1501,'hy','ko','아르메니아어'),(1502,'hy','ku','Armenian'),(1503,'hy','lv','Armenian'),(1504,'hy','lt','Armenian'),(1505,'hy','mk','Armenian'),(1506,'hy','mt','Armenian'),(1507,'hy','mn','Armenian'),(1508,'hy','ne','Armenian'),(1509,'hy','nl','Armeens'),(1510,'hy','no','Armensk'),(1511,'hy','pa','Armenian'),(1512,'hy','pl','ormiański'),(1513,'hy','pt-pt','Arménio'),(1514,'hy','pt-br','Arménio'),(1515,'hy','qu','Armenian'),(1516,'hy','ro','Armeană'),(1517,'hy','ru','Армянский'),(1518,'hy','sl','Armenski'),(1519,'hy','so','Armenian'),(1520,'hy','sq','Armenian'),(1521,'hy','sr','јерменски'),(1522,'hy','sv','Armeniska'),(1523,'hy','ta','Armenian'),(1524,'hy','th','อาร์เมเนีย'),(1525,'hy','tr','Ermenice'),(1526,'hy','uk','Armenian'),(1527,'hy','ur','Armenian'),(1528,'hy','uz','Armenian'),(1529,'hy','vi','Armenian'),(1530,'hy','yi','Armenian'),(1531,'hy','zh-hans','亚美尼亚语'),(1532,'hy','zu','Armenian'),(1533,'hy','zh-hant','亞美尼亞語'),(1534,'hy','ms','Armenian'),(1535,'hy','gl','Armenian'),(1536,'hy','bn','Armenian'),(1537,'id','en','Indonesian'),(1538,'id','es','Indonesio'),(1539,'id','de','Indonesisch'),(1540,'id','fr','Indonésien'),(1541,'id','ar','الأندونيسية'),(1542,'id','bs','Indonesian'),(1543,'id','bg','Индонезийски'),(1544,'id','ca','Indonesian'),(1545,'id','cs','Indonéský'),(1546,'id','sk','Indonézčina'),(1547,'id','cy','Indonesian'),(1548,'id','da','Indonesian'),(1549,'id','el','Ινδονησιακα'),(1550,'id','eo','Indonesian'),(1551,'id','et','Indonesian'),(1552,'id','eu','Indonesian'),(1553,'id','fa','Indonesian'),(1554,'id','fi','indonesia'),(1555,'id','ga','Indonesian'),(1556,'id','he','אינדונזית'),(1557,'id','hi','Indonesian'),(1558,'id','hr','Indonezijski'),(1559,'id','hu','indonéz'),(1560,'id','hy','Indonesian'),(1561,'id','id','Indonesia'),(1562,'id','is','Indonesian'),(1563,'id','it','Indonesiano'),(1564,'id','ja','インドネシア語'),(1565,'id','ko','인도네시아어'),(1566,'id','ku','Indonesian'),(1567,'id','lv','Indonesian'),(1568,'id','lt','Indonesian'),(1569,'id','mk','Indonesian'),(1570,'id','mt','Indonesian'),(1571,'id','mn','Indonesian'),(1572,'id','ne','Indonesian'),(1573,'id','nl','Indonesisch'),(1574,'id','no','Indonesian'),(1575,'id','pa','Indonesian'),(1576,'id','pl','indonezyjski'),(1577,'id','pt-pt','Indonésio'),(1578,'id','pt-br','Indonésio'),(1579,'id','qu','Indonesian'),(1580,'id','ro','Indoneziană'),(1581,'id','ru','Индонезийский'),(1582,'id','sl','Indonezijski'),(1583,'id','so','Indonesian'),(1584,'id','sq','Indonesian'),(1585,'id','sr','индонезијски'),(1586,'id','sv','Indonesiska'),(1587,'id','ta','Indonesian'),(1588,'id','th','อินโดนีเซีย'),(1589,'id','tr','Endonezya dili'),(1590,'id','uk','Indonesian'),(1591,'id','ur','Indonesian'),(1592,'id','uz','Indonesian'),(1593,'id','vi','Indonesian'),(1594,'id','yi','Indonesian'),(1595,'id','zh-hans','印度尼西亚语'),(1596,'id','zu','Indonesian'),(1597,'id','zh-hant','印尼語'),(1598,'id','ms','Indonesian'),(1599,'id','gl','Indonesian'),(1600,'id','bn','Indonesian'),(1601,'is','en','Icelandic'),(1602,'is','es','Islandés'),(1603,'is','de','Isländisch'),(1604,'is','fr','Islandais'),(1605,'is','ar','الأيسلاندية'),(1606,'is','bs','Icelandic'),(1607,'is','bg','Исландски'),(1608,'is','ca','Icelandic'),(1609,'is','cs','Islandský'),(1610,'is','sk','Islančina'),(1611,'is','cy','Icelandic'),(1612,'is','da','Icelandic'),(1613,'is','el','Ισλανδικα'),(1614,'is','eo','Icelandic'),(1615,'is','et','Icelandic'),(1616,'is','eu','Icelandic'),(1617,'is','fa','Icelandic'),(1618,'is','fi','islanti'),(1619,'is','ga','Icelandic'),(1620,'is','he','איסלנדית'),(1621,'is','hi','Icelandic'),(1622,'is','hr','Islandski'),(1623,'is','hu','izlandi'),(1624,'is','hy','Icelandic'),(1625,'is','id','Icelandic'),(1626,'is','is','Íslenska'),(1627,'is','it','Islandese'),(1628,'is','ja','アイスランド語'),(1629,'is','ko','아이슬랜드어'),(1630,'is','ku','Icelandic'),(1631,'is','lv','Icelandic'),(1632,'is','lt','Icelandic'),(1633,'is','mk','Icelandic'),(1634,'is','mt','Icelandic'),(1635,'is','mn','Icelandic'),(1636,'is','ne','Icelandic'),(1637,'is','nl','Ijslands'),(1638,'is','no','Islandsk'),(1639,'is','pa','Icelandic'),(1640,'is','pl','islandzki'),(1641,'is','pt-pt','Islandês'),(1642,'is','pt-br','Islandês'),(1643,'is','qu','Icelandic'),(1644,'is','ro','Islandeză'),(1645,'is','ru','Исландский'),(1646,'is','sl','Islandski'),(1647,'is','so','Icelandic'),(1648,'is','sq','Icelandic'),(1649,'is','sr','исландски'),(1650,'is','sv','Isländska'),(1651,'is','ta','Icelandic'),(1652,'is','th','ไอซ์แลนด์'),(1653,'is','tr','İzlandaca'),(1654,'is','uk','Icelandic'),(1655,'is','ur','Icelandic'),(1656,'is','uz','Icelandic'),(1657,'is','vi','Icelandic'),(1658,'is','yi','Icelandic'),(1659,'is','zh-hans','冰岛语'),(1660,'is','zu','Icelandic'),(1661,'is','zh-hant','冰島語'),(1662,'is','ms','Icelandic'),(1663,'is','gl','Icelandic'),(1664,'is','bn','Icelandic'),(1665,'it','en','Italian'),(1666,'it','es','Italiano'),(1667,'it','de','Italienisch'),(1668,'it','fr','Italien'),(1669,'it','ar','الإيطالية'),(1670,'it','bs','Italian'),(1671,'it','bg','Италиански'),(1672,'it','ca','Italian'),(1673,'it','cs','Ital'),(1674,'it','sk','Taliančina'),(1675,'it','cy','Italian'),(1676,'it','da','Italian'),(1677,'it','el','Ιταλικα'),(1678,'it','eo','Italian'),(1679,'it','et','Italian'),(1680,'it','eu','Italian'),(1681,'it','fa','Italian'),(1682,'it','fi','italia'),(1683,'it','ga','Italian'),(1684,'it','he','איטלקית'),(1685,'it','hi','Italian'),(1686,'it','hr','Talijanski'),(1687,'it','hu','olasz'),(1688,'it','hy','Italian'),(1689,'it','id','Italian'),(1690,'it','is','Italian'),(1691,'it','it','Italiano'),(1692,'it','ja','イタリア語'),(1693,'it','ko','이태리어'),(1694,'it','ku','Italian'),(1695,'it','lv','Italian'),(1696,'it','lt','Italian'),(1697,'it','mk','Italian'),(1698,'it','mt','Italian'),(1699,'it','mn','Italian'),(1700,'it','ne','Italian'),(1701,'it','nl','Italiaans'),(1702,'it','no','Italiensk'),(1703,'it','pa','Italian'),(1704,'it','pl','włoski'),(1705,'it','pt-pt','Italiano'),(1706,'it','pt-br','Italiano'),(1707,'it','qu','Italian'),(1708,'it','ro','Italiană'),(1709,'it','ru','Итальянский'),(1710,'it','sl','Italijanski'),(1711,'it','so','Italian'),(1712,'it','sq','Italian'),(1713,'it','sr','италијански'),(1714,'it','sv','Italienska'),(1715,'it','ta','Italian'),(1716,'it','th','อิตาลี'),(1717,'it','tr','İtalyanca'),(1718,'it','uk','Italian'),(1719,'it','ur','Italian'),(1720,'it','uz','Italian'),(1721,'it','vi','Italian'),(1722,'it','yi','Italian'),(1723,'it','zh-hans','意大利语'),(1724,'it','zu','Italian'),(1725,'it','zh-hant','義大利語'),(1726,'it','ms','Italian'),(1727,'it','gl','Italian'),(1728,'it','bn','Italian'),(1729,'ja','en','Japanese'),(1730,'ja','es','Japonés'),(1731,'ja','de','Japanisch'),(1732,'ja','fr','Japonais'),(1733,'ja','ar','اليابانية'),(1734,'ja','bs','Japanese'),(1735,'ja','bg','Японски'),(1736,'ja','ca','Japanese'),(1737,'ja','cs','Japonský'),(1738,'ja','sk','Japonština'),(1739,'ja','cy','Japanese'),(1740,'ja','da','Japanese'),(1741,'ja','el','Ιαπωνικα'),(1742,'ja','eo','Japanese'),(1743,'ja','et','Japanese'),(1744,'ja','eu','Japanese'),(1745,'ja','fa','Japanese'),(1746,'ja','fi','japani'),(1747,'ja','ga','Japanese'),(1748,'ja','he','יפנית'),(1749,'ja','hi','Japanese'),(1750,'ja','hr','Japanski'),(1751,'ja','hu','japán'),(1752,'ja','hy','Japanese'),(1753,'ja','id','Japanese'),(1754,'ja','is','Japanese'),(1755,'ja','it','Giapponese'),(1756,'ja','ja','日本語'),(1757,'ja','ko','일어'),(1758,'ja','ku','Japanese'),(1759,'ja','lv','Japanese'),(1760,'ja','lt','Japanese'),(1761,'ja','mk','Japanese'),(1762,'ja','mt','Japanese'),(1763,'ja','mn','Japanese'),(1764,'ja','ne','Japanese'),(1765,'ja','nl','Japans'),(1766,'ja','no','Japansk'),(1767,'ja','pa','Japanese'),(1768,'ja','pl','japoński'),(1769,'ja','pt-pt','Japonês'),(1770,'ja','pt-br','Japonês'),(1771,'ja','qu','Japanese'),(1772,'ja','ro','Japoneză'),(1773,'ja','ru','Японский'),(1774,'ja','sl','Japonski'),(1775,'ja','so','Japanese'),(1776,'ja','sq','Japanese'),(1777,'ja','sr','јапански'),(1778,'ja','sv','Japanska'),(1779,'ja','ta','Japanese'),(1780,'ja','th','ญี่ปุ่น'),(1781,'ja','tr','Japonca'),(1782,'ja','uk','Japanese'),(1783,'ja','ur','Japanese'),(1784,'ja','uz','Japanese'),(1785,'ja','vi','Japanese'),(1786,'ja','yi','Japanese'),(1787,'ja','zh-hans','日语'),(1788,'ja','zu','Japanese'),(1789,'ja','zh-hant','日語'),(1790,'ja','ms','Japanese'),(1791,'ja','gl','Japanese'),(1792,'ja','bn','Japanese'),(1793,'ko','en','Korean'),(1794,'ko','es','Coreano'),(1795,'ko','de','Koreanisch'),(1796,'ko','fr','Coréen'),(1797,'ko','ar','الكورية'),(1798,'ko','bs','Korean'),(1799,'ko','bg','Корейски'),(1800,'ko','ca','Korean'),(1801,'ko','cs','Korejský'),(1802,'ko','sk','Kórejčina'),(1803,'ko','cy','Korean'),(1804,'ko','da','Korean'),(1805,'ko','el','Κορεατικα'),(1806,'ko','eo','Korean'),(1807,'ko','et','Korean'),(1808,'ko','eu','Korean'),(1809,'ko','fa','Korean'),(1810,'ko','fi','korea'),(1811,'ko','ga','Korean'),(1812,'ko','he','קוראנית'),(1813,'ko','hi','Korean'),(1814,'ko','hr','Korejski'),(1815,'ko','hu','koreai'),(1816,'ko','hy','Korean'),(1817,'ko','id','Korean'),(1818,'ko','is','Korean'),(1819,'ko','it','Coreano'),(1820,'ko','ja','韓国語'),(1821,'ko','ko','한국어'),(1822,'ko','ku','Korean'),(1823,'ko','lv','Korean'),(1824,'ko','lt','Korean'),(1825,'ko','mk','Korean'),(1826,'ko','mt','Korean'),(1827,'ko','mn','Korean'),(1828,'ko','ne','Korean'),(1829,'ko','nl','Koreaans'),(1830,'ko','no','Koreanske'),(1831,'ko','pa','Korean'),(1832,'ko','pl','koreański'),(1833,'ko','pt-pt','Coreano'),(1834,'ko','pt-br','Coreano'),(1835,'ko','qu','Korean'),(1836,'ko','ro','Coreană'),(1837,'ko','ru','Корейский'),(1838,'ko','sl','Korejski'),(1839,'ko','so','Korean'),(1840,'ko','sq','Korean'),(1841,'ko','sr','корејски'),(1842,'ko','sv','Koreanska'),(1843,'ko','ta','Korean'),(1844,'ko','th','เกาหลี'),(1845,'ko','tr','Kore dili'),(1846,'ko','uk','Korean'),(1847,'ko','ur','Korean'),(1848,'ko','uz','Korean'),(1849,'ko','vi','Korean'),(1850,'ko','yi','Korean'),(1851,'ko','zh-hans','韩语'),(1852,'ko','zu','Korean'),(1853,'ko','zh-hant','韓語'),(1854,'ko','ms','Korean'),(1855,'ko','gl','Korean'),(1856,'ko','bn','Korean'),(1857,'ku','en','Kurdish'),(1858,'ku','es','Kurdo'),(1859,'ku','de','Kurdisch'),(1860,'ku','fr','Kurde'),(1861,'ku','ar','الكردية'),(1862,'ku','bs','Kurdish'),(1863,'ku','bg','Кюрдски'),(1864,'ku','ca','Kurdish'),(1865,'ku','cs','Kurdský'),(1866,'ku','sk','Kurdština'),(1867,'ku','cy','Kurdish'),(1868,'ku','da','Kurdish'),(1869,'ku','el','Κουρδικα'),(1870,'ku','eo','Kurdish'),(1871,'ku','et','Kurdish'),(1872,'ku','eu','Kurdish'),(1873,'ku','fa','Kurdish'),(1874,'ku','fi','kurdi'),(1875,'ku','ga','Kurdish'),(1876,'ku','he','כורדית'),(1877,'ku','hi','Kurdish'),(1878,'ku','hr','Kurdski'),(1879,'ku','hu','kurd'),(1880,'ku','hy','Kurdish'),(1881,'ku','id','Kurdish'),(1882,'ku','is','Kurdish'),(1883,'ku','it','Curdo'),(1884,'ku','ja','クルド語'),(1885,'ku','ko','쿠르드어'),(1886,'ku','ku','Kurdish'),(1887,'ku','lv','Kurdish'),(1888,'ku','lt','Kurdish'),(1889,'ku','mk','Kurdish'),(1890,'ku','mt','Kurdish'),(1891,'ku','mn','Kurdish'),(1892,'ku','ne','Kurdish'),(1893,'ku','nl','Koerdish'),(1894,'ku','no','Kurdisk'),(1895,'ku','pa','Kurdish'),(1896,'ku','pl','kurdyjski'),(1897,'ku','pt-pt','Curdo'),(1898,'ku','pt-br','Curdo'),(1899,'ku','qu','Kurdish'),(1900,'ku','ro','Kurdă'),(1901,'ku','ru','Курдский'),(1902,'ku','sl','Kurdščina'),(1903,'ku','so','Kurdish'),(1904,'ku','sq','Kurdish'),(1905,'ku','sr','курдски'),(1906,'ku','sv','Kurdiska'),(1907,'ku','ta','Kurdish'),(1908,'ku','th','เคอร์ดิช'),(1909,'ku','tr','Kürtçe'),(1910,'ku','uk','Kurdish'),(1911,'ku','ur','Kurdish'),(1912,'ku','uz','Kurdish'),(1913,'ku','vi','Kurdish'),(1914,'ku','yi','Kurdish'),(1915,'ku','zh-hans','库尔德语'),(1916,'ku','zu','Kurdish'),(1917,'ku','zh-hant','庫爾德語'),(1918,'ku','ms','Kurdish'),(1919,'ku','gl','Kurdish'),(1920,'ku','bn','Kurdish'),(1921,'lv','en','Latvian'),(1922,'lv','es','Letón'),(1923,'lv','de','Lettisch'),(1924,'lv','fr','Letton'),(1925,'lv','ar','اللاتفية'),(1926,'lv','bs','Latvian'),(1927,'lv','bg','Латвийски'),(1928,'lv','ca','Latvian'),(1929,'lv','cs','Lotyština'),(1930,'lv','sk','Lotyština'),(1931,'lv','cy','Latvian'),(1932,'lv','da','Latvian'),(1933,'lv','el','Λετονικα'),(1934,'lv','eo','Latvian'),(1935,'lv','et','Latvian'),(1936,'lv','eu','Latvian'),(1937,'lv','fa','Latvian'),(1938,'lv','fi','latvia'),(1939,'lv','ga','Latvian'),(1940,'lv','he','לטבית'),(1941,'lv','hi','Latvian'),(1942,'lv','hr','Letonski'),(1943,'lv','hu','lett'),(1944,'lv','hy','Latvian'),(1945,'lv','id','Latvian'),(1946,'lv','is','Latvian'),(1947,'lv','it','Lettone'),(1948,'lv','ja','ラトビア語'),(1949,'lv','ko','라트비아어'),(1950,'lv','ku','Latvian'),(1951,'lv','lv','Latviešu'),(1952,'lv','lt','Latvian'),(1953,'lv','mk','Latvian'),(1954,'lv','mt','Latvian'),(1955,'lv','mn','Latvian'),(1956,'lv','ne','Latvian'),(1957,'lv','nl','Lets'),(1958,'lv','no','Latvisk'),(1959,'lv','pa','Latvian'),(1960,'lv','pl','łotewski'),(1961,'lv','pt-pt','Letão'),(1962,'lv','pt-br','Letão'),(1963,'lv','qu','Latvian'),(1964,'lv','ro','Letoniană'),(1965,'lv','ru','латышский'),(1966,'lv','sl','Latvijščina'),(1967,'lv','so','Latvian'),(1968,'lv','sq','Latvian'),(1969,'lv','sr','летонски'),(1970,'lv','sv','Lettiska'),(1971,'lv','ta','Latvian'),(1972,'lv','th','ลัตเวีย'),(1973,'lv','tr','Letonca'),(1974,'lv','uk','Latvian'),(1975,'lv','ur','Latvian'),(1976,'lv','uz','Latvian'),(1977,'lv','vi','Latvian'),(1978,'lv','yi','Latvian'),(1979,'lv','zh-hans','拉脱维亚语'),(1980,'lv','zu','Latvian'),(1981,'lv','zh-hant','拉脫維亞語'),(1982,'lv','ms','Latvian'),(1983,'lv','gl','Latvian'),(1984,'lv','bn','Latvian'),(1985,'lt','en','Lithuanian'),(1986,'lt','es','Lituano'),(1987,'lt','de','Litauisch'),(1988,'lt','fr','Lituanien'),(1989,'lt','ar','اللتوانية'),(1990,'lt','bs','Lithuanian'),(1991,'lt','bg','Литовски'),(1992,'lt','ca','Lithuanian'),(1993,'lt','cs','litevský'),(1994,'lt','sk','Litovčina'),(1995,'lt','cy','Lithuanian'),(1996,'lt','da','Lithuanian'),(1997,'lt','el','Λιθουανικα'),(1998,'lt','eo','Lithuanian'),(1999,'lt','et','Lithuanian'),(2000,'lt','eu','Lithuanian'),(2001,'lt','fa','Lithuanian'),(2002,'lt','fi','liettua'),(2003,'lt','ga','Lithuanian'),(2004,'lt','he','ליטאית'),(2005,'lt','hi','Lithuanian'),(2006,'lt','hr','Litvanski'),(2007,'lt','hu','litván'),(2008,'lt','hy','Lithuanian'),(2009,'lt','id','Lithuanian'),(2010,'lt','is','Lithuanian'),(2011,'lt','it','Lituano'),(2012,'lt','ja','リトアニア語'),(2013,'lt','ko','리투아니아어'),(2014,'lt','ku','Lithuanian'),(2015,'lt','lv','Lithuanian'),(2016,'lt','lt','Lietuvos'),(2017,'lt','mk','Lithuanian'),(2018,'lt','mt','Lithuanian'),(2019,'lt','mn','Lithuanian'),(2020,'lt','ne','Lithuanian'),(2021,'lt','nl','Litouws'),(2022,'lt','no','Litauisk'),(2023,'lt','pa','Lithuanian'),(2024,'lt','pl','litewski'),(2025,'lt','pt-pt','Lituano'),(2026,'lt','pt-br','Lituano'),(2027,'lt','qu','Lithuanian'),(2028,'lt','ro','Lituaniană'),(2029,'lt','ru','Литовский'),(2030,'lt','sl','Litovščina'),(2031,'lt','so','Lithuanian'),(2032,'lt','sq','Lithuanian'),(2033,'lt','sr','литвански'),(2034,'lt','sv','Litauiska'),(2035,'lt','ta','Lithuanian'),(2036,'lt','th','ลิธัวเนีย'),(2037,'lt','tr','Litvanyaca'),(2038,'lt','uk','Lithuanian'),(2039,'lt','ur','Lithuanian'),(2040,'lt','uz','Lithuanian'),(2041,'lt','vi','Lithuanian'),(2042,'lt','yi','Lithuanian'),(2043,'lt','zh-hans','立陶宛语'),(2044,'lt','zu','Lithuanian'),(2045,'lt','zh-hant','立陶宛語'),(2046,'lt','ms','Lithuanian'),(2047,'lt','gl','Lithuanian'),(2048,'lt','bn','Lithuanian'),(2049,'mk','en','Macedonian'),(2050,'mk','es','Macedonio'),(2051,'mk','de','Mazedonisch'),(2052,'mk','fr','Macédonien'),(2053,'mk','ar','المقدونية'),(2054,'mk','bs','Macedonian'),(2055,'mk','bg','Македонски'),(2056,'mk','ca','Macedonian'),(2057,'mk','cs','Makedonský'),(2058,'mk','sk','Macedónština'),(2059,'mk','cy','Macedonian'),(2060,'mk','da','Macedonian'),(2061,'mk','el','Μακεδονικο'),(2062,'mk','eo','Macedonian'),(2063,'mk','et','Macedonian'),(2064,'mk','eu','Macedonian'),(2065,'mk','fa','Macedonian'),(2066,'mk','fi','makedonia'),(2067,'mk','ga','Macedonian'),(2068,'mk','he','מקדונית'),(2069,'mk','hi','Macedonian'),(2070,'mk','hr','Makedonski'),(2071,'mk','hu','macedón'),(2072,'mk','hy','Macedonian'),(2073,'mk','id','Macedonian'),(2074,'mk','is','Macedonian'),(2075,'mk','it','Macedone'),(2076,'mk','ja','マケドニア語'),(2077,'mk','ko','마케도니아어'),(2078,'mk','ku','Macedonian'),(2079,'mk','lv','Macedonian'),(2080,'mk','lt','Macedonian'),(2081,'mk','mk','македонски'),(2082,'mk','mt','Macedonian'),(2083,'mk','mn','Macedonian'),(2084,'mk','ne','Macedonian'),(2085,'mk','nl','Macedonisch'),(2086,'mk','no','Makedonsk'),(2087,'mk','pa','Macedonian'),(2088,'mk','pl','macedoński'),(2089,'mk','pt-pt','Macedônio'),(2090,'mk','pt-br','Macedônio'),(2091,'mk','qu','Macedonian'),(2092,'mk','ro','Macedoniană'),(2093,'mk','ru','Македонский'),(2094,'mk','sl','Makedonski'),(2095,'mk','so','Macedonian'),(2096,'mk','sq','Macedonian'),(2097,'mk','sr','македонски'),(2098,'mk','sv','Makedonska'),(2099,'mk','ta','Macedonian'),(2100,'mk','th','มาซิโดเนีย'),(2101,'mk','tr','Makedonyaca'),(2102,'mk','uk','Macedonian'),(2103,'mk','ur','Macedonian'),(2104,'mk','uz','Macedonian'),(2105,'mk','vi','Macedonian'),(2106,'mk','yi','Macedonian'),(2107,'mk','zh-hans','马其顿语'),(2108,'mk','zu','Macedonian'),(2109,'mk','zh-hant','馬其頓語'),(2110,'mk','ms','Macedonian'),(2111,'mk','gl','Macedonian'),(2112,'mk','bn','Macedonian'),(2113,'mt','en','Maltese'),(2114,'mt','es','Maltés'),(2115,'mt','de','Maltesisch'),(2116,'mt','fr','Maltais'),(2117,'mt','ar','المالطية'),(2118,'mt','bs','Maltese'),(2119,'mt','bg','Малтийски'),(2120,'mt','ca','Maltese'),(2121,'mt','cs','Maltština'),(2122,'mt','sk','Maltézština'),(2123,'mt','cy','Maltese'),(2124,'mt','da','Maltese'),(2125,'mt','el','Μαλτεζικα'),(2126,'mt','eo','Maltese'),(2127,'mt','et','Maltese'),(2128,'mt','eu','Maltese'),(2129,'mt','fa','Maltese'),(2130,'mt','fi','malta'),(2131,'mt','ga','Maltese'),(2132,'mt','he','מלטזית'),(2133,'mt','hi','Maltese'),(2134,'mt','hr','Malteški'),(2135,'mt','hu','máltai'),(2136,'mt','hy','Maltese'),(2137,'mt','id','Maltese'),(2138,'mt','is','Maltese'),(2139,'mt','it','Maltese'),(2140,'mt','ja','マルタ語'),(2141,'mt','ko','몰타어'),(2142,'mt','ku','Maltese'),(2143,'mt','lv','Maltese'),(2144,'mt','lt','Maltese'),(2145,'mt','mk','Maltese'),(2146,'mt','mt','Malti'),(2147,'mt','mn','Maltese'),(2148,'mt','ne','Maltese'),(2149,'mt','nl','Maltees'),(2150,'mt','no','Maltese'),(2151,'mt','pa','Maltese'),(2152,'mt','pl','maltański'),(2153,'mt','pt-pt','Maltês'),(2154,'mt','pt-br','Maltês'),(2155,'mt','qu','Maltese'),(2156,'mt','ro','Malteză'),(2157,'mt','ru','Мальтийский'),(2158,'mt','sl','Malteški'),(2159,'mt','so','Maltese'),(2160,'mt','sq','Maltese'),(2161,'mt','sr','малтешки'),(2162,'mt','sv','Maltesiska'),(2163,'mt','ta','Maltese'),(2164,'mt','th','มอลทีส'),(2165,'mt','tr','Malta dili'),(2166,'mt','uk','Maltese'),(2167,'mt','ur','Maltese'),(2168,'mt','uz','Maltese'),(2169,'mt','vi','Maltese'),(2170,'mt','yi','Maltese'),(2171,'mt','zh-hans','马耳他语'),(2172,'mt','zu','Maltese'),(2173,'mt','zh-hant','馬爾他語'),(2174,'mt','ms','Maltese'),(2175,'mt','gl','Maltese'),(2176,'mt','bn','Maltese'),(2177,'mn','en','Mongolian'),(2178,'mn','es','Mongol'),(2179,'mn','de','Mongolisch'),(2180,'mn','fr','Mongol'),(2181,'mn','ar','المنغولية'),(2182,'mn','bs','Mongolian'),(2183,'mn','bg','Монголски'),(2184,'mn','ca','Mongolian'),(2185,'mn','cs','Mongolský'),(2186,'mn','sk','Mongolština'),(2187,'mn','cy','Mongolian'),(2188,'mn','da','Mongolian'),(2189,'mn','el','Μογγολικα'),(2190,'mn','eo','Mongolian'),(2191,'mn','et','Mongolian'),(2192,'mn','eu','Mongolian'),(2193,'mn','fa','Mongolian'),(2194,'mn','fi','mongoli'),(2195,'mn','ga','Mongolian'),(2196,'mn','he','מונגולית'),(2197,'mn','hi','Mongolian'),(2198,'mn','hr','Mongolski'),(2199,'mn','hu','mongol'),(2200,'mn','hy','Mongolian'),(2201,'mn','id','Mongolian'),(2202,'mn','is','Mongolian'),(2203,'mn','it','Mongolo'),(2204,'mn','ja','モンゴル語'),(2205,'mn','ko','몽골어'),(2206,'mn','ku','Mongolian'),(2207,'mn','lv','Mongolian'),(2208,'mn','lt','Mongolian'),(2209,'mn','mk','Mongolian'),(2210,'mn','mt','Mongolian'),(2211,'mn','mn','Mongolian'),(2212,'mn','ne','Mongolian'),(2213,'mn','nl','Mongools'),(2214,'mn','no','Mongolsk'),(2215,'mn','pa','Mongolian'),(2216,'mn','pl','mongolski'),(2217,'mn','pt-pt','Mongolian'),(2218,'mn','pt-br','Mongolian'),(2219,'mn','qu','Mongolian'),(2220,'mn','ro','Mongoleză'),(2221,'mn','ru','Монгольский'),(2222,'mn','sl','Mongolski'),(2223,'mn','so','Mongolian'),(2224,'mn','sq','Mongolian'),(2225,'mn','sr','монголски'),(2226,'mn','sv','Mongoliska'),(2227,'mn','ta','Mongolian'),(2228,'mn','th','มองโกเลีย'),(2229,'mn','tr','Mongolca'),(2230,'mn','uk','Mongolian'),(2231,'mn','ur','Mongolian'),(2232,'mn','uz','Mongolian'),(2233,'mn','vi','Mongolian'),(2234,'mn','yi','Mongolian'),(2235,'mn','zh-hans','蒙古语'),(2236,'mn','zu','Mongolian'),(2237,'mn','zh-hant','蒙古語'),(2238,'mn','ms','Mongolian'),(2239,'mn','gl','Mongolian'),(2240,'mn','bn','Mongolian'),(2241,'ne','en','Nepali'),(2242,'ne','es','Nepalí'),(2243,'ne','de','Nepali'),(2244,'ne','fr','Népalais'),(2245,'ne','ar','النيبالية'),(2246,'ne','bs','Nepali'),(2247,'ne','bg','Непалски'),(2248,'ne','ca','Nepali'),(2249,'ne','cs','Nepálský'),(2250,'ne','sk','Nepálčina'),(2251,'ne','cy','Nepali'),(2252,'ne','da','Nepali'),(2253,'ne','el','Νεπαλι'),(2254,'ne','eo','Nepali'),(2255,'ne','et','Nepali'),(2256,'ne','eu','Nepali'),(2257,'ne','fa','Nepali'),(2258,'ne','fi','nepali'),(2259,'ne','ga','Nepali'),(2260,'ne','he','נפאלית'),(2261,'ne','hi','Nepali'),(2262,'ne','hr','Nepalski'),(2263,'ne','hu','nepáli'),(2264,'ne','hy','Nepali'),(2265,'ne','id','Nepali'),(2266,'ne','is','Nepali'),(2267,'ne','it','Nepalese'),(2268,'ne','ja','ネパール語'),(2269,'ne','ko','네팔어'),(2270,'ne','ku','Nepali'),(2271,'ne','lv','Nepali'),(2272,'ne','lt','Nepali'),(2273,'ne','mk','Nepali'),(2274,'ne','mt','Nepali'),(2275,'ne','mn','Nepali'),(2276,'ne','ne','Nepali'),(2277,'ne','nl','Nepalees'),(2278,'ne','no','Nepali'),(2279,'ne','pa','Nepali'),(2280,'ne','pl','nepalski'),(2281,'ne','pt-pt','Nepali'),(2282,'ne','pt-br','Nepali'),(2283,'ne','qu','Nepali'),(2284,'ne','ro','Nepaleză'),(2285,'ne','ru','Непальский'),(2286,'ne','sl','Nepalščina'),(2287,'ne','so','Nepali'),(2288,'ne','sq','Nepali'),(2289,'ne','sr','непалски'),(2290,'ne','sv','Nepalesiska'),(2291,'ne','ta','Nepali'),(2292,'ne','th','เนปาล'),(2293,'ne','tr','Nepal dili'),(2294,'ne','uk','Nepali'),(2295,'ne','ur','Nepali'),(2296,'ne','uz','Nepali'),(2297,'ne','vi','Nepali'),(2298,'ne','yi','Nepali'),(2299,'ne','zh-hans','尼泊尔语'),(2300,'ne','zu','Nepali'),(2301,'ne','zh-hant','尼泊爾語'),(2302,'ne','ms','Nepali'),(2303,'ne','gl','Nepali'),(2304,'ne','bn','Nepali'),(2305,'nl','en','Dutch'),(2306,'nl','es','Holandés'),(2307,'nl','de','Niederländisch'),(2308,'nl','fr','Néerlandais'),(2309,'nl','ar','الهولندية'),(2310,'nl','bs','Dutch'),(2311,'nl','bg','Холандски'),(2312,'nl','ca','Dutch'),(2313,'nl','cs','Holandský'),(2314,'nl','sk','Holandčina'),(2315,'nl','cy','Dutch'),(2316,'nl','da','Dutch'),(2317,'nl','el','Ολλανδικα'),(2318,'nl','eo','Dutch'),(2319,'nl','et','Dutch'),(2320,'nl','eu','Dutch'),(2321,'nl','fa','Dutch'),(2322,'nl','fi','hollanti'),(2323,'nl','ga','Dutch'),(2324,'nl','he','הולנדית'),(2325,'nl','hi','Dutch'),(2326,'nl','hr','Holandski'),(2327,'nl','hu','holland'),(2328,'nl','hy','Dutch'),(2329,'nl','id','Dutch'),(2330,'nl','is','Dutch'),(2331,'nl','it','Olandese'),(2332,'nl','ja','オランダ語'),(2333,'nl','ko','화란어'),(2334,'nl','ku','Dutch'),(2335,'nl','lv','Dutch'),(2336,'nl','lt','Dutch'),(2337,'nl','mk','Dutch'),(2338,'nl','mt','Dutch'),(2339,'nl','mn','Dutch'),(2340,'nl','ne','Dutch'),(2341,'nl','nl','Nederlands'),(2342,'nl','no','Nederlandsk'),(2343,'nl','pa','Dutch'),(2344,'nl','pl','holenderski'),(2345,'nl','pt-pt','Holandês'),(2346,'nl','pt-br','Holandês'),(2347,'nl','qu','Dutch'),(2348,'nl','ro','Olaneză'),(2349,'nl','ru','Голландский'),(2350,'nl','sl','Nizozemščina'),(2351,'nl','so','Dutch'),(2352,'nl','sq','Dutch'),(2353,'nl','sr','холандски'),(2354,'nl','sv','Nederländska'),(2355,'nl','ta','Dutch'),(2356,'nl','th','ดัตช์'),(2357,'nl','tr','Hollandaca'),(2358,'nl','uk','Dutch'),(2359,'nl','ur','Dutch'),(2360,'nl','uz','Dutch'),(2361,'nl','vi','Dutch'),(2362,'nl','yi','Dutch'),(2363,'nl','zh-hans','荷兰语'),(2364,'nl','zu','Dutch'),(2365,'nl','zh-hant','荷蘭語'),(2366,'nl','ms','Dutch'),(2367,'nl','gl','Dutch'),(2368,'nl','bn','Dutch'),(2369,'no','en','Norwegian Bokmål'),(2370,'no','es','Bokmål'),(2371,'no','de','Norwegisch (Buchsprache)'),(2372,'no','fr','Norvégien Bokmål'),(2373,'no','ar','البوكمالية النرويجية'),(2374,'no','bs','Norwegian Bokmål'),(2375,'no','bg','Норвежки книжовен'),(2376,'no','ca','Norwegian Bokmål'),(2377,'no','cs','Norwegian bokmål'),(2378,'no','sk','Nórsky jazyk Bokmål'),(2379,'no','cy','Norwegian Bokmål'),(2380,'no','da','Norwegian Bokmål'),(2381,'no','el','Νορβηγικα'),(2382,'no','eo','Norwegian Bokmål'),(2383,'no','et','Norwegian Bokmål'),(2384,'no','eu','Norwegian Bokmål'),(2385,'no','fa','Norwegian Bokmål'),(2386,'no','fi','kirjanorja'),(2387,'no','ga','Norwegian Bokmål'),(2388,'no','he','נורווגית'),(2389,'no','hi','Norwegian Bokmål'),(2390,'no','hr','Književni norveški'),(2391,'no','hu','norvég bokmål'),(2392,'no','hy','Norwegian Bokmål'),(2393,'no','id','Norwegian Bokmål'),(2394,'no','is','Norwegian Bokmål'),(2395,'no','it','Norvegese Bokmål'),(2396,'no','ja','ノルウェー・ブークモール'),(2397,'no','ko','노르웨이 보크말어'),(2398,'no','ku','Norwegian Bokmål'),(2399,'no','lv','Norwegian Bokmål'),(2400,'no','lt','Norwegian Bokmål'),(2401,'no','mk','Norwegian Bokmål'),(2402,'no','mt','Norwegian Bokmål'),(2403,'no','mn','Norwegian Bokmål'),(2404,'no','ne','Norwegian Bokmål'),(2405,'no','nl','Noors Bokmål'),(2406,'no','no','Norsk bokmål'),(2407,'no','pa','Norwegian Bokmål'),(2408,'no','pl','norweski bokmål'),(2409,'no','pt-pt','Norueguês'),(2410,'no','pt-br','Norueguês'),(2411,'no','qu','Norwegian Bokmål'),(2412,'no','ro','Bokmål (norvegiană)'),(2413,'no','ru','Норвежский букмол'),(2414,'no','sl','Knjižna norveščina'),(2415,'no','so','Norwegian Bokmål'),(2416,'no','sq','Norwegian Bokmål'),(2417,'no','sr','Норвешки бокмал'),(2418,'no','sv','Norskt Bokmål'),(2419,'no','ta','Norwegian Bokmål'),(2420,'no','th','นอร์วิเจียนบอกมาล'),(2421,'no','tr','Bokmal Norveç dili'),(2422,'no','uk','Norwegian Bokmål'),(2423,'no','ur','Norwegian Bokmål'),(2424,'no','uz','Norwegian Bokmål'),(2425,'no','vi','Norwegian Bokmål'),(2426,'no','yi','Norwegian Bokmål'),(2427,'no','zh-hans','挪威布克莫尔语'),(2428,'no','zu','Norwegian Bokmål'),(2429,'no','zh-hant','挪威布克莫爾語'),(2430,'no','ms','Norwegian Bokmål'),(2431,'no','gl','Norwegian Bokmål'),(2432,'no','bn','Norwegian Bokmål'),(2433,'pa','en','Punjabi'),(2434,'pa','es','Panyabí'),(2435,'pa','de','Pandschabi'),(2436,'pa','fr','Panjabi'),(2437,'pa','ar','البنجابية'),(2438,'pa','bs','Punjabi'),(2439,'pa','bg','Панджабски'),(2440,'pa','ca','Punjabi'),(2441,'pa','cs','Punjabi'),(2442,'pa','sk','Pandžábčina'),(2443,'pa','cy','Punjabi'),(2444,'pa','da','Punjabi'),(2445,'pa','el','Panjabi'),(2446,'pa','eo','Punjabi'),(2447,'pa','et','Punjabi'),(2448,'pa','eu','Punjabi'),(2449,'pa','fa','Punjabi'),(2450,'pa','fi','pandzabi'),(2451,'pa','ga','Punjabi'),(2452,'pa','he','פנג\'אבית'),(2453,'pa','hi','Punjabi'),(2454,'pa','hr','Pendžabljanin'),(2455,'pa','hu','pandzsábi'),(2456,'pa','hy','Punjabi'),(2457,'pa','id','Punjabi'),(2458,'pa','is','Punjabi'),(2459,'pa','it','Panjabi'),(2460,'pa','ja','パンジャーブ語'),(2461,'pa','ko','펀자브어'),(2462,'pa','ku','Punjabi'),(2463,'pa','lv','Punjabi'),(2464,'pa','lt','Punjabi'),(2465,'pa','mk','Punjabi'),(2466,'pa','mt','Punjabi'),(2467,'pa','mn','Punjabi'),(2468,'pa','ne','Punjabi'),(2469,'pa','nl','Punjabi'),(2470,'pa','no','Punjabi'),(2471,'pa','pa','Punjabi'),(2472,'pa','pl','pendżabi'),(2473,'pa','pt-pt','Panjabi'),(2474,'pa','pt-br','Panjabi'),(2475,'pa','qu','Punjabi'),(2476,'pa','ro','Punjabi'),(2477,'pa','ru','Панджаби'),(2478,'pa','sl','Pandžabščina'),(2479,'pa','so','Punjabi'),(2480,'pa','sq','Punjabi'),(2481,'pa','sr','панџаби'),(2482,'pa','sv','Punjabi'),(2483,'pa','ta','Punjabi'),(2484,'pa','th','ปัญจาบ'),(2485,'pa','tr','Pencapça'),(2486,'pa','uk','Punjabi'),(2487,'pa','ur','Punjabi'),(2488,'pa','uz','Punjabi'),(2489,'pa','vi','Punjabi'),(2490,'pa','yi','Punjabi'),(2491,'pa','zh-hans','旁遮普语'),(2492,'pa','zu','Punjabi'),(2493,'pa','zh-hant','旁遮普語'),(2494,'pa','ms','Punjabi'),(2495,'pa','gl','Punjabi'),(2496,'pa','bn','Punjabi'),(2497,'pl','en','Polish'),(2498,'pl','es','Polaco'),(2499,'pl','de','Polnisch'),(2500,'pl','fr','Polonais'),(2501,'pl','ar','البولندية'),(2502,'pl','bs','Polish'),(2503,'pl','bg','Полски'),(2504,'pl','ca','Polish'),(2505,'pl','cs','Polský'),(2506,'pl','sk','Polština'),(2507,'pl','cy','Polish'),(2508,'pl','da','Polish'),(2509,'pl','el','Πολωνικα'),(2510,'pl','eo','Polish'),(2511,'pl','et','Polish'),(2512,'pl','eu','Polish'),(2513,'pl','fa','Polish'),(2514,'pl','fi','puola'),(2515,'pl','ga','Polish'),(2516,'pl','he','פולנית'),(2517,'pl','hi','Polish'),(2518,'pl','hr','Poljski'),(2519,'pl','hu','lengyel'),(2520,'pl','hy','Polish'),(2521,'pl','id','Polish'),(2522,'pl','is','Polish'),(2523,'pl','it','Polacco'),(2524,'pl','ja','ポーランド語'),(2525,'pl','ko','폴란드어'),(2526,'pl','ku','Polish'),(2527,'pl','lv','Polish'),(2528,'pl','lt','Polish'),(2529,'pl','mk','Polish'),(2530,'pl','mt','Polish'),(2531,'pl','mn','Polish'),(2532,'pl','ne','Polish'),(2533,'pl','nl','Pools'),(2534,'pl','no','Polsk'),(2535,'pl','pa','Polish'),(2536,'pl','pl','polski'),(2537,'pl','pt-pt','Polonês'),(2538,'pl','pt-br','Polonês'),(2539,'pl','qu','Polish'),(2540,'pl','ro','Poloneză'),(2541,'pl','ru','Польский'),(2542,'pl','sl','Poljski'),(2543,'pl','so','Polish'),(2544,'pl','sq','Polish'),(2545,'pl','sr','пољски'),(2546,'pl','sv','Polska'),(2547,'pl','ta','Polish'),(2548,'pl','th','โปแลนด์'),(2549,'pl','tr','Polonyaca'),(2550,'pl','uk','Polish'),(2551,'pl','ur','Polish'),(2552,'pl','uz','Polish'),(2553,'pl','vi','Polish'),(2554,'pl','yi','Polish'),(2555,'pl','zh-hans','波兰语'),(2556,'pl','zu','Polish'),(2557,'pl','zh-hant','波蘭語'),(2558,'pl','ms','Polish'),(2559,'pl','gl','Polish'),(2560,'pl','bn','Polish'),(2561,'pt-pt','en','Portuguese (Portugal)'),(2562,'pt-pt','es','Portugués, Portugal'),(2563,'pt-pt','de','Portugiesisch, Portugal'),(2564,'pt-pt','fr','Portugais - du Portugal'),(2565,'pt-pt','ar','البرتغالية ، البرتغال'),(2566,'pt-pt','bs','Portuguese, Portugal'),(2567,'pt-pt','bg','Португалски (Португалия)'),(2568,'pt-pt','ca','Portuguese, Portugal'),(2569,'pt-pt','cs','Portugalština ( Portugalsko)'),(2570,'pt-pt','sk','Portugalština'),(2571,'pt-pt','cy','Portuguese, Portugal'),(2572,'pt-pt','da','Portuguese, Portugal'),(2573,'pt-pt','el','Πορτογαλικα'),(2574,'pt-pt','eo','Portuguese, Portugal'),(2575,'pt-pt','et','Portuguese, Portugal'),(2576,'pt-pt','eu','Portuguese, Portugal'),(2577,'pt-pt','fa','Portuguese, Portugal'),(2578,'pt-pt','fi','portugali'),(2579,'pt-pt','ga','Portuguese, Portugal'),(2580,'pt-pt','he','פורטוגזית'),(2581,'pt-pt','hi','Portuguese, Portugal'),(2582,'pt-pt','hr','Portugalski (Portugal)'),(2583,'pt-pt','hu','portugál'),(2584,'pt-pt','hy','Portuguese, Portugal'),(2585,'pt-pt','id','Portuguese, Portugal'),(2586,'pt-pt','is','Portuguese, Portugal'),(2587,'pt-pt','it','Portoghese, Portogallo'),(2588,'pt-pt','ja','ポルトガル語'),(2589,'pt-pt','ko','포르투갈 포르투갈어'),(2590,'pt-pt','ku','Portuguese, Portugal'),(2591,'pt-pt','lv','Portuguese, Portugal'),(2592,'pt-pt','lt','Portuguese, Portugal'),(2593,'pt-pt','mk','Portuguese, Portugal'),(2594,'pt-pt','mt','Portuguese, Portugal'),(2595,'pt-pt','mn','Portuguese, Portugal'),(2596,'pt-pt','ne','Portuguese, Portugal'),(2597,'pt-pt','nl','Portugees, Portugal'),(2598,'pt-pt','no','Portugisisk (Portugal)'),(2599,'pt-pt','pa','Portuguese, Portugal'),(2600,'pt-pt','pl','portugalski, Portugalia'),(2601,'pt-pt','pt-pt','Português'),(2602,'pt-pt','pt-br','Português'),(2603,'pt-pt','qu','Portuguese, Portugal'),(2604,'pt-pt','ro','Portugheză (Portugalia)'),(2605,'pt-pt','ru','Португальский, Португалия'),(2606,'pt-pt','sl','Portugalščina ( Portugalska )'),(2607,'pt-pt','so','Portuguese, Portugal'),(2608,'pt-pt','sq','Portuguese, Portugal'),(2609,'pt-pt','sr','Португалски (Португалија)'),(2610,'pt-pt','sv','Portugisiska, Portugal'),(2611,'pt-pt','ta','Portuguese, Portugal'),(2612,'pt-pt','th','โปรตุเกส'),(2613,'pt-pt','tr','Portekizce, Portekiz'),(2614,'pt-pt','uk','Portuguese, Portugal'),(2615,'pt-pt','ur','Portuguese, Portugal'),(2616,'pt-pt','uz','Portuguese, Portugal'),(2617,'pt-pt','vi','Portuguese, Portugal'),(2618,'pt-pt','yi','Portuguese, Portugal'),(2619,'pt-pt','zh-hans','葡萄牙语（葡萄牙）'),(2620,'pt-pt','zu','Portuguese, Portugal'),(2621,'pt-pt','zh-hant','葡萄牙語（葡萄牙）'),(2622,'pt-pt','ms','Portuguese, Portugal'),(2623,'pt-pt','gl','Portuguese, Portugal'),(2624,'pt-pt','bn','Portuguese, Portugal'),(2625,'pt-br','en','Portuguese (Brazil)'),(2626,'pt-br','es','Portugués, Brasil'),(2627,'pt-br','de','Portugiesisch, Brasilien'),(2628,'pt-br','fr','Portugais - du Brésil'),(2629,'pt-br','ar','البرتغالية ،البرازيل'),(2630,'pt-br','bs','Portuguese, Brazil'),(2631,'pt-br','bg','Португалски (Бразилия)'),(2632,'pt-br','ca','Portuguese, Brazil'),(2633,'pt-br','cs','Portugalština ( Brazílie)'),(2634,'pt-br','sk','Brazílska Portugalština'),(2635,'pt-br','cy','Portuguese, Brazil'),(2636,'pt-br','da','Portuguese, Brazil'),(2637,'pt-br','el','Πορτογαλικα'),(2638,'pt-br','eo','Portuguese, Brazil'),(2639,'pt-br','et','Portuguese, Brazil'),(2640,'pt-br','eu','Portuguese, Brazil'),(2641,'pt-br','fa','Portuguese, Brazil'),(2642,'pt-br','fi','Brasilian portugali'),(2643,'pt-br','ga','Portuguese, Brazil'),(2644,'pt-br','he','פורטוגזית - ברזיל'),(2645,'pt-br','hi','Portuguese, Brazil'),(2646,'pt-br','hr','Portugalski (Brazil)'),(2647,'pt-br','hu','brazil'),(2648,'pt-br','hy','Portuguese, Brazil'),(2649,'pt-br','id','Portuguese, Brazil'),(2650,'pt-br','is','Portuguese, Brazil'),(2651,'pt-br','it','Portoghese, Brasile'),(2652,'pt-br','ja','ポルトガル語（ブラジル）'),(2653,'pt-br','ko','브라질 포르투갈어'),(2654,'pt-br','ku','Portuguese, Brazil'),(2655,'pt-br','lv','Portuguese, Brazil'),(2656,'pt-br','lt','Portuguese, Brazil'),(2657,'pt-br','mk','Portuguese, Brazil'),(2658,'pt-br','mt','Portuguese, Brazil'),(2659,'pt-br','mn','Portuguese, Brazil'),(2660,'pt-br','ne','Portuguese, Brazil'),(2661,'pt-br','nl','Portugees, Brazilië'),(2662,'pt-br','no','Portugisisk (Brasil)'),(2663,'pt-br','pa','Portuguese, Brazil'),(2664,'pt-br','pl','portugalski, Brazylia'),(2665,'pt-br','pt-pt','Português'),(2666,'pt-br','pt-br','Português'),(2667,'pt-br','qu','Portuguese, Brazil'),(2668,'pt-br','ro','Portugheză (Brazilia)'),(2669,'pt-br','ru','Португальский, Бразилия'),(2670,'pt-br','sl','Portugalščina ( Brazilija )'),(2671,'pt-br','so','Portuguese, Brazil'),(2672,'pt-br','sq','Portuguese, Brazil'),(2673,'pt-br','sr','Португалски (Бразил)'),(2674,'pt-br','sv','Portugisiska, Brasilien'),(2675,'pt-br','ta','Portuguese, Brazil'),(2676,'pt-br','th','โปรตุเกสบราซิล'),(2677,'pt-br','tr','Portekizce, Brezilya'),(2678,'pt-br','uk','Portuguese, Brazil'),(2679,'pt-br','ur','Portuguese, Brazil'),(2680,'pt-br','uz','Portuguese, Brazil'),(2681,'pt-br','vi','Portuguese, Brazil'),(2682,'pt-br','yi','Portuguese, Brazil'),(2683,'pt-br','zh-hans','葡萄牙语（巴西）'),(2684,'pt-br','zu','Portuguese, Brazil'),(2685,'pt-br','zh-hant','葡萄牙語（巴西）'),(2686,'pt-br','ms','Portuguese, Brazil'),(2687,'pt-br','gl','Portuguese, Brazil'),(2688,'pt-br','bn','Portuguese, Brazil'),(2689,'qu','en','Quechua'),(2690,'qu','es','Quechua'),(2691,'qu','de','Quechua'),(2692,'qu','fr','Quechua'),(2693,'qu','ar','الكويتشوا'),(2694,'qu','bs','Quechua'),(2695,'qu','bg','Кечуа'),(2696,'qu','ca','Quechua'),(2697,'qu','cs','Quechua'),(2698,'qu','sk','Jazyk Quechua'),(2699,'qu','cy','Quechua'),(2700,'qu','da','Quechua'),(2701,'qu','el','Κετσουα'),(2702,'qu','eo','Quechua'),(2703,'qu','et','Quechua'),(2704,'qu','eu','Quechua'),(2705,'qu','fa','Quechua'),(2706,'qu','fi','ketsua'),(2707,'qu','ga','Quechua'),(2708,'qu','he','קצ\'ואה'),(2709,'qu','hi','Quechua'),(2710,'qu','hr','Quechua'),(2711,'qu','hu','quechua'),(2712,'qu','hy','Quechua'),(2713,'qu','id','Quechua'),(2714,'qu','is','Quechua'),(2715,'qu','it','Quechua'),(2716,'qu','ja','ケチュア語'),(2717,'qu','ko','케추아어'),(2718,'qu','ku','Quechua'),(2719,'qu','lv','Quechua'),(2720,'qu','lt','Quechua'),(2721,'qu','mk','Quechua'),(2722,'qu','mt','Quechua'),(2723,'qu','mn','Quechua'),(2724,'qu','ne','Quechua'),(2725,'qu','nl','Quechua'),(2726,'qu','no','Quechua'),(2727,'qu','pa','Quechua'),(2728,'qu','pl','keczua'),(2729,'qu','pt-pt','Quechua'),(2730,'qu','pt-br','Quechua'),(2731,'qu','qu','Quechua'),(2732,'qu','ro','Quechuană'),(2733,'qu','ru','Кечуа'),(2734,'qu','sl','Quechua'),(2735,'qu','so','Quechua'),(2736,'qu','sq','Quechua'),(2737,'qu','sr','Кечуа'),(2738,'qu','sv','Quechua'),(2739,'qu','ta','Quechua'),(2740,'qu','th','คิวชัว'),(2741,'qu','tr','Quechua dili'),(2742,'qu','uk','Quechua'),(2743,'qu','ur','Quechua'),(2744,'qu','uz','Quechua'),(2745,'qu','vi','Quechua'),(2746,'qu','yi','Quechua'),(2747,'qu','zh-hans','盖丘亚语'),(2748,'qu','zu','Quechua'),(2749,'qu','zh-hant','蓋丘亞語'),(2750,'qu','ms','Quechua'),(2751,'qu','gl','Quechua'),(2752,'qu','bn','Quechua'),(2753,'ro','en','Romanian'),(2754,'ro','es','Rumano'),(2755,'ro','de','Rumänisch'),(2756,'ro','fr','Roumain'),(2757,'ro','ar','الرومانية'),(2758,'ro','bs','Romanian'),(2759,'ro','bg','Румънски'),(2760,'ro','ca','Romanian'),(2761,'ro','cs','Rumunština'),(2762,'ro','sk','Rumunčina'),(2763,'ro','cy','Romanian'),(2764,'ro','da','Romanian'),(2765,'ro','el','Ρουμανικα'),(2766,'ro','eo','Romanian'),(2767,'ro','et','Romanian'),(2768,'ro','eu','Romanian'),(2769,'ro','fa','Romanian'),(2770,'ro','fi','romania'),(2771,'ro','ga','Romanian'),(2772,'ro','he','רומנית'),(2773,'ro','hi','Romanian'),(2774,'ro','hr','Rumunjski'),(2775,'ro','hu','román'),(2776,'ro','hy','Romanian'),(2777,'ro','id','Romanian'),(2778,'ro','is','Romanian'),(2779,'ro','it','Rumeno'),(2780,'ro','ja','ルーマニア語'),(2781,'ro','ko','로마니아어'),(2782,'ro','ku','Romanian'),(2783,'ro','lv','Romanian'),(2784,'ro','lt','Romanian'),(2785,'ro','mk','Romanian'),(2786,'ro','mt','Romanian'),(2787,'ro','mn','Romanian'),(2788,'ro','ne','Romanian'),(2789,'ro','nl','Roemeens'),(2790,'ro','no','Rumensk'),(2791,'ro','pa','Romanian'),(2792,'ro','pl','rumuński'),(2793,'ro','pt-pt','Romeno'),(2794,'ro','pt-br','Romeno'),(2795,'ro','qu','Romanian'),(2796,'ro','ro','Română'),(2797,'ro','ru','Румынский'),(2798,'ro','sl','Romunščina'),(2799,'ro','so','Romanian'),(2800,'ro','sq','Romanian'),(2801,'ro','sr','румунски'),(2802,'ro','sv','Rumänska'),(2803,'ro','ta','Romanian'),(2804,'ro','th','โรมาเนีย'),(2805,'ro','tr','Rumence'),(2806,'ro','uk','Romanian'),(2807,'ro','ur','Romanian'),(2808,'ro','uz','Romanian'),(2809,'ro','vi','Romanian'),(2810,'ro','yi','Romanian'),(2811,'ro','zh-hans','罗马尼亚语'),(2812,'ro','zu','Romanian'),(2813,'ro','zh-hant','羅馬尼亞語'),(2814,'ro','ms','Romanian'),(2815,'ro','gl','Romanian'),(2816,'ro','bn','Romanian'),(2817,'ru','en','Russian'),(2818,'ru','es','Ruso'),(2819,'ru','de','Russisch'),(2820,'ru','fr','Russe'),(2821,'ru','ar','الروسية'),(2822,'ru','bs','Russian'),(2823,'ru','bg','Руски'),(2824,'ru','ca','Russian'),(2825,'ru','cs','Ruský'),(2826,'ru','sk','Ruština'),(2827,'ru','cy','Russian'),(2828,'ru','da','Russian'),(2829,'ru','el','Ρωσικα'),(2830,'ru','eo','Russian'),(2831,'ru','et','Russian'),(2832,'ru','eu','Russian'),(2833,'ru','fa','Russian'),(2834,'ru','fi','venäjä'),(2835,'ru','ga','Russian'),(2836,'ru','he','רוסית'),(2837,'ru','hi','Russian'),(2838,'ru','hr','Ruski'),(2839,'ru','hu','orosz'),(2840,'ru','hy','Russian'),(2841,'ru','id','Russian'),(2842,'ru','is','Russian'),(2843,'ru','it','Russo'),(2844,'ru','ja','ロシア語'),(2845,'ru','ko','러시아어'),(2846,'ru','ku','Russian'),(2847,'ru','lv','Russian'),(2848,'ru','lt','Russian'),(2849,'ru','mk','Russian'),(2850,'ru','mt','Russian'),(2851,'ru','mn','Russian'),(2852,'ru','ne','Russian'),(2853,'ru','nl','Russisch'),(2854,'ru','no','Russisk'),(2855,'ru','pa','Russian'),(2856,'ru','pl','rosyjski'),(2857,'ru','pt-pt','Russo'),(2858,'ru','pt-br','Russo'),(2859,'ru','qu','Russian'),(2860,'ru','ro','Rusă'),(2861,'ru','ru','Русский'),(2862,'ru','sl','Ruščina'),(2863,'ru','so','Russian'),(2864,'ru','sq','Russian'),(2865,'ru','sr','руски'),(2866,'ru','sv','Ryska'),(2867,'ru','ta','Russian'),(2868,'ru','th','รัสเซีย'),(2869,'ru','tr','Rusça'),(2870,'ru','uk','Russian'),(2871,'ru','ur','Russian'),(2872,'ru','uz','Russian'),(2873,'ru','vi','Russian'),(2874,'ru','yi','Russian'),(2875,'ru','zh-hans','俄语'),(2876,'ru','zu','Russian'),(2877,'ru','zh-hant','俄語'),(2878,'ru','ms','Russian'),(2879,'ru','gl','Russian'),(2880,'ru','bn','Russian'),(2881,'sl','en','Slovenian'),(2882,'sl','es','Esloveno'),(2883,'sl','de','Slowenisch'),(2884,'sl','fr','Slovène'),(2885,'sl','ar','السلوفانية'),(2886,'sl','bs','Slovenian'),(2887,'sl','bg','Словенски'),(2888,'sl','ca','Slovenian'),(2889,'sl','cs','Slovinština'),(2890,'sl','sk','Slovinčina'),(2891,'sl','cy','Slovenian'),(2892,'sl','da','Slovenian'),(2893,'sl','el','Σλοβενικα'),(2894,'sl','eo','Slovenian'),(2895,'sl','et','Slovenian'),(2896,'sl','eu','Slovenian'),(2897,'sl','fa','Slovenian'),(2898,'sl','fi','sloveeni'),(2899,'sl','ga','Slovenian'),(2900,'sl','he','סלובנית'),(2901,'sl','hi','Slovenian'),(2902,'sl','hr','Slovenac'),(2903,'sl','hu','szlovén'),(2904,'sl','hy','Slovenian'),(2905,'sl','id','Slovenian'),(2906,'sl','is','Slovenian'),(2907,'sl','it','Sloveno'),(2908,'sl','ja','スロベニア語'),(2909,'sl','ko','슬로베니아어'),(2910,'sl','ku','Slovenian'),(2911,'sl','lv','Slovenian'),(2912,'sl','lt','Slovenian'),(2913,'sl','mk','Slovenian'),(2914,'sl','mt','Slovenian'),(2915,'sl','mn','Slovenian'),(2916,'sl','ne','Slovenian'),(2917,'sl','nl','Sloveens'),(2918,'sl','no','Slovensk'),(2919,'sl','pa','Slovenian'),(2920,'sl','pl','słoweński'),(2921,'sl','pt-pt','Esloveno'),(2922,'sl','pt-br','Esloveno'),(2923,'sl','qu','Slovenian'),(2924,'sl','ro','Slovenă'),(2925,'sl','ru','Словенский'),(2926,'sl','sl','Slovenščina'),(2927,'sl','so','Slovenian'),(2928,'sl','sq','Slovenian'),(2929,'sl','sr','словеначки'),(2930,'sl','sv','Slovenska'),(2931,'sl','ta','Slovenian'),(2932,'sl','th','สโลวีเนียน'),(2933,'sl','tr','Sloven dili'),(2934,'sl','uk','Slovenian'),(2935,'sl','ur','Slovenian'),(2936,'sl','uz','Slovenian'),(2937,'sl','vi','Slovenian'),(2938,'sl','yi','Slovenian'),(2939,'sl','zh-hans','斯洛文尼亚语'),(2940,'sl','zu','Slovenian'),(2941,'sl','zh-hant','斯洛文尼亞語'),(2942,'sl','ms','Slovenian'),(2943,'sl','gl','Slovenian'),(2944,'sl','bn','Slovenian'),(2945,'so','en','Somali'),(2946,'so','es','Somalí'),(2947,'so','de','Somali'),(2948,'so','fr','Somali'),(2949,'so','ar','الصومالية'),(2950,'so','bs','Somali'),(2951,'so','bg','Сомалийски'),(2952,'so','ca','Somali'),(2953,'so','cs','Somali'),(2954,'so','sk','Somálčina'),(2955,'so','cy','Somali'),(2956,'so','da','Somali'),(2957,'so','el','Somali'),(2958,'so','eo','Somali'),(2959,'so','et','Somali'),(2960,'so','eu','Somali'),(2961,'so','fa','Somali'),(2962,'so','fi','somali'),(2963,'so','ga','Somali'),(2964,'so','he','סומלית'),(2965,'so','hi','Somali'),(2966,'so','hr','Somalijski'),(2967,'so','hu','szomáli'),(2968,'so','hy','Somali'),(2969,'so','id','Somali'),(2970,'so','is','Somali'),(2971,'so','it','Somalo'),(2972,'so','ja','ソマリ語'),(2973,'so','ko','소말리아어'),(2974,'so','ku','Somali'),(2975,'so','lv','Somali'),(2976,'so','lt','Somali'),(2977,'so','mk','Somali'),(2978,'so','mt','Somali'),(2979,'so','mn','Somali'),(2980,'so','ne','Somali'),(2981,'so','nl','Somalisch'),(2982,'so','no','Somali'),(2983,'so','pa','Somali'),(2984,'so','pl','somalijski'),(2985,'so','pt-pt','Somali'),(2986,'so','pt-br','Somali'),(2987,'so','qu','Somali'),(2988,'so','ro','Somaleză'),(2989,'so','ru','Сомалийский'),(2990,'so','sl','Somalski'),(2991,'so','so','Somali'),(2992,'so','sq','Somali'),(2993,'so','sr','Сомалијски'),(2994,'so','sv','Somaliska'),(2995,'so','ta','Somali'),(2996,'so','th','โซมาลี'),(2997,'so','tr','Somalice'),(2998,'so','uk','Somali'),(2999,'so','ur','Somali'),(3000,'so','uz','Somali'),(3001,'so','vi','Somali'),(3002,'so','yi','Somali'),(3003,'so','zh-hans','索马里语'),(3004,'so','zu','Somali'),(3005,'so','zh-hant','索馬里語'),(3006,'so','ms','Somali'),(3007,'so','gl','Somali'),(3008,'so','bn','Somali'),(3009,'sq','en','Albanian'),(3010,'sq','es','Albanés'),(3011,'sq','de','Albanisch'),(3012,'sq','fr','Albanais'),(3013,'sq','ar','الألبانية'),(3014,'sq','bs','Albanian'),(3015,'sq','bg','Албански'),(3016,'sq','ca','Albanian'),(3017,'sq','cs','Albánský'),(3018,'sq','sk','Albánčina'),(3019,'sq','cy','Albanian'),(3020,'sq','da','Albanian'),(3021,'sq','el','Αλβανικα'),(3022,'sq','eo','Albanian'),(3023,'sq','et','Albanian'),(3024,'sq','eu','Albanian'),(3025,'sq','fa','Albanian'),(3026,'sq','fi','albania'),(3027,'sq','ga','Albanian'),(3028,'sq','he','אלבנית'),(3029,'sq','hi','Albanian'),(3030,'sq','hr','Albanac'),(3031,'sq','hu','albán'),(3032,'sq','hy','Albanian'),(3033,'sq','id','Albanian'),(3034,'sq','is','Albanian'),(3035,'sq','it','Albanese'),(3036,'sq','ja','アルバニア語'),(3037,'sq','ko','알바니아어'),(3038,'sq','ku','Albanian'),(3039,'sq','lv','Albanian'),(3040,'sq','lt','Albanian'),(3041,'sq','mk','Albanian'),(3042,'sq','mt','Albanian'),(3043,'sq','mn','Albanian'),(3044,'sq','ne','Albanian'),(3045,'sq','nl','Albaans'),(3046,'sq','no','Albansk'),(3047,'sq','pa','Albanian'),(3048,'sq','pl','albański'),(3049,'sq','pt-pt','Albanês'),(3050,'sq','pt-br','Albanês'),(3051,'sq','qu','Albanian'),(3052,'sq','ro','Albaneză'),(3053,'sq','ru','Албанский'),(3054,'sq','sl','Albanski'),(3055,'sq','so','Albanian'),(3056,'sq','sq','Albanian'),(3057,'sq','sr','албански'),(3058,'sq','sv','Albanska'),(3059,'sq','ta','Albanian'),(3060,'sq','th','อัลเบเนีย'),(3061,'sq','tr','Arnavutça'),(3062,'sq','uk','Albanian'),(3063,'sq','ur','Albanian'),(3064,'sq','uz','Albanian'),(3065,'sq','vi','Albanian'),(3066,'sq','yi','Albanian'),(3067,'sq','zh-hans','阿尔巴尼亚语'),(3068,'sq','zu','Albanian'),(3069,'sq','zh-hant','阿爾巴尼亞語'),(3070,'sq','ms','Albanian'),(3071,'sq','gl','Albanian'),(3072,'sq','bn','Albanian'),(3073,'sr','en','Serbian'),(3074,'sr','es','Serbio'),(3075,'sr','de','Serbisch'),(3076,'sr','fr','Serbe'),(3077,'sr','ar','الصربية'),(3078,'sr','bs','Serbian'),(3079,'sr','bg','Сръбски'),(3080,'sr','ca','Serbian'),(3081,'sr','cs','Srbský'),(3082,'sr','sk','Srbština'),(3083,'sr','cy','Serbian'),(3084,'sr','da','Serbian'),(3085,'sr','el','Σερβικα'),(3086,'sr','eo','Serbian'),(3087,'sr','et','Serbian'),(3088,'sr','eu','Serbian'),(3089,'sr','fa','Serbian'),(3090,'sr','fi','serbia'),(3091,'sr','ga','Serbian'),(3092,'sr','he','סרבית'),(3093,'sr','hi','Serbian'),(3094,'sr','hr','Srpski'),(3095,'sr','hu','szerb'),(3096,'sr','hy','Serbian'),(3097,'sr','id','Serbian'),(3098,'sr','is','Serbian'),(3099,'sr','it','Serbo'),(3100,'sr','ja','セルビア語'),(3101,'sr','ko','세르비아어'),(3102,'sr','ku','Serbian'),(3103,'sr','lv','Serbian'),(3104,'sr','lt','Serbian'),(3105,'sr','mk','Serbian'),(3106,'sr','mt','Serbian'),(3107,'sr','mn','Serbian'),(3108,'sr','ne','Serbian'),(3109,'sr','nl','Servisch'),(3110,'sr','no','Serbisk'),(3111,'sr','pa','Serbian'),(3112,'sr','pl','serbski'),(3113,'sr','pt-pt','Sérvio'),(3114,'sr','pt-br','Sérvio'),(3115,'sr','qu','Serbian'),(3116,'sr','ro','Sârbă'),(3117,'sr','ru','Сербский'),(3118,'sr','sl','Srbski'),(3119,'sr','so','Serbian'),(3120,'sr','sq','Serbian'),(3121,'sr','sr','српски'),(3122,'sr','sv','Serbiska'),(3123,'sr','ta','Serbian'),(3124,'sr','th','เซอร์เบีย'),(3125,'sr','tr','Sırpça'),(3126,'sr','uk','Serbian'),(3127,'sr','ur','Serbian'),(3128,'sr','uz','Serbian'),(3129,'sr','vi','Serbian'),(3130,'sr','yi','Serbian'),(3131,'sr','zh-hans','赛尔维亚语'),(3132,'sr','zu','Serbian'),(3133,'sr','zh-hant','賽爾維亞語'),(3134,'sr','ms','Serbian'),(3135,'sr','gl','Serbian'),(3136,'sr','bn','Serbian'),(3137,'sv','en','Swedish'),(3138,'sv','es','Sueco'),(3139,'sv','de','Schwedisch'),(3140,'sv','fr','Suédois'),(3141,'sv','ar','السويدية'),(3142,'sv','bs','Swedish'),(3143,'sv','bg','Шведски'),(3144,'sv','ca','Swedish'),(3145,'sv','cs','Švédský'),(3146,'sv','sk','Švédština'),(3147,'sv','cy','Swedish'),(3148,'sv','da','Swedish'),(3149,'sv','el','Σουηδικη'),(3150,'sv','eo','Swedish'),(3151,'sv','et','Swedish'),(3152,'sv','eu','Swedish'),(3153,'sv','fa','Swedish'),(3154,'sv','fi','ruotsi'),(3155,'sv','ga','Swedish'),(3156,'sv','he','שוודית'),(3157,'sv','hi','Swedish'),(3158,'sv','hr','švedski'),(3159,'sv','hu','svéd'),(3160,'sv','hy','Swedish'),(3161,'sv','id','Swedish'),(3162,'sv','is','Swedish'),(3163,'sv','it','Svedese'),(3164,'sv','ja','スウェーデン語'),(3165,'sv','ko','스웨덴어'),(3166,'sv','ku','Swedish'),(3167,'sv','lv','Swedish'),(3168,'sv','lt','Swedish'),(3169,'sv','mk','Swedish'),(3170,'sv','mt','Swedish'),(3171,'sv','mn','Swedish'),(3172,'sv','ne','Swedish'),(3173,'sv','nl','Zweeds'),(3174,'sv','no','Swedish'),(3175,'sv','pa','Swedish'),(3176,'sv','pl','szwedzki'),(3177,'sv','pt-pt','Sueco'),(3178,'sv','pt-br','Sueco'),(3179,'sv','qu','Swedish'),(3180,'sv','ro','Suedeză'),(3181,'sv','ru','Шведский'),(3182,'sv','sl','Švedščina'),(3183,'sv','so','Swedish'),(3184,'sv','sq','Swedish'),(3185,'sv','sr','шведски'),(3186,'sv','sv','Svenska'),(3187,'sv','ta','Swedish'),(3188,'sv','th','สวีเดน'),(3189,'sv','tr','İsveççe'),(3190,'sv','uk','Swedish'),(3191,'sv','ur','Swedish'),(3192,'sv','uz','Swedish'),(3193,'sv','vi','Swedish'),(3194,'sv','yi','Swedish'),(3195,'sv','zh-hans','瑞典语'),(3196,'sv','zu','Swedish'),(3197,'sv','zh-hant','瑞典語'),(3198,'sv','ms','Swedish'),(3199,'sv','gl','Swedish'),(3200,'sv','bn','Swedish'),(3201,'ta','en','Tamil'),(3202,'ta','es','Tamil'),(3203,'ta','de','Tamil'),(3204,'ta','fr','Tamoul'),(3205,'ta','ar','التاميلية'),(3206,'ta','bs','Tamil'),(3207,'ta','bg','Тамилски'),(3208,'ta','ca','Tamil'),(3209,'ta','cs','Tamil'),(3210,'ta','sk','Tamilčina'),(3211,'ta','cy','Tamil'),(3212,'ta','da','Tamil'),(3213,'ta','el','Ταμιλ'),(3214,'ta','eo','Tamil'),(3215,'ta','et','Tamil'),(3216,'ta','eu','Tamil'),(3217,'ta','fa','Tamil'),(3218,'ta','fi','tamili'),(3219,'ta','ga','Tamil'),(3220,'ta','he','טמילית'),(3221,'ta','hi','Tamil'),(3222,'ta','hr','Tamil'),(3223,'ta','hu','tamil'),(3224,'ta','hy','Tamil'),(3225,'ta','id','Tamil'),(3226,'ta','is','Tamil'),(3227,'ta','it','Tamil'),(3228,'ta','ja','タミル語'),(3229,'ta','ko','타밀어'),(3230,'ta','ku','Tamil'),(3231,'ta','lv','Tamil'),(3232,'ta','lt','Tamil'),(3233,'ta','mk','Tamil'),(3234,'ta','mt','Tamil'),(3235,'ta','mn','Tamil'),(3236,'ta','ne','Tamil'),(3237,'ta','nl','Tamil'),(3238,'ta','no','Tamil'),(3239,'ta','pa','Tamil'),(3240,'ta','pl','tamilski'),(3241,'ta','pt-pt','Tamil'),(3242,'ta','pt-br','Tamil'),(3243,'ta','qu','Tamil'),(3244,'ta','ro','Tamilă'),(3245,'ta','ru','Тамильский'),(3246,'ta','sl','Tamilščina'),(3247,'ta','so','Tamil'),(3248,'ta','sq','Tamil'),(3249,'ta','sr','тамилски'),(3250,'ta','sv','Tamil'),(3251,'ta','ta','Tamil'),(3252,'ta','th','ทมิฬ'),(3253,'ta','tr','Tamil dili'),(3254,'ta','uk','Tamil'),(3255,'ta','ur','Tamil'),(3256,'ta','uz','Tamil'),(3257,'ta','vi','Tamil'),(3258,'ta','yi','Tamil'),(3259,'ta','zh-hans','泰米尔语'),(3260,'ta','zu','Tamil'),(3261,'ta','zh-hant','泰米爾語'),(3262,'ta','ms','Tamil'),(3263,'ta','gl','Tamil'),(3264,'ta','bn','Tamil'),(3265,'th','en','Thai'),(3266,'th','es','Tailandés'),(3267,'th','de','Thai'),(3268,'th','fr','Thaï'),(3269,'th','ar','التايلندية'),(3270,'th','bs','Thai'),(3271,'th','bg','Тайски'),(3272,'th','ca','Thai'),(3273,'th','cs','Thai'),(3274,'th','sk','Thajština'),(3275,'th','cy','Thai'),(3276,'th','da','Thai'),(3277,'th','el','Thai'),(3278,'th','eo','Thai'),(3279,'th','et','Thai'),(3280,'th','eu','Thai'),(3281,'th','fa','Thai'),(3282,'th','fi','thai'),(3283,'th','ga','Thai'),(3284,'th','he','תאילנדית'),(3285,'th','hi','Thai'),(3286,'th','hr','Thai'),(3287,'th','hu','tájföldi'),(3288,'th','hy','Thai'),(3289,'th','id','Thai'),(3290,'th','is','Thai'),(3291,'th','it','Thai'),(3292,'th','ja','タイ語'),(3293,'th','ko','태국어'),(3294,'th','ku','Thai'),(3295,'th','lv','Thai'),(3296,'th','lt','Thai'),(3297,'th','mk','Thai'),(3298,'th','mt','Thai'),(3299,'th','mn','Thai'),(3300,'th','ne','Thai'),(3301,'th','nl','Thai'),(3302,'th','no','Thai'),(3303,'th','pa','Thai'),(3304,'th','pl','tajski'),(3305,'th','pt-pt','Tailandês'),(3306,'th','pt-br','Tailandês'),(3307,'th','qu','Thai'),(3308,'th','ro','Tailandeză'),(3309,'th','ru','Тайский'),(3310,'th','sl','Tajski'),(3311,'th','so','Thai'),(3312,'th','sq','Thai'),(3313,'th','sr','Тајландски'),(3314,'th','sv','Thailändska'),(3315,'th','ta','Thai'),(3316,'th','th','ไทย'),(3317,'th','tr','Tayca'),(3318,'th','uk','Thai'),(3319,'th','ur','Thai'),(3320,'th','uz','Thai'),(3321,'th','vi','Thai'),(3322,'th','yi','Thai'),(3323,'th','zh-hans','泰语'),(3324,'th','zu','Thai'),(3325,'th','zh-hant','泰語'),(3326,'th','ms','Thai'),(3327,'th','gl','Thai'),(3328,'th','bn','Thai'),(3329,'tr','en','Turkish'),(3330,'tr','es','Turco'),(3331,'tr','de','Türkisch'),(3332,'tr','fr','Turc'),(3333,'tr','ar','التركية'),(3334,'tr','bs','Turkish'),(3335,'tr','bg','Турски'),(3336,'tr','ca','Turkish'),(3337,'tr','cs','Turečtina'),(3338,'tr','sk','Turečtina'),(3339,'tr','cy','Turkish'),(3340,'tr','da','Turkish'),(3341,'tr','el','Τουρκικα'),(3342,'tr','eo','Turkish'),(3343,'tr','et','Turkish'),(3344,'tr','eu','Turkish'),(3345,'tr','fa','Turkish'),(3346,'tr','fi','turkki'),(3347,'tr','ga','Turkish'),(3348,'tr','he','תורכית'),(3349,'tr','hi','Turkish'),(3350,'tr','hr','Turski'),(3351,'tr','hu','török'),(3352,'tr','hy','Turkish'),(3353,'tr','id','Turkish'),(3354,'tr','is','Turkish'),(3355,'tr','it','Turco'),(3356,'tr','ja','トルコ語'),(3357,'tr','ko','터어키어'),(3358,'tr','ku','Turkish'),(3359,'tr','lv','Turkish'),(3360,'tr','lt','Turkish'),(3361,'tr','mk','Turkish'),(3362,'tr','mt','Turkish'),(3363,'tr','mn','Turkish'),(3364,'tr','ne','Turkish'),(3365,'tr','nl','Turks'),(3366,'tr','no','Turkish'),(3367,'tr','pa','Turkish'),(3368,'tr','pl','turecki'),(3369,'tr','pt-pt','Turco'),(3370,'tr','pt-br','Turco'),(3371,'tr','qu','Turkish'),(3372,'tr','ro','Turcă'),(3373,'tr','ru','Турецкий'),(3374,'tr','sl','Turščina'),(3375,'tr','so','Turkish'),(3376,'tr','sq','Turkish'),(3377,'tr','sr','турски'),(3378,'tr','sv','Turkiska'),(3379,'tr','ta','Turkish'),(3380,'tr','th','ตุรกี'),(3381,'tr','tr','Türkçe'),(3382,'tr','uk','Turkish'),(3383,'tr','ur','Turkish'),(3384,'tr','uz','Turkish'),(3385,'tr','vi','Turkish'),(3386,'tr','yi','Turkish'),(3387,'tr','zh-hans','土耳其语'),(3388,'tr','zu','Turkish'),(3389,'tr','zh-hant','土耳其語'),(3390,'tr','ms','Turkish'),(3391,'tr','gl','Turkish'),(3392,'tr','bn','Turkish'),(3393,'uk','en','Ukrainian'),(3394,'uk','es','Ucraniano'),(3395,'uk','de','Ukrainisch'),(3396,'uk','fr','Ukrainien'),(3397,'uk','ar','الأوكرانية'),(3398,'uk','bs','Ukrainian'),(3399,'uk','bg','Украински'),(3400,'uk','ca','Ukrainian'),(3401,'uk','cs','Ukrajinský'),(3402,'uk','sk','Ukrajinčina'),(3403,'uk','cy','Ukrainian'),(3404,'uk','da','Ukrainian'),(3405,'uk','el','Ουκρανικα'),(3406,'uk','eo','Ukrainian'),(3407,'uk','et','Ukrainian'),(3408,'uk','eu','Ukrainian'),(3409,'uk','fa','Ukrainian'),(3410,'uk','fi','ukraina'),(3411,'uk','ga','Ukrainian'),(3412,'uk','he','אוקראינית'),(3413,'uk','hi','Ukrainian'),(3414,'uk','hr','Ukrajinski'),(3415,'uk','hu','ukrán'),(3416,'uk','hy','Ukrainian'),(3417,'uk','id','Ukrainian'),(3418,'uk','is','Ukrainian'),(3419,'uk','it','Ucraino'),(3420,'uk','ja','ウクライナ語'),(3421,'uk','ko','우크라이나어'),(3422,'uk','ku','Ukrainian'),(3423,'uk','lv','Ukrainian'),(3424,'uk','lt','Ukrainian'),(3425,'uk','mk','Ukrainian'),(3426,'uk','mt','Ukrainian'),(3427,'uk','mn','Ukrainian'),(3428,'uk','ne','Ukrainian'),(3429,'uk','nl','Oekraïens'),(3430,'uk','no','Ukrainsk'),(3431,'uk','pa','Ukrainian'),(3432,'uk','pl','ukraiński'),(3433,'uk','pt-pt','Ucraniano'),(3434,'uk','pt-br','Ucraniano'),(3435,'uk','qu','Ukrainian'),(3436,'uk','ro','Ucrainiană'),(3437,'uk','ru','Украинский'),(3438,'uk','sl','Ukrajinski'),(3439,'uk','so','Ukrainian'),(3440,'uk','sq','Ukrainian'),(3441,'uk','sr','украјински'),(3442,'uk','sv','Ukrainska'),(3443,'uk','ta','Ukrainian'),(3444,'uk','th','ยูเครน'),(3445,'uk','tr','Ukraynaca'),(3446,'uk','uk','Ukrainian'),(3447,'uk','ur','Ukrainian'),(3448,'uk','uz','Ukrainian'),(3449,'uk','vi','Ukrainian'),(3450,'uk','yi','Ukrainian'),(3451,'uk','zh-hans','乌克兰语'),(3452,'uk','zu','Ukrainian'),(3453,'uk','zh-hant','烏克蘭語'),(3454,'uk','ms','Ukrainian'),(3455,'uk','gl','Ukrainian'),(3456,'uk','bn','Ukrainian'),(3457,'ur','en','Urdu'),(3458,'ur','es','Urdu'),(3459,'ur','de','Urdu'),(3460,'ur','fr','Ourdu'),(3461,'ur','ar','الأردية'),(3462,'ur','bs','Urdu'),(3463,'ur','bg','Урду'),(3464,'ur','ca','Urdu'),(3465,'ur','cs','Urdu'),(3466,'ur','sk','Urdština'),(3467,'ur','cy','Urdu'),(3468,'ur','da','Urdu'),(3469,'ur','el','Ουρντου'),(3470,'ur','eo','Urdu'),(3471,'ur','et','Urdu'),(3472,'ur','eu','Urdu'),(3473,'ur','fa','Urdu'),(3474,'ur','fi','urdu'),(3475,'ur','ga','Urdu'),(3476,'ur','he','אורדו'),(3477,'ur','hi','Urdu'),(3478,'ur','hr','Urdu'),(3479,'ur','hu','urdu'),(3480,'ur','hy','Urdu'),(3481,'ur','id','Urdu'),(3482,'ur','is','Urdu'),(3483,'ur','it','Urdu'),(3484,'ur','ja','ウルドゥー語'),(3485,'ur','ko','우르두어'),(3486,'ur','ku','Urdu'),(3487,'ur','lv','Urdu'),(3488,'ur','lt','Urdu'),(3489,'ur','mk','Urdu'),(3490,'ur','mt','Urdu'),(3491,'ur','mn','Urdu'),(3492,'ur','ne','Urdu'),(3493,'ur','nl','Urdu'),(3494,'ur','no','Urdu'),(3495,'ur','pa','Urdu'),(3496,'ur','pl','urdu'),(3497,'ur','pt-pt','Urdu'),(3498,'ur','pt-br','Urdu'),(3499,'ur','qu','Urdu'),(3500,'ur','ro','Urdu'),(3501,'ur','ru','Урду'),(3502,'ur','sl','Urdujščina'),(3503,'ur','so','Urdu'),(3504,'ur','sq','Urdu'),(3505,'ur','sr','урду'),(3506,'ur','sv','Urdu'),(3507,'ur','ta','Urdu'),(3508,'ur','th','อุรดู'),(3509,'ur','tr','Urduca'),(3510,'ur','uk','Urdu'),(3511,'ur','ur','اردو '),(3512,'ur','uz','Urdu'),(3513,'ur','vi','Urdu'),(3514,'ur','yi','Urdu'),(3515,'ur','zh-hans','乌尔都语'),(3516,'ur','zu','Urdu'),(3517,'ur','zh-hant','烏爾都語'),(3518,'ur','ms','Urdu'),(3519,'ur','gl','Urdu'),(3520,'ur','bn','Urdu'),(3521,'uz','en','Uzbek'),(3522,'uz','es','Uzbeko'),(3523,'uz','de','Usbekisch'),(3524,'uz','fr','Ouzbek'),(3525,'uz','ar','الاوزباكية'),(3526,'uz','bs','Uzbek'),(3527,'uz','bg','Узбекски'),(3528,'uz','ca','Uzbek'),(3529,'uz','cs','Uzbek'),(3530,'uz','sk','Uzbekčina'),(3531,'uz','cy','Uzbek'),(3532,'uz','da','Uzbek'),(3533,'uz','el','Ουζμπεκικα'),(3534,'uz','eo','Uzbek'),(3535,'uz','et','Uzbek'),(3536,'uz','eu','Uzbek'),(3537,'uz','fa','Uzbek'),(3538,'uz','fi','uzbekki'),(3539,'uz','ga','Uzbek'),(3540,'uz','he','אוזבקית'),(3541,'uz','hi','Uzbek'),(3542,'uz','hr','Uzbečki'),(3543,'uz','hu','üzbég'),(3544,'uz','hy','Uzbek'),(3545,'uz','id','Uzbek'),(3546,'uz','is','Uzbek'),(3547,'uz','it','Uzbeco'),(3548,'uz','ja','ウズベク語'),(3549,'uz','ko','우즈베크어'),(3550,'uz','ku','Uzbek'),(3551,'uz','lv','Uzbek'),(3552,'uz','lt','Uzbek'),(3553,'uz','mk','Uzbek'),(3554,'uz','mt','Uzbek'),(3555,'uz','mn','Uzbek'),(3556,'uz','ne','Uzbek'),(3557,'uz','nl','Oezbeeks'),(3558,'uz','no','Usbekisk'),(3559,'uz','pa','Uzbek'),(3560,'uz','pl','uzbecki'),(3561,'uz','pt-pt','Uzbeque'),(3562,'uz','pt-br','Uzbeque'),(3563,'uz','qu','Uzbek'),(3564,'uz','ro','Uzbecă'),(3565,'uz','ru','Узбекский'),(3566,'uz','sl','Uzbek'),(3567,'uz','so','Uzbek'),(3568,'uz','sq','Uzbek'),(3569,'uz','sr','Узбек'),(3570,'uz','sv','Uzbekiska'),(3571,'uz','ta','Uzbek'),(3572,'uz','th','อุซเบก'),(3573,'uz','tr','Özbekçe'),(3574,'uz','uk','Uzbek'),(3575,'uz','ur','Uzbek'),(3576,'uz','uz','Uzbek'),(3577,'uz','vi','Uzbek'),(3578,'uz','yi','Uzbek'),(3579,'uz','zh-hans','乌兹别克语'),(3580,'uz','zu','Uzbek'),(3581,'uz','zh-hant','烏茲別克語'),(3582,'uz','ms','Uzbek'),(3583,'uz','gl','Uzbek'),(3584,'uz','bn','Uzbek'),(3585,'vi','en','Vietnamese'),(3586,'vi','es','Vietnamita'),(3587,'vi','de','Vietnamesisch'),(3588,'vi','fr','Vietnamien'),(3589,'vi','ar','الفيتنامية'),(3590,'vi','bs','Vietnamese'),(3591,'vi','bg','Виетнамски'),(3592,'vi','ca','Vietnamese'),(3593,'vi','cs','Vietnamský'),(3594,'vi','sk','Vietnamčina'),(3595,'vi','cy','Vietnamese'),(3596,'vi','da','Vietnamese'),(3597,'vi','el','Βιετναμεζικα'),(3598,'vi','eo','Vietnamese'),(3599,'vi','et','Vietnamese'),(3600,'vi','eu','Vietnamese'),(3601,'vi','fa','Vietnamese'),(3602,'vi','fi','vietnam'),(3603,'vi','ga','Vietnamese'),(3604,'vi','he','וייטנאמית'),(3605,'vi','hi','Vietnamese'),(3606,'vi','hr','Vijetnamski'),(3607,'vi','hu','vietnámi'),(3608,'vi','hy','Vietnamese'),(3609,'vi','id','Vietnamese'),(3610,'vi','is','Vietnamese'),(3611,'vi','it','Vietnamita'),(3612,'vi','ja','ベトナム語'),(3613,'vi','ko','베트남어'),(3614,'vi','ku','Vietnamese'),(3615,'vi','lv','Vietnamese'),(3616,'vi','lt','Vietnamese'),(3617,'vi','mk','Vietnamese'),(3618,'vi','mt','Vietnamese'),(3619,'vi','mn','Vietnamese'),(3620,'vi','ne','Vietnamese'),(3621,'vi','nl','Vietnamees'),(3622,'vi','no','Vietnamesisk'),(3623,'vi','pa','Vietnamese'),(3624,'vi','pl','wietnamski'),(3625,'vi','pt-pt','Vietnamita'),(3626,'vi','pt-br','Vietnamita'),(3627,'vi','qu','Vietnamese'),(3628,'vi','ro','Vietnameză'),(3629,'vi','ru','Вьетнамский'),(3630,'vi','sl','Vietnamščina'),(3631,'vi','so','Vietnamese'),(3632,'vi','sq','Vietnamese'),(3633,'vi','sr','вијетнамски'),(3634,'vi','sv','Vietnamesiska'),(3635,'vi','ta','Vietnamese'),(3636,'vi','th','เวียดนาม'),(3637,'vi','tr','Vietnamca'),(3638,'vi','uk','Vietnamese'),(3639,'vi','ur','Vietnamese'),(3640,'vi','uz','Vietnamese'),(3641,'vi','vi','Tiếng Việt'),(3642,'vi','yi','Vietnamese'),(3643,'vi','zh-hans','越南语'),(3644,'vi','zu','Vietnamese'),(3645,'vi','zh-hant','越南語'),(3646,'vi','ms','Vietnamese'),(3647,'vi','gl','Vietnamese'),(3648,'vi','bn','Vietnamese'),(3649,'yi','en','Yiddish'),(3650,'yi','es','Yidis'),(3651,'yi','de','Jiddisch'),(3652,'yi','fr','Yiddish'),(3653,'yi','ar','اليديشية'),(3654,'yi','bs','Yiddish'),(3655,'yi','bg','Идиш'),(3656,'yi','ca','Yiddish'),(3657,'yi','cs','Jidiš'),(3658,'yi','sk','Jidiš'),(3659,'yi','cy','Yiddish'),(3660,'yi','da','Yiddish'),(3661,'yi','el','Γιντις'),(3662,'yi','eo','Yiddish'),(3663,'yi','et','Yiddish'),(3664,'yi','eu','Yiddish'),(3665,'yi','fa','Yiddish'),(3666,'yi','fi','jiddi'),(3667,'yi','ga','Yiddish'),(3668,'yi','he','יידיש'),(3669,'yi','hi','Yiddish'),(3670,'yi','hr','Jidiš'),(3671,'yi','hu','jiddis'),(3672,'yi','hy','Yiddish'),(3673,'yi','id','Yiddish'),(3674,'yi','is','Yiddish'),(3675,'yi','it','Yiddish'),(3676,'yi','ja','イディッシュ語'),(3677,'yi','ko','이디시어'),(3678,'yi','ku','Yiddish'),(3679,'yi','lv','Yiddish'),(3680,'yi','lt','Yiddish'),(3681,'yi','mk','Yiddish'),(3682,'yi','mt','Yiddish'),(3683,'yi','mn','Yiddish'),(3684,'yi','ne','Yiddish'),(3685,'yi','nl','Jiddisch'),(3686,'yi','no','Yiddish'),(3687,'yi','pa','Yiddish'),(3688,'yi','pl','jidysz'),(3689,'yi','pt-pt','Yiddish'),(3690,'yi','pt-br','Yiddish'),(3691,'yi','qu','Yiddish'),(3692,'yi','ro','Idiş'),(3693,'yi','ru','Идиш'),(3694,'yi','sl','Jidiš'),(3695,'yi','so','Yiddish'),(3696,'yi','sq','Yiddish'),(3697,'yi','sr','јидиш'),(3698,'yi','sv','Jiddisch'),(3699,'yi','ta','Yiddish'),(3700,'yi','th','ยิชดิช'),(3701,'yi','tr','Eski İbranice'),(3702,'yi','uk','Yiddish'),(3703,'yi','ur','Yiddish'),(3704,'yi','uz','Yiddish'),(3705,'yi','vi','Yiddish'),(3706,'yi','yi','Yiddish'),(3707,'yi','zh-hans','依地语'),(3708,'yi','zu','Yiddish'),(3709,'yi','zh-hant','依地語'),(3710,'yi','ms','Yiddish'),(3711,'yi','gl','Yiddish'),(3712,'yi','bn','Yiddish'),(3713,'zh-hans','en','Chinese (Simplified)'),(3714,'zh-hans','es','Chino simplificado'),(3715,'zh-hans','de','Vereinfachtes Chinesisch'),(3716,'zh-hans','fr','Chinois simplifié'),(3717,'zh-hans','ar','الصينية المبسطة'),(3718,'zh-hans','bs','Chinese (Simplified)'),(3719,'zh-hans','bg','Китайски  (опростен)'),(3720,'zh-hans','ca','Chinese (Simplified)'),(3721,'zh-hans','cs','Čínština ( Zjednodušený )'),(3722,'zh-hans','sk','Zjednodušená Čínština'),(3723,'zh-hans','cy','Chinese (Simplified)'),(3724,'zh-hans','da','Chinese (Simplified)'),(3725,'zh-hans','el','Κινεζικα (Απλοποιημένα)'),(3726,'zh-hans','eo','Chinese (Simplified)'),(3727,'zh-hans','et','Chinese (Simplified)'),(3728,'zh-hans','eu','Chinese (Simplified)'),(3729,'zh-hans','fa','Chinese (Simplified)'),(3730,'zh-hans','fi','kiina'),(3731,'zh-hans','ga','Chinese (Simplified)'),(3732,'zh-hans','he','סינית'),(3733,'zh-hans','hi','Chinese (Simplified)'),(3734,'zh-hans','hr','Kineski (pojednostavljeni)'),(3735,'zh-hans','hu','egyszerűsített kínai'),(3736,'zh-hans','hy','Chinese (Simplified)'),(3737,'zh-hans','id','Chinese (Simplified)'),(3738,'zh-hans','is','Chinese (Simplified)'),(3739,'zh-hans','it','Cinese semplificato'),(3740,'zh-hans','ja','簡体中国語'),(3741,'zh-hans','ko','중국어 간체'),(3742,'zh-hans','ku','Chinese (Simplified)'),(3743,'zh-hans','lv','Chinese (Simplified)'),(3744,'zh-hans','lt','Chinese (Simplified)'),(3745,'zh-hans','mk','Chinese (Simplified)'),(3746,'zh-hans','mt','Chinese (Simplified)'),(3747,'zh-hans','mn','Chinese (Simplified)'),(3748,'zh-hans','ne','Chinese (Simplified)'),(3749,'zh-hans','nl','Vereenvoudigd Chinees'),(3750,'zh-hans','no','Kinesisk (forenklet)'),(3751,'zh-hans','pa','Chinese (Simplified)'),(3752,'zh-hans','pl','chiński uproszczony'),(3753,'zh-hans','pt-pt','Chinês (Simplificado)'),(3754,'zh-hans','pt-br','Chinês (Simplificado)'),(3755,'zh-hans','qu','Chinese (Simplified)'),(3756,'zh-hans','ro','Chineza simplificată'),(3757,'zh-hans','ru','Китайский (упрощенный)'),(3758,'zh-hans','sl','Kitajščina (poenostavljena )'),(3759,'zh-hans','so','Chinese (Simplified)'),(3760,'zh-hans','sq','Chinese (Simplified)'),(3761,'zh-hans','sr','Кинески (поједностављени)'),(3762,'zh-hans','sv','Förenklad kinesiska'),(3763,'zh-hans','ta','Chinese (Simplified)'),(3764,'zh-hans','th','จีนประยุกต์'),(3765,'zh-hans','tr','Modern Çince'),(3766,'zh-hans','uk','Chinese (Simplified)'),(3767,'zh-hans','ur','Chinese (Simplified)'),(3768,'zh-hans','uz','Chinese (Simplified)'),(3769,'zh-hans','vi','Chinese (Simplified)'),(3770,'zh-hans','yi','Chinese (Simplified)'),(3771,'zh-hans','zh-hans','简体中文'),(3772,'zh-hans','zu','Chinese (Simplified)'),(3773,'zh-hans','zh-hant','簡體中文'),(3774,'zh-hans','ms','Chinese (Simplified)'),(3775,'zh-hans','gl','Chinese (Simplified)'),(3776,'zh-hans','bn','Chinese (Simplified)'),(3777,'zu','en','Zulu'),(3778,'zu','es','Zulú'),(3779,'zu','de','Zulu'),(3780,'zu','fr','Zoulou'),(3781,'zu','ar','الزولو'),(3782,'zu','bs','Zulu'),(3783,'zu','bg','Зулу'),(3784,'zu','ca','Zulu'),(3785,'zu','cs','Zulu'),(3786,'zu','sk','Jazyk Zulu'),(3787,'zu','cy','Zulu'),(3788,'zu','da','Zulu'),(3789,'zu','el','Ζουλου'),(3790,'zu','eo','Zulu'),(3791,'zu','et','Zulu'),(3792,'zu','eu','Zulu'),(3793,'zu','fa','Zulu'),(3794,'zu','fi','zulu'),(3795,'zu','ga','Zulu'),(3796,'zu','he','זולו '),(3797,'zu','hi','Zulu'),(3798,'zu','hr','Zulu'),(3799,'zu','hu','zulu'),(3800,'zu','hy','Zulu'),(3801,'zu','id','Zulu'),(3802,'zu','is','Zulu'),(3803,'zu','it','Zulu'),(3804,'zu','ja','ズールー語'),(3805,'zu','ko','줄루어'),(3806,'zu','ku','Zulu'),(3807,'zu','lv','Zulu'),(3808,'zu','lt','Zulu'),(3809,'zu','mk','Zulu'),(3810,'zu','mt','Zulu'),(3811,'zu','mn','Zulu'),(3812,'zu','ne','Zulu'),(3813,'zu','nl','Zulu'),(3814,'zu','no','Zulu'),(3815,'zu','pa','Zulu'),(3816,'zu','pl','zuluski'),(3817,'zu','pt-pt','Zulu'),(3818,'zu','pt-br','Zulu'),(3819,'zu','qu','Zulu'),(3820,'zu','ro','Zulu'),(3821,'zu','ru','Зулу'),(3822,'zu','sl','Zulu'),(3823,'zu','so','Zulu'),(3824,'zu','sq','Zulu'),(3825,'zu','sr','зулу'),(3826,'zu','sv','Zulu'),(3827,'zu','ta','Zulu'),(3828,'zu','th','ซูลู'),(3829,'zu','tr','Zulu dili'),(3830,'zu','uk','Zulu'),(3831,'zu','ur','Zulu'),(3832,'zu','uz','Zulu'),(3833,'zu','vi','Zulu'),(3834,'zu','yi','Zulu'),(3835,'zu','zh-hans','祖鲁语'),(3836,'zu','zu','Zulu'),(3837,'zu','zh-hant','祖魯語'),(3838,'zu','ms','Zulu'),(3839,'zu','gl','Zulu'),(3840,'zu','bn','Zulu'),(3841,'zh-hant','en','Chinese (Traditional)'),(3842,'zh-hant','es','Chino tradicional'),(3843,'zh-hant','de','Traditionelles Chinesisch'),(3844,'zh-hant','fr','Chinois traditionnel'),(3845,'zh-hant','ar','الصينية التقليدية'),(3846,'zh-hant','bs','Chinese (Traditional)'),(3847,'zh-hant','bg','Китайски (традиционен)'),(3848,'zh-hant','ca','Chinese (Traditional)'),(3849,'zh-hant','cs','Čínština (tradiční )'),(3850,'zh-hant','sk','Tradičná Čínština'),(3851,'zh-hant','cy','Chinese (Traditional)'),(3852,'zh-hant','da','Chinese (Traditional)'),(3853,'zh-hant','el','Κινεζικα (Παραδοσιακά)'),(3854,'zh-hant','eo','Chinese (Traditional)'),(3855,'zh-hant','et','Chinese (Traditional)'),(3856,'zh-hant','eu','Chinese (Traditional)'),(3857,'zh-hant','fa','Chinese (Traditional)'),(3858,'zh-hant','fi','perinteinen kiina'),(3859,'zh-hant','ga','Chinese (Traditional)'),(3860,'zh-hant','he','סינית מסורתית'),(3861,'zh-hant','hi','Chinese (Traditional)'),(3862,'zh-hant','hr','Kineski (tradicionalni)'),(3863,'zh-hant','hu','hagyományos kínai'),(3864,'zh-hant','hy','Chinese (Traditional)'),(3865,'zh-hant','id','Chinese (Traditional)'),(3866,'zh-hant','is','Chinese (Traditional)'),(3867,'zh-hant','it','Cinese tradizionale'),(3868,'zh-hant','ja','繁体中国語'),(3869,'zh-hant','ko','중국어 번체'),(3870,'zh-hant','ku','Chinese (Traditional)'),(3871,'zh-hant','lv','Chinese (Traditional)'),(3872,'zh-hant','lt','Chinese (Traditional)'),(3873,'zh-hant','mk','Chinese (Traditional)'),(3874,'zh-hant','mt','Chinese (Traditional)'),(3875,'zh-hant','mn','Chinese (Traditional)'),(3876,'zh-hant','ne','Chinese (Traditional)'),(3877,'zh-hant','nl','Traditioneel Chinees'),(3878,'zh-hant','no','Kinesisk (tradisjonell)'),(3879,'zh-hant','pa','Chinese (Traditional)'),(3880,'zh-hant','pl','chiński tradycyjny'),(3881,'zh-hant','pt-pt','Chinês (Tradicional)'),(3882,'zh-hant','pt-br','Chinês (Tradicional)'),(3883,'zh-hant','qu','Chinese (Traditional)'),(3884,'zh-hant','ro','Chineza tradiţională'),(3885,'zh-hant','ru','Китайский (традиционный)'),(3886,'zh-hant','sl','Kitajščina (tradicionalna)'),(3887,'zh-hant','so','Chinese (Traditional)'),(3888,'zh-hant','sq','Chinese (Traditional)'),(3889,'zh-hant','sr','Кинески (традиционални)'),(3890,'zh-hant','sv','Traditionell kinesiska'),(3891,'zh-hant','ta','Chinese (Traditional)'),(3892,'zh-hant','th','จีนดั้งเดิม'),(3893,'zh-hant','tr','Klasik Çince'),(3894,'zh-hant','uk','Chinese (Traditional)'),(3895,'zh-hant','ur','Chinese (Traditional)'),(3896,'zh-hant','uz','Chinese (Traditional)'),(3897,'zh-hant','vi','Chinese (Traditional)'),(3898,'zh-hant','yi','Chinese (Traditional)'),(3899,'zh-hant','zh-hans','繁体中文'),(3900,'zh-hant','zu','Chinese (Traditional)'),(3901,'zh-hant','zh-hant','繁體中文'),(3902,'zh-hant','ms','Chinese (Traditional)'),(3903,'zh-hant','gl','Chinese (Traditional)'),(3904,'zh-hant','bn','Chinese (Traditional)'),(3905,'ms','en','Malay'),(3906,'ms','es','Malayo'),(3907,'ms','de','Malaiisch'),(3908,'ms','fr','Malay'),(3909,'ms','ar','لغة الملايو'),(3910,'ms','bs','Malay'),(3911,'ms','bg','Малайски'),(3912,'ms','ca','Malay'),(3913,'ms','cs','Malajský'),(3914,'ms','sk','Malay'),(3915,'ms','cy','Malay'),(3916,'ms','da','Malay'),(3917,'ms','el','Malay'),(3918,'ms','eo','Malay'),(3919,'ms','et','Malay'),(3920,'ms','eu','Malay'),(3921,'ms','fa','Malay'),(3922,'ms','fi','Malay'),(3923,'ms','ga','Malay'),(3924,'ms','he','מלאית'),(3925,'ms','hi','Malay'),(3926,'ms','hr','Malajski'),(3927,'ms','hu','Malay'),(3928,'ms','hy','Malay'),(3929,'ms','id','Malay'),(3930,'ms','is','Malay'),(3931,'ms','it','Malay'),(3932,'ms','ja','Malay'),(3933,'ms','ko','Malay'),(3934,'ms','ku','Malay'),(3935,'ms','lv','Malay'),(3936,'ms','lt','Malay'),(3937,'ms','mk','Malay'),(3938,'ms','mt','Malay'),(3939,'ms','mn','Malay'),(3940,'ms','ne','Malay'),(3941,'ms','nl','Malay'),(3942,'ms','no','Malay'),(3943,'ms','pa','Malay'),(3944,'ms','pl','Malay'),(3945,'ms','pt-pt','Malaio'),(3946,'ms','pt-br','Malaio'),(3947,'ms','qu','Malay'),(3948,'ms','ro','Malay'),(3949,'ms','ru','Малайский'),(3950,'ms','sl','Malajščina'),(3951,'ms','so','Malay'),(3952,'ms','sq','Malay'),(3953,'ms','sr','малајски'),(3954,'ms','sv','Malay'),(3955,'ms','ta','Malay'),(3956,'ms','th','Malay'),(3957,'ms','tr','Malay'),(3958,'ms','uk','Malay'),(3959,'ms','ur','Malay'),(3960,'ms','uz','Malay'),(3961,'ms','vi','Malay'),(3962,'ms','yi','Malay'),(3963,'ms','zh-hans','Malay'),(3964,'ms','zu','Malay'),(3965,'ms','zh-hant','Malay'),(3966,'ms','ms','Melayu'),(3967,'ms','gl','Malay'),(3968,'ms','bn','Malay'),(3969,'gl','en','Galician'),(3970,'gl','es','Gallego'),(3971,'gl','de','Galicisch'),(3972,'gl','fr','Galicien'),(3973,'gl','ar','Galician'),(3974,'gl','bs','Galician'),(3975,'gl','bg','Galician'),(3976,'gl','ca','Galician'),(3977,'gl','cs','Galician'),(3978,'gl','sk','Galician'),(3979,'gl','cy','Galician'),(3980,'gl','da','Galician'),(3981,'gl','el','Galician'),(3982,'gl','eo','Galician'),(3983,'gl','et','Galician'),(3984,'gl','eu','Galician'),(3985,'gl','fa','Galician'),(3986,'gl','fi','Galician'),(3987,'gl','ga','Galician'),(3988,'gl','he','Galician'),(3989,'gl','hi','Galician'),(3990,'gl','hr','Galician'),(3991,'gl','hu','Galician'),(3992,'gl','hy','Galician'),(3993,'gl','id','Galician'),(3994,'gl','is','Galician'),(3995,'gl','it','Gallego'),(3996,'gl','ja','Galician'),(3997,'gl','ko','Galician'),(3998,'gl','ku','Galician'),(3999,'gl','lv','Galician'),(4000,'gl','lt','Galician'),(4001,'gl','mk','Galician'),(4002,'gl','mt','Galician'),(4003,'gl','mn','Galician'),(4004,'gl','ne','Galician'),(4005,'gl','nl','Galician'),(4006,'gl','no','Galician'),(4007,'gl','pa','Galician'),(4008,'gl','pl','Galician'),(4009,'gl','pt-pt','Galego'),(4010,'gl','pt-br','Galego'),(4011,'gl','qu','Galician'),(4012,'gl','ro','Galician'),(4013,'gl','ru','Галисийский'),(4014,'gl','sl','Galician'),(4015,'gl','so','Galician'),(4016,'gl','sq','Galician'),(4017,'gl','sr','Galician'),(4018,'gl','sv','Galician'),(4019,'gl','ta','Galician'),(4020,'gl','th','Galician'),(4021,'gl','tr','Galician'),(4022,'gl','uk','Galician'),(4023,'gl','ur','Galician'),(4024,'gl','uz','Galician'),(4025,'gl','vi','Galician'),(4026,'gl','yi','Galician'),(4027,'gl','zh-hans','Galician'),(4028,'gl','zu','Galician'),(4029,'gl','zh-hant','Galician'),(4030,'gl','ms','Galician'),(4031,'gl','gl','Galego'),(4032,'gl','bn','Galician'),(4033,'bn','en','Bengali'),(4034,'bn','es','Bengalí'),(4035,'bn','de','Bengalisch'),(4036,'bn','fr','Bengali'),(4037,'bn','ar','Bengali'),(4038,'bn','bs','Bengali'),(4039,'bn','bg','Bengali'),(4040,'bn','ca','Bengali'),(4041,'bn','cs','Bengali'),(4042,'bn','sk','Bengali'),(4043,'bn','cy','Bengali'),(4044,'bn','da','Bengali'),(4045,'bn','el','Bengali'),(4046,'bn','eo','Bengali'),(4047,'bn','et','Bengali'),(4048,'bn','eu','Bengali'),(4049,'bn','fa','Bengali'),(4050,'bn','fi','Bengali'),(4051,'bn','ga','Bengali'),(4052,'bn','he','Bengali'),(4053,'bn','hi','Bengali'),(4054,'bn','hr','Bengali'),(4055,'bn','hu','Bengali'),(4056,'bn','hy','Bengali'),(4057,'bn','id','Bengali'),(4058,'bn','is','Bengali'),(4059,'bn','it','Bengalese'),(4060,'bn','ja','Bengali'),(4061,'bn','ko','Bengali'),(4062,'bn','ku','Bengali'),(4063,'bn','lv','Bengali'),(4064,'bn','lt','Bengali'),(4065,'bn','mk','Bengali'),(4066,'bn','mt','Bengali'),(4067,'bn','mn','Bengali'),(4068,'bn','ne','Bengali'),(4069,'bn','nl','Bengali'),(4070,'bn','no','Bengali'),(4071,'bn','pa','Bengali'),(4072,'bn','pl','Bengali'),(4073,'bn','pt-pt','Bengalês'),(4074,'bn','pt-br','Bengalês'),(4075,'bn','qu','Bengali'),(4076,'bn','ro','Bengali'),(4077,'bn','ru','Бенгальский'),(4078,'bn','sl','Bengali'),(4079,'bn','so','Bengali'),(4080,'bn','sq','Bengali'),(4081,'bn','sr','Bengali'),(4082,'bn','sv','Bengali'),(4083,'bn','ta','Bengali'),(4084,'bn','th','Bengali'),(4085,'bn','tr','Bengali'),(4086,'bn','uk','Bengali'),(4087,'bn','ur','Bengali'),(4088,'bn','uz','Bengali'),(4089,'bn','vi','Bengali'),(4090,'bn','yi','Bengali'),(4091,'bn','zh-hans','Bengali'),(4092,'bn','zu','Bengali'),(4093,'bn','zh-hant','Bengali'),(4094,'bn','ms','Bengali'),(4095,'bn','gl','Bengali'),(4096,'bn','bn','हिन्दी');

--
-- Table structure for table `wp_icl_locale_map`
--

CREATE TABLE `wp_icl_locale_map` (
  `code` varchar(7) COLLATE utf8mb4_unicode_ci NOT NULL,
  `locale` varchar(35) COLLATE utf8mb4_unicode_ci NOT NULL,
  PRIMARY KEY (`code`,`locale`)
) ENGINE=InnoDB DEFAULT CHARSET=utf8mb4 COLLATE=utf8mb4_unicode_ci;

--
-- Dumping data for table `wp_icl_locale_map`
--

INSERT INTO `wp_icl_locale_map` VALUES ('ar','ar'),('en','en_US');

--
-- Table structure for table `wp_icl_message_status`
--

CREATE TABLE `wp_icl_message_status` (
  `id` bigint(20) unsigned NOT NULL AUTO_INCREMENT,
  `rid` bigint(20) unsigned NOT NULL,
  `object_id` bigint(20) unsigned NOT NULL,
  `from_language` varchar(10) COLLATE utf8mb4_unicode_ci NOT NULL,
  `to_language` varchar(10) COLLATE utf8mb4_unicode_ci NOT NULL,
  `timestamp` timestamp NOT NULL DEFAULT CURRENT_TIMESTAMP,
  `md5` varchar(32) COLLATE utf8mb4_unicode_ci NOT NULL,
  `object_type` varchar(64) COLLATE utf8mb4_unicode_ci NOT NULL,
  `status` smallint(6) NOT NULL,
  PRIMARY KEY (`id`),
  UNIQUE KEY `rid` (`rid`),
  KEY `object_id` (`object_id`)
) ENGINE=InnoDB DEFAULT CHARSET=utf8mb4 COLLATE=utf8mb4_unicode_ci;

--
-- Dumping data for table `wp_icl_message_status`
--


--
-- Table structure for table `wp_icl_mo_files_domains`
--

CREATE TABLE `wp_icl_mo_files_domains` (
  `id` int(11) NOT NULL AUTO_INCREMENT,
  `file_path` varchar(250) COLLATE utf8mb4_unicode_ci NOT NULL,
  `file_path_md5` varchar(32) COLLATE utf8mb4_unicode_ci NOT NULL,
  `domain` varchar(160) COLLATE utf8mb4_unicode_ci NOT NULL,
  `status` varchar(20) COLLATE utf8mb4_unicode_ci NOT NULL DEFAULT 'not_imported',
  `num_of_strings` int(11) NOT NULL DEFAULT '0',
  `last_modified` int(11) NOT NULL,
  `component_type` enum('plugin','theme','other') COLLATE utf8mb4_unicode_ci NOT NULL DEFAULT 'other',
  `component_id` varchar(100) COLLATE utf8mb4_unicode_ci DEFAULT NULL,
  PRIMARY KEY (`id`),
  UNIQUE KEY `file_path_md5_UNIQUE` (`file_path_md5`)
) ENGINE=InnoDB AUTO_INCREMENT=123 DEFAULT CHARSET=utf8mb4 COLLATE=utf8mb4_unicode_ci;

--
-- Dumping data for table `wp_icl_mo_files_domains`
--

INSERT INTO `wp_icl_mo_files_domains` VALUES (1,'wp-content\\plugins\\wpml-string-translation\\locale\\wpml-string-translation-ar.mo','ece68e50982b94589d52a10c82406c33','wpml-string-translation','not_imported',0,1602061650,'plugin','wpml-string-translation/plugin.php'),(2,'wp-content\\plugins\\post-duplicator\\languages\\post-duplicator-en_US.mo','7c04af143a78f2586dc734508da0ca92','post-duplicator','not_imported',0,1603302851,'plugin','post-duplicator/m4c-postduplicator.php'),(3,'wp-content\\plugins\\print-invoices-packing-slip-labels-for-woocommerce\\languages\\print-invoices-packing-slip-labels-for-woocommerce-ar.mo','e36c7e7c2eaff6e10305db9614bf21e9','print-invoices-packing-slip-labels-for-woocommerce','not_imported',0,1601166396,'plugin','print-invoices-packing-slip-labels-for-woocommerce/print-invoices-packing-slip-labels-for-woocommerc'),(4,'wp-content\\languages\\plugins\\under-construction-page-ar.mo','1bf5387aa2014c5d93fb6c0c33a6cd9c','under-construction-page','not_imported',0,1601639059,'plugin','under-construction-page/under-construction.php'),(5,'wp-content\\languages\\plugins\\wordpress-seo-ar.mo','e24febfea3d2e4032ba1e55f18b587f2','wordpress-seo','not_imported',0,1606134534,'plugin','wordpress-seo/wp-seo.php'),(6,'wp-content\\plugins\\wp-file-manager\\languages\\wp-file-manager-ar.mo','a4b3526ffd2f19dc067980f93d7abac7','wp-file-manager','not_imported',0,1601675999,'plugin','wp-file-manager/file_folder_manager.php'),(7,'wp-content\\plugins\\load-more-products-for-woocommerce\\languages\\BeRocket_LMP_domain-en_US.mo','984422baf0d219c8103345d8afacfc1e','BeRocket_LMP_domain','not_imported',0,1600256099,'plugin','load-more-products-for-woocommerce/load-more-products.php'),(8,'wp-content\\languages\\ar.mo','284fd3693405a5014473707e441926a3','default','not_imported',0,1606124930,'other',''),(9,'wp-content\\languages\\admin-ar.mo','1a519d9a4b25caa6d12b2a42713c56e7','default','not_imported',0,1606124929,'other',''),(10,'wp-content\\languages\\plugins\\woocommerce-ar.mo','7b6ef843d99abed17259bf8f75da222f','woocommerce','not_imported',0,1606134533,'plugin','woocommerce/woocommerce.php'),(11,'wp-content\\plugins\\advanced-custom-fields-pro\\lang\\acf-ar.mo','bc854591337f02f08c0df6df324582d2','acf','not_imported',0,1597113434,'plugin','advanced-custom-fields-pro/acf.php'),(12,'wp-content\\plugins\\add-to-any\\languages\\add-to-any-ar.mo','4033c247b8e6927baa9a8962ff2d5f11','add-to-any','not_imported',0,1599256220,'plugin','add-to-any/add-to-any.php'),(13,'wp-content\\languages\\ar-bf23b24175490c2e46aaf92ff6a0c70f.json','89b8badbe5d112ab97dbf4608861bec5','default-wp-pointer','not_imported',0,1606124930,'other',''),(14,'wp-content\\languages\\ar-9c3519f4870fac83dc0dbf18cb6bd4c4.json','8916330e8eb2fd50fdb9e098c6b4ff3f','default-wp-color-picker','not_imported',0,1606124930,'other',''),(15,'wp-content\\languages\\ar-77fdfadaf2e1ca3a027d1956b910bc50.json','36662bb9e797f135bd89e7e1f69cf1d4','default-common','not_imported',0,1606124929,'other',''),(16,'wp-content\\languages\\ar-93882e8f9976382d7f724ac595ed7151.json','d3ddc633901b06b606dd5fa2d03e90e9','default-wp-auth-check','not_imported',0,1606124930,'other',''),(17,'wp-content\\languages\\ar-320f4ad9792aaa6dedb1e71cbdf85d57.json','fa63748814d6461e0a17711eec086e16','default-wp-a11y','not_imported',0,1606124929,'other',''),(18,'wp-content\\languages\\ar-81c889563f09dd13de1701135dc62941.json','c7569387bf5ad1a7e49a7e7de8da18a6','default-media-views','not_imported',0,1606124930,'other',''),(19,'wp-content\\languages\\ar-f575f481034e90e21d832e415fd95fcf.json','781a4a232ed5d7c4ab54bc8462b1df64','default-media-editor','not_imported',0,1606124930,'other',''),(20,'wp-content\\languages\\ar-1d17475f620f63a92e2c5d2681c51ee8.json','6e5e5491c3cee3db0ec9c86f0b4c329a','default-image-edit','not_imported',0,1606124929,'other',''),(32,'wp-content\\plugins\\sitepress-multilingual-cms\\vendor\\otgs\\installer\\locale\\installer-ar.mo','242c58f8d0570f3b51e41d8d728f7f22','installer','not_imported',0,1602250750,'plugin','sitepress-multilingual-cms/sitepress.php'),(33,'wp-content\\languages\\ar-50278328b502f4eb3f2b8b7ab49324a1.json','59293cb5be2948e03fc81707d7907fab','default-postbox','not_imported',0,1606124929,'other',''),(34,'wp-content\\languages\\ar-7d5ca435e60d92f024d46c9257aaa0f7.json','5d32e11d160364f96df992c0323d8fa4','default-tags-suggest','not_imported',0,1606124929,'other',''),(35,'wp-content\\languages\\ar-9d47a87c240c1d10701cd6a02b28aa1b.json','d48077821c585ceb2717696843f6d481','default-tags-box','not_imported',0,1606124930,'other',''),(36,'wp-content\\languages\\ar-569e85ef168299eb8c8f24d8ef8c8a78.json','9adfb5b3799f60a16d75c1725469dc7d','default-post','not_imported',0,1606124929,'other',''),(37,'wp-content\\languages\\ar-9b256ea9cd54df92095e04c76758ceb0.json','e69fe848cb5a8af9a44943a629e86cc3','default-inline-edit-post','not_imported',0,1606124930,'other',''),(38,'wp-content\\languages\\ar-1bba9045bb07c89671c88a3f328548e8.json','e290de989d6a45a72e9ac2c397fce85f','default-wp-api-fetch','not_imported',0,1606124929,'other',''),(39,'wp-content\\languages\\ar-a25d1cc7bf7ca0b4e114f6bea64943f4.json','0aa8c0f8aa035a5f965059d61102056e','default-wp-keycodes','not_imported',0,1606124930,'other',''),(40,'wp-content\\languages\\ar-7f13c36c641b114bf18cd0bcc9ecc7e0.json','125a69d30c410cd86b39a99aec75e6c8','default-wp-components','not_imported',0,1606124929,'other',''),(41,'wp-content\\languages\\ar-6025add6bde16aaeb12787d250f9b414.json','7b2261e6c9e98122ba6bd8634a55f6f8','default-admin-comments','not_imported',0,1606124929,'other',''),(42,'wp-content\\plugins\\sitepress-multilingual-cms\\locale\\sitepress-ar.mo','7676d9416b314a6c12399ad7dfd992e9','sitepress','not_imported',0,1602248427,'plugin','sitepress-multilingual-cms/sitepress.php'),(43,'wp-content\\languages\\ar-1a0cd6a7128913b15c1a10dd68951869.json','75d0f0ce8187f7cb8bd95bfef5bdaaa1','default-wp-blocks','not_imported',0,1606124929,'other',''),(44,'wp-content\\languages\\ar-49c6d4acf36cf3aca9f0b2a77617304f.json','beda069e2fe6d46695f7605e9e674926','default-wp-core-data','not_imported',0,1606124929,'other',''),(45,'wp-content\\languages\\ar-2b390f85a3048c5b4255fb45960b6514.json','bc2db3b70382987ad19b55eb52f417d3','default-updates','not_imported',0,1606124929,'other',''),(46,'wp-content\\languages\\ar-7436b7ee9e4f11ac0d618d8cc886eb66.json','0aca33ca1d122027cc6710929dc420b8','default-plugin-install','not_imported',0,1606124929,'other',''),(47,'wp-content\\plugins\\wpml-translation-management\\locale\\wpml-translation-management-ar.mo','415f4bbc16b171da60d2da8265eb8683','wpml-translation-management','not_imported',0,1602059673,'plugin','wpml-translation-management/plugin.php'),(48,'wp-content\\plugins\\woocommerce-multilingual\\locale\\woocommerce-multilingual-ar.mo','8c9c49254e89611232e5f5b89d72654a','woocommerce-multilingual','not_imported',0,1600270823,'plugin','woocommerce-multilingual/wpml-woocommerce.php'),(49,'wp-content\\languages\\ar-7b74c8457eaa7fcc50db41b431f8a003.json','4dc386b87fb4e8358e41eaa5d844f167','default-admin-tags','not_imported',0,1604135763,'other',''),(50,'wp-content\\languages\\plugins\\woocommerce-multilingual-ar.mo','bae8f2d61c8345f8a250c232ef8eb990','woocommerce-multilingual','not_imported',0,1606124931,'plugin','woocommerce-multilingual/wpml-woocommerce.php'),(51,'wp-content\\languages\\ar-4a38fe1c0c45989e44682ba6109d9f46.json','b2285f8225869973449fd7d989d7414f','default-site-health','not_imported',0,1606124929,'other',''),(52,'wp-content\\languages\\ar-e2e4c4b80f3adf2c70b431bfdb1b4872.json','5ffe39cbf2e28a4cfa450153d5cb0cf1','default-dashboard','not_imported',0,1606124930,'other',''),(53,'wp-content\\languages\\ar-a9dc201dcd011fe71849743133052619.json','f4bedce319f981bd45e01029a4aab3f2','default-nav-menu','not_imported',0,1604135763,'other',''),(54,'wp-content\\languages\\ar-ca28138671823450e87dfd354f7afc6b.json','e55c3d5a593b0e79a3e3c9e0edc11235','default-inline-edit-tax','not_imported',0,1604135763,'other',''),(55,'wp-content\\plugins\\wp-rocket\\languages\\rocket-ar.mo','ab854dd9f7cf8986295d3595d253e565','rocket','not_imported',0,1604228306,'plugin','wp-rocket/wp-rocket.php'),(60,'wp-content\\languages\\continents-cities-ar.mo','1f019408e48864f22fb2fdec8d595903','continents-cities','not_imported',0,1604135763,'other',''),(61,'wp-content\\languages\\ar-0eebe503220d4a00341eb011b92769b4.json','e8fa78927cf3c98e75940120033043f4','default-password-strength-meter','not_imported',0,1606124929,'other',''),(62,'wp-content\\languages\\ar-81d6f084cb273e02e15b01bd9ece87f7.json','5d7dd15b3ccb75349dec04112c5fbbfb','default-user-profile','not_imported',0,1606124930,'other',''),(63,'wp-content\\languages\\ar-7289286ed59e90a8f36ae797df62220b.json','7dd966daf0873295e3fb97647add5dbc','default-media','not_imported',0,1606124929,'other',''),(64,'wp-content/plugins/wpml-string-translation/locale/wpml-string-translation-ar.mo','003a21002e87e359bc83aa0a589622b4','wpml-string-translation','not_imported',0,1605107387,'plugin','wpml-string-translation/plugin.php'),(65,'wp-content/languages/plugins/wordpress-seo-ar.mo','d3d1c9aeb6d7b84eb49372b7db20d55e','wordpress-seo','not_imported',0,1606906644,'plugin','wordpress-seo/wp-seo.php'),(66,'wp-content/languages/ar.mo','3251dc671a31b3095630eb4f870aca28','default','not_imported',0,1606124930,'other',''),(67,'wp-content/languages/plugins/woocommerce-ar.mo','4e42e16d95d086d2012019a6d4512c98','woocommerce','not_imported',0,1607002045,'plugin','woocommerce/woocommerce.php'),(68,'wp-content/languages/plugins/woocommerce-multilingual-ar.mo','60961bf926bad27d2f09d85649bef3ad','woocommerce-multilingual','not_imported',0,1606124931,'plugin','woocommerce-multilingual/wpml-woocommerce.php'),(69,'wp-content/plugins/woocommerce-multilingual/locale/woocommerce-multilingual-ar.mo','939837588b8bfa42dfebf6c87c357e80','woocommerce-multilingual','not_imported',0,1600270823,'plugin','woocommerce-multilingual/wpml-woocommerce.php'),(70,'wp-content/plugins/advanced-custom-fields-pro/lang/acf-ar.mo','925ac7cb08c8b2f07bbac74e168c8d2e','acf','not_imported',0,1597113434,'plugin','advanced-custom-fields-pro/acf.php'),(71,'wp-content/plugins/add-to-any/languages/add-to-any-ar.mo','3393d5b31035b75a6d95d1083e58863a','add-to-any','not_imported',0,1599256220,'plugin','add-to-any/add-to-any.php'),(72,'wp-content/plugins/wpml-translation-management/locale/wpml-translation-management-ar.mo','c20cfb97e4dde2a54dd78e6661afa230','wpml-translation-management','not_imported',0,1605107417,'plugin','wpml-translation-management/plugin.php'),(81,'wp-content/languages/admin-ar.mo','8561c993122e01db02cf002d0dd10971','default','not_imported',0,1606124929,'other',''),(82,'wp-content/languages/ar-0eebe503220d4a00341eb011b92769b4.json','2686faab1f6e3d01e651bdd855bc3265','default-password-strength-meter','not_imported',0,1606124929,'other',''),(83,'wp-content/languages/ar-81d6f084cb273e02e15b01bd9ece87f7.json','8d563c96ff9c231d9e281680242e1100','default-user-profile','not_imported',0,1606124930,'other',''),(84,'wp-content/languages/ar-77fdfadaf2e1ca3a027d1956b910bc50.json','e93a9de15fee8281fa72706d9c872b6d','default-common','not_imported',0,1606124929,'other',''),(85,'wp-content/languages/ar-320f4ad9792aaa6dedb1e71cbdf85d57.json','5c7a63ee8bf89612065010e151c1140b','default-wp-a11y','not_imported',0,1606124929,'other',''),(86,'wp-content/languages/ar-4a38fe1c0c45989e44682ba6109d9f46.json','7c779389e31a53da31ab1ddcb5fe79c6','default-site-health','not_imported',0,1606124929,'other',''),(87,'wp-content/languages/ar-6025add6bde16aaeb12787d250f9b414.json','cb7e3005cfb24369a0d10d927621b5c6','default-admin-comments','not_imported',0,1606124929,'other',''),(88,'wp-content/languages/ar-50278328b502f4eb3f2b8b7ab49324a1.json','5482972df21a1a44436745fb8e3c5975','default-postbox','not_imported',0,1606124929,'other',''),(89,'wp-content/languages/ar-e2e4c4b80f3adf2c70b431bfdb1b4872.json','1b757b7d5444c6893116fbc474410237','default-dashboard','not_imported',0,1606124930,'other',''),(90,'wp-content/languages/ar-7436b7ee9e4f11ac0d618d8cc886eb66.json','71ae46e73284e745db22e231d4947059','default-plugin-install','not_imported',0,1606124929,'other',''),(91,'wp-content/languages/ar-2b390f85a3048c5b4255fb45960b6514.json','4cce41b288b2692ba9a038d780431b06','default-updates','not_imported',0,1606124929,'other',''),(92,'wp-content/languages/ar-93882e8f9976382d7f724ac595ed7151.json','2485245dd2d4afe9455b645360639d1c','default-wp-auth-check','not_imported',0,1606124930,'other',''),(93,'wp-content/languages/ar-bf23b24175490c2e46aaf92ff6a0c70f.json','2d6ae798843c5859ffcbcd7c7d8c5ebf','default-wp-pointer','not_imported',0,1606124930,'other',''),(94,'wp-content/languages/continents-cities-ar.mo','4f7806d3dcb2057b629d6b5c318ff4ba','continents-cities','not_imported',0,1606124930,'other',''),(95,'wp-content/languages/ar-9c3519f4870fac83dc0dbf18cb6bd4c4.json','692ee6e52debaa2c01d8fac8277637b5','default-wp-color-picker','not_imported',0,1606124930,'other',''),(96,'wp-content/languages/ar-a9dc201dcd011fe71849743133052619.json','156f50134ee9cecba571a1ad496283e3','default-nav-menu','not_imported',0,1606124930,'other',''),(97,'wp-content/languages/ar-81c889563f09dd13de1701135dc62941.json','b00e8934bcffcd4cc5503e81e00a96d6','default-media-views','not_imported',0,1606124930,'other',''),(98,'wp-content/languages/ar-f575f481034e90e21d832e415fd95fcf.json','5db81b8b4a9d4d68d9f4110434a87710','default-media-editor','not_imported',0,1606124930,'other',''),(99,'wp-content/languages/ar-1d17475f620f63a92e2c5d2681c51ee8.json','724c879afcb8f7ea1838858fd144fa72','default-image-edit','not_imported',0,1606124929,'other',''),(100,'wp-content/languages/ar-7d5ca435e60d92f024d46c9257aaa0f7.json','0fa15710702049b2ff1161b49b79465d','default-tags-suggest','not_imported',0,1606124929,'other',''),(101,'wp-content/languages/ar-9d47a87c240c1d10701cd6a02b28aa1b.json','4277e32479f22dc20508fd33258bfbb8','default-tags-box','not_imported',0,1606124930,'other',''),(102,'wp-content/languages/ar-569e85ef168299eb8c8f24d8ef8c8a78.json','908491b58228a5af1f09a4535123ba1b','default-post','not_imported',0,1606124929,'other',''),(103,'wp-content/languages/ar-7289286ed59e90a8f36ae797df62220b.json','7bb3d05354608891f83e6b54b3b914c2','default-media','not_imported',0,1606124929,'other',''),(104,'wp-content/languages/ar-7b74c8457eaa7fcc50db41b431f8a003.json','8ec7c76d3d5a630ac5c95f5094464356','default-admin-tags','not_imported',0,1606124929,'other',''),(105,'wp-content/languages/ar-ca28138671823450e87dfd354f7afc6b.json','a638b9a10484a1fcf27d638d1eba910b','default-inline-edit-tax','not_imported',0,1606124930,'other',''),(106,'wp-content/languages/ar-1bba9045bb07c89671c88a3f328548e8.json','d633c239424e9770915435c2d4207ae4','default-wp-api-fetch','not_imported',0,1606124929,'other',''),(107,'wp-content/languages/ar-1a0cd6a7128913b15c1a10dd68951869.json','a2fef0abf151d4a17c359a826a159bab','default-wp-blocks','not_imported',0,1606124929,'other',''),(108,'wp-content/languages/ar-49c6d4acf36cf3aca9f0b2a77617304f.json','de14d74b66d4594c28b07c057fb2d88e','default-wp-core-data','not_imported',0,1606124929,'other',''),(109,'wp-content/languages/ar-a25d1cc7bf7ca0b4e114f6bea64943f4.json','97a7b07728797e099b2afcbfecf468c4','default-wp-keycodes','not_imported',0,1606124930,'other',''),(110,'wp-content/plugins/sitepress-multilingual-cms/locale/sitepress-ar.mo','e31bce056d0b1e813c9092865d2f5eb3','sitepress','not_imported',0,1602248427,'plugin','sitepress-multilingual-cms/sitepress.php'),(111,'wp-content/plugins/load-more-products-for-woocommerce/languages/BeRocket_LMP_domain-en_US.mo','5a882aea8facf9bd74de16b395acd7d7','BeRocket_LMP_domain','not_imported',0,1600256099,'plugin','load-more-products-for-woocommerce/load-more-products.php'),(115,'wp-content/languages/ar-9b256ea9cd54df92095e04c76758ceb0.json','81ec29314953ca28ed37d7608867cc08','default-inline-edit-post','not_imported',0,1606124930,'other',''),(116,'wp-content/languages/plugins/wordpress-importer-ar.mo','6a8b0838ab95befcefb7ecba01f186ba','wordpress-importer','not_imported',0,1606566025,'plugin','wordpress-importer/wordpress-importer.php'),(117,'wp-content/languages/ar-5251f7623766a714c8207c7edb938628.json','03aa3c654ae880365edf2bfaa008dac9','default-admin-widgets','not_imported',0,1606124929,'other',''),(118,'wp-content/languages/plugins/wp-pagenavi-ar.mo','83108cbcb738a8c81cf86e7955bb9875','wp-pagenavi','not_imported',0,1577874061,'plugin','wp-pagenavi/wp-pagenavi.php'),(119,'wp-content/languages/ar-7f13c36c641b114bf18cd0bcc9ecc7e0.json','e89424464b4ac1b938628a4ef68389b4','default-wp-components','not_imported',0,1606124929,'other',''),(120,'wp-content/plugins/sitepress-multilingual-cms/vendor/otgs/installer/locale/installer-ar.mo','65f6f01dd0aa1f75c34eb7c2777cd1e7','installer','not_imported',0,1602250750,'plugin','sitepress-multilingual-cms/sitepress.php'),(121,'wp-content/plugins/post-duplicator/languages/post-duplicator-en_US.mo','ac009441fba72547e21f16903449c7db','post-duplicator','not_imported',0,1606844867,'plugin','post-duplicator/m4c-postduplicator.php'),(122,'wp-content/plugins/wpml-string-translation/locale/jed/wpml-mo-scan-ui/wpml-string-translation-ar-wpml-mo-scan-ui.json','4951373e35fc766ec5796e64b81bff47','wpml-string-translation-wpml-mo-scan-ui','not_imported',0,1605107386,'plugin','wpml-string-translation/plugin.php');

--
